{"id":4946,"date":"2021-03-12T08:01:43","date_gmt":"2021-03-12T07:01:43","guid":{"rendered":"https:\/\/www.aplikuj.pl\/dokumenty\/?post_type=product&#038;p=4946"},"modified":"2026-02-22T23:23:35","modified_gmt":"2026-02-22T22:23:35","slug":"wzor-wniosku-o-udzielenie-urlopu-rodzicielskiego-dla-rodzicow-adopcyjnych","status":"publish","type":"product","link":"https:\/\/www.aplikuj.pl\/dokumenty\/wzory-urlopy\/wzor-wniosku-o-udzielenie-urlopu-rodzicielskiego-dla-rodzicow-adopcyjnych\/","title":{"rendered":"Wz\u00f3r wniosku o udzielenie urlopu rodzicielskiego dla rodzic\u00f3w adopcyjnych"},"content":{"rendered":"<h2>Wniosek o urlop rodzicielski dla rodzic\u00f3w adopcyjnych<\/h2>\n<p>Podobnie jak urlop na zasadach macierzy\u0144skiego czy zasi\u0142ek opieku\u0144czy, rodzicom adopcyjnym przys\u0142uguje odpowiedni czas urlopu rodzicielskiego. Wymiar urlopu rodzicielskiego dla rodzic\u00f3w adopcyjnych wynosi:<\/p>\n<ul>\n<li>do 32 tygodni \u2013 w przypadku przyj\u0119cia jednego dziecka,<\/li>\n<li>do 34 tygodni &#8211; w przypadkach przyj\u0119cia dwojga lub wi\u0119cej dzieci,<\/li>\n<li>do 29 tygodni \u2013 w przypadku, gdy pracownik przyj\u0105\u0142 dziecko w wieku do 7. roku \u017cycia,<\/li>\n<li>w przypadku dziecka, wobec kt\u00f3rego podj\u0119to decyzj\u0119 o odroczeniu obowi\u0105zku szkolnego, do 10. roku \u017cycia.<\/li>\n<\/ul>\n<h2>Jak napisa\u0107 wniosek o cz\u0119\u015b\u0107 urlopu rodzicielskiego?<\/h2>\n<p>Urlop rodzicielski jest udzielany na pisemny wniosek pracownika, sk\u0142adany w terminie nie kr\u00f3tszym ni\u017c 21 dni po przyj\u0119ciu dziecka na wychowanie i wyst\u0105pieniu do s\u0105du opieku\u0144czego z wnioskiem o wszcz\u0119cie post\u0119powania w sprawie przysposobienia dziecka lub po przyj\u0119ciu dziecka na wychowanie jako rodzina zast\u0119pcza, z wyj\u0105tkiem rodziny zast\u0119pczej zawodowej. Opr\u00f3cz danych pracownika i dziecka, do wniosku nale\u017cy do\u0142\u0105czy\u0107 o\u015bwiadczenie pracownika o dacie przyj\u0119cia dziecka (dzieci) na wychowanie oraz kopi\u0119 wniosku o wszcz\u0119cie post\u0119powania w sprawie przysposobienia dziecka (dzieci), zawieraj\u0105cego dat\u0119 urodzenia dziecka (dzieci) z po\u015bwiadczeniem s\u0105du opieku\u0144czego o dacie wyst\u0105pienia do s\u0105du LUB kopi\u0119 prawomocnego orzeczenia s\u0105du opieku\u0144czego o umieszczeniu dziecka (dzieci) w rodzinie zast\u0119pczej lub kopi\u0119 umowy cywilnoprawnej zawartej pomi\u0119dzy rodzin\u0105 zast\u0119pcz\u0105 a starost\u0105 oraz kopi\u0119 decyzji o odroczeniu obowi\u0105zku szkolnego, w przypadku gdy wniosek dotyczy dziecka, wobec kt\u00f3rego podj\u0119to tak\u0105 decyzj\u0119.<\/p>\n<h2>Wz\u00f3r wniosku o cz\u0119\u015b\u0107 urlopu rodzicielskiego<\/h2>\n<p>Wz\u00f3r wniosku jest bardzo \u0142atwy do wype\u0142nienia i spe\u0142nia wszelkie wymogi pracodawcy. Wystarczy w odpowiednim miejscu umie\u015bci\u0107 dat\u0119 i miejscowo\u015b\u0107, swoje dane o oraz dane pracodawcy. Trzeba te\u017c poda\u0107 imi\u0119 i nazwisko nowo narodzonego dziecka oraz jego dat\u0119 urodzenia. Wa\u017cny jest r\u00f3wnie\u017c wymiar urlopu, o kt\u00f3rym musisz wspomnie\u0107 w swoim wniosku. W zale\u017cno\u015bci od liczby dzieci urodzonych przy jednym porodzie b\u0119dzie to 20, 31, 33, 35, lub nawet 37 tygodni.<\/p>\n","protected":false},"excerpt":{"rendered":"<p>Szablon wniosku o udzielenie urlopu rodzicielskiego rodzicom adopcyjnym nale\u017cy samodzielnie edytowa\u0107 lub uzupe\u0142ni\u0107 pismem odr\u0119cznym w celu dodania w dokumencie stosownych danych. Te informacje mo\u017cna doda\u0107 za pomoc\u0105 programu MS Office, a tak\u017ce przy u\u017cyciu popularnych i darmowych aplikacji biurowych (Open Office lub Libre Office). Konieczne jest te\u017c zadbanie o dokument po\u015bwiadczaj\u0105cy prawnie udzielon\u0105 opiek\u0119 adopcyjn\u0105 nad dzieckiem. Po wydrukowaniu wniosku o urlop rodzicielski nale\u017cy go opatrzy\u0107 odr\u0119cznym podpisem przez z\u0142o\u017ceniem u pracodawcy.<\/p>\n","protected":false},"featured_media":4947,"template":"","meta":[],"product_brand":[],"product_cat":[27],"product_tag":[376,377],"class_list":{"0":"post-4946","1":"product","2":"type-product","3":"status-publish","4":"has-post-thumbnail","6":"product_cat-wzory-urlopy","7":"product_tag-urlop-rodzicielski-rodzicow-adopcyjnych","8":"product_tag-wniosek-o-urlop-rodzicielski-rodzicow-adopcyjnych","10":"first","11":"instock","12":"shipping-taxable","13":"product-type-external"},"yoast_head":"<!-- This site is optimized with the Yoast SEO plugin v27.0 - https:\/\/yoast.com\/product\/yoast-seo-wordpress\/ -->\n<title>Wz\u00f3r wniosku o udzielenie urlopu rodzicielskiego dla rodzic\u00f3w adopcyjnych - Aplikuj.pl<\/title>\n<meta name=\"robots\" content=\"index, follow, max-snippet:-1, max-image-preview:large, max-video-preview:-1\" \/>\n<link rel=\"canonical\" href=\"https:\/\/www.aplikuj.pl\/dokumenty\/wzory-urlopy\/wzor-wniosku-o-udzielenie-urlopu-rodzicielskiego-dla-rodzicow-adopcyjnych\/\" \/>\n<meta property=\"og:locale\" content=\"pl_PL\" \/>\n<meta property=\"og:type\" content=\"article\" \/>\n<meta property=\"og:title\" content=\"Wz\u00f3r wniosku o udzielenie urlopu rodzicielskiego dla rodzic\u00f3w adopcyjnych - Aplikuj.pl\" \/>\n<meta property=\"og:description\" content=\"Szablon wniosku o udzielenie urlopu rodzicielskiego rodzicom adopcyjnym nale\u017cy samodzielnie edytowa\u0107 lub uzupe\u0142ni\u0107 pismem odr\u0119cznym w celu dodania w dokumencie stosownych danych. Te informacje mo\u017cna doda\u0107 za pomoc\u0105 programu MS Office, a tak\u017ce przy u\u017cyciu popularnych i darmowych aplikacji biurowych (Open Office lub Libre Office). Konieczne jest te\u017c zadbanie o dokument po\u015bwiadczaj\u0105cy prawnie udzielon\u0105 opiek\u0119 adopcyjn\u0105 nad dzieckiem. Po wydrukowaniu wniosku o urlop rodzicielski nale\u017cy go opatrzy\u0107 odr\u0119cznym podpisem przez z\u0142o\u017ceniem u pracodawcy.\" \/>\n<meta property=\"og:url\" content=\"https:\/\/www.aplikuj.pl\/dokumenty\/wzory-urlopy\/wzor-wniosku-o-udzielenie-urlopu-rodzicielskiego-dla-rodzicow-adopcyjnych\/\" \/>\n<meta property=\"og:site_name\" content=\"Aplikuj.pl\" \/>\n<meta property=\"article:modified_time\" content=\"2026-02-22T22:23:35+00:00\" \/>\n<meta property=\"og:image\" content=\"https:\/\/www.aplikuj.pl\/dokumenty\/wp-content\/uploads\/2021\/03\/urlopy-9.jpg\" \/>\n\t<meta property=\"og:image:width\" content=\"794\" \/>\n\t<meta property=\"og:image:height\" content=\"1123\" \/>\n\t<meta property=\"og:image:type\" content=\"image\/jpeg\" \/>\n<meta name=\"twitter:card\" content=\"summary_large_image\" \/>\n<meta name=\"twitter:label1\" content=\"Szacowany czas czytania\" \/>\n\t<meta name=\"twitter:data1\" content=\"2 minuty\" \/>\n<script type=\"application\/ld+json\" class=\"yoast-schema-graph\">{\"@context\":\"https:\/\/schema.org\",\"@graph\":[{\"@type\":\"WebPage\",\"@id\":\"https:\/\/www.aplikuj.pl\/dokumenty\/wzory-urlopy\/wzor-wniosku-o-udzielenie-urlopu-rodzicielskiego-dla-rodzicow-adopcyjnych\/\",\"url\":\"https:\/\/www.aplikuj.pl\/dokumenty\/wzory-urlopy\/wzor-wniosku-o-udzielenie-urlopu-rodzicielskiego-dla-rodzicow-adopcyjnych\/\",\"name\":\"Wz\u00f3r wniosku o udzielenie urlopu rodzicielskiego dla rodzic\u00f3w adopcyjnych - Aplikuj.pl\",\"isPartOf\":{\"@id\":\"https:\/\/www.aplikuj.pl\/dokumenty\/#website\"},\"primaryImageOfPage\":{\"@id\":\"https:\/\/www.aplikuj.pl\/dokumenty\/wzory-urlopy\/wzor-wniosku-o-udzielenie-urlopu-rodzicielskiego-dla-rodzicow-adopcyjnych\/#primaryimage\"},\"image\":{\"@id\":\"https:\/\/www.aplikuj.pl\/dokumenty\/wzory-urlopy\/wzor-wniosku-o-udzielenie-urlopu-rodzicielskiego-dla-rodzicow-adopcyjnych\/#primaryimage\"},\"thumbnailUrl\":\"https:\/\/www.aplikuj.pl\/dokumenty\/wp-content\/uploads\/2021\/03\/urlopy-9.jpg\",\"datePublished\":\"2021-03-12T07:01:43+00:00\",\"dateModified\":\"2026-02-22T22:23:35+00:00\",\"breadcrumb\":{\"@id\":\"https:\/\/www.aplikuj.pl\/dokumenty\/wzory-urlopy\/wzor-wniosku-o-udzielenie-urlopu-rodzicielskiego-dla-rodzicow-adopcyjnych\/#breadcrumb\"},\"inLanguage\":\"pl-PL\",\"potentialAction\":[{\"@type\":\"ReadAction\",\"target\":[\"https:\/\/www.aplikuj.pl\/dokumenty\/wzory-urlopy\/wzor-wniosku-o-udzielenie-urlopu-rodzicielskiego-dla-rodzicow-adopcyjnych\/\"]}]},{\"@type\":\"ImageObject\",\"inLanguage\":\"pl-PL\",\"@id\":\"https:\/\/www.aplikuj.pl\/dokumenty\/wzory-urlopy\/wzor-wniosku-o-udzielenie-urlopu-rodzicielskiego-dla-rodzicow-adopcyjnych\/#primaryimage\",\"url\":\"https:\/\/www.aplikuj.pl\/dokumenty\/wp-content\/uploads\/2021\/03\/urlopy-9.jpg\",\"contentUrl\":\"https:\/\/www.aplikuj.pl\/dokumenty\/wp-content\/uploads\/2021\/03\/urlopy-9.jpg\",\"width\":794,\"height\":1123,\"caption\":\"Grafika podgl\u0105d wniosku\"},{\"@type\":\"BreadcrumbList\",\"@id\":\"https:\/\/www.aplikuj.pl\/dokumenty\/wzory-urlopy\/wzor-wniosku-o-udzielenie-urlopu-rodzicielskiego-dla-rodzicow-adopcyjnych\/#breadcrumb\",\"itemListElement\":[{\"@type\":\"ListItem\",\"position\":1,\"name\":\"Dokumenty HR\",\"item\":\"https:\/\/www.aplikuj.pl\/dokumenty\/\"},{\"@type\":\"ListItem\",\"position\":2,\"name\":\"umowa-o-prace\",\"item\":\"https:\/\/www.aplikuj.pl\/dokumenty\/umowa-o-prace\/\"},{\"@type\":\"ListItem\",\"position\":3,\"name\":\"Wzory wniosk\u00f3w urlopowych\",\"item\":\"https:\/\/www.aplikuj.pl\/dokumenty\/wzory-urlopy\/\"},{\"@type\":\"ListItem\",\"position\":4,\"name\":\"Wz\u00f3r wniosku o udzielenie urlopu rodzicielskiego dla rodzic\u00f3w adopcyjnych\"}]},{\"@type\":\"WebSite\",\"@id\":\"https:\/\/www.aplikuj.pl\/dokumenty\/#website\",\"url\":\"https:\/\/www.aplikuj.pl\/dokumenty\/\",\"name\":\"Aplikuj.pl\",\"description\":\"Profesjonalne i darmowe wzory dokument\u00f3w HR\",\"publisher\":{\"@id\":\"https:\/\/www.aplikuj.pl\/dokumenty\/#organization\"},\"potentialAction\":[{\"@type\":\"SearchAction\",\"target\":{\"@type\":\"EntryPoint\",\"urlTemplate\":\"https:\/\/www.aplikuj.pl\/dokumenty\/?s={search_term_string}\"},\"query-input\":{\"@type\":\"PropertyValueSpecification\",\"valueRequired\":true,\"valueName\":\"search_term_string\"}}],\"inLanguage\":\"pl-PL\"},{\"@type\":\"Organization\",\"@id\":\"https:\/\/www.aplikuj.pl\/dokumenty\/#organization\",\"name\":\"Aplikuj.pl\",\"url\":\"https:\/\/www.aplikuj.pl\/dokumenty\/\",\"logo\":{\"@type\":\"ImageObject\",\"inLanguage\":\"pl-PL\",\"@id\":\"https:\/\/www.aplikuj.pl\/dokumenty\/#\/schema\/logo\/image\/\",\"url\":\"\",\"contentUrl\":\"\",\"caption\":\"Aplikuj.pl\"},\"image\":{\"@id\":\"https:\/\/www.aplikuj.pl\/dokumenty\/#\/schema\/logo\/image\/\"}}]}<\/script>\n<!-- \/ Yoast SEO plugin. -->","yoast_head_json":{"title":"Wz\u00f3r wniosku o udzielenie urlopu rodzicielskiego dla rodzic\u00f3w adopcyjnych - Aplikuj.pl","robots":{"index":"index","follow":"follow","max-snippet":"max-snippet:-1","max-image-preview":"max-image-preview:large","max-video-preview":"max-video-preview:-1"},"canonical":"https:\/\/www.aplikuj.pl\/dokumenty\/wzory-urlopy\/wzor-wniosku-o-udzielenie-urlopu-rodzicielskiego-dla-rodzicow-adopcyjnych\/","og_locale":"pl_PL","og_type":"article","og_title":"Wz\u00f3r wniosku o udzielenie urlopu rodzicielskiego dla rodzic\u00f3w adopcyjnych - Aplikuj.pl","og_description":"Szablon wniosku o udzielenie urlopu rodzicielskiego rodzicom adopcyjnym nale\u017cy samodzielnie edytowa\u0107 lub uzupe\u0142ni\u0107 pismem odr\u0119cznym w celu dodania w dokumencie stosownych danych. Te informacje mo\u017cna doda\u0107 za pomoc\u0105 programu MS Office, a tak\u017ce przy u\u017cyciu popularnych i darmowych aplikacji biurowych (Open Office lub Libre Office). Konieczne jest te\u017c zadbanie o dokument po\u015bwiadczaj\u0105cy prawnie udzielon\u0105 opiek\u0119 adopcyjn\u0105 nad dzieckiem. Po wydrukowaniu wniosku o urlop rodzicielski nale\u017cy go opatrzy\u0107 odr\u0119cznym podpisem przez z\u0142o\u017ceniem u pracodawcy.","og_url":"https:\/\/www.aplikuj.pl\/dokumenty\/wzory-urlopy\/wzor-wniosku-o-udzielenie-urlopu-rodzicielskiego-dla-rodzicow-adopcyjnych\/","og_site_name":"Aplikuj.pl","article_modified_time":"2026-02-22T22:23:35+00:00","og_image":[{"width":794,"height":1123,"url":"https:\/\/www.aplikuj.pl\/dokumenty\/wp-content\/uploads\/2021\/03\/urlopy-9.jpg","type":"image\/jpeg"}],"twitter_card":"summary_large_image","twitter_misc":{"Szacowany czas czytania":"2 minuty"},"schema":{"@context":"https:\/\/schema.org","@graph":[{"@type":"WebPage","@id":"https:\/\/www.aplikuj.pl\/dokumenty\/wzory-urlopy\/wzor-wniosku-o-udzielenie-urlopu-rodzicielskiego-dla-rodzicow-adopcyjnych\/","url":"https:\/\/www.aplikuj.pl\/dokumenty\/wzory-urlopy\/wzor-wniosku-o-udzielenie-urlopu-rodzicielskiego-dla-rodzicow-adopcyjnych\/","name":"Wz\u00f3r wniosku o udzielenie urlopu rodzicielskiego dla rodzic\u00f3w adopcyjnych - Aplikuj.pl","isPartOf":{"@id":"https:\/\/www.aplikuj.pl\/dokumenty\/#website"},"primaryImageOfPage":{"@id":"https:\/\/www.aplikuj.pl\/dokumenty\/wzory-urlopy\/wzor-wniosku-o-udzielenie-urlopu-rodzicielskiego-dla-rodzicow-adopcyjnych\/#primaryimage"},"image":{"@id":"https:\/\/www.aplikuj.pl\/dokumenty\/wzory-urlopy\/wzor-wniosku-o-udzielenie-urlopu-rodzicielskiego-dla-rodzicow-adopcyjnych\/#primaryimage"},"thumbnailUrl":"https:\/\/www.aplikuj.pl\/dokumenty\/wp-content\/uploads\/2021\/03\/urlopy-9.jpg","datePublished":"2021-03-12T07:01:43+00:00","dateModified":"2026-02-22T22:23:35+00:00","breadcrumb":{"@id":"https:\/\/www.aplikuj.pl\/dokumenty\/wzory-urlopy\/wzor-wniosku-o-udzielenie-urlopu-rodzicielskiego-dla-rodzicow-adopcyjnych\/#breadcrumb"},"inLanguage":"pl-PL","potentialAction":[{"@type":"ReadAction","target":["https:\/\/www.aplikuj.pl\/dokumenty\/wzory-urlopy\/wzor-wniosku-o-udzielenie-urlopu-rodzicielskiego-dla-rodzicow-adopcyjnych\/"]}]},{"@type":"ImageObject","inLanguage":"pl-PL","@id":"https:\/\/www.aplikuj.pl\/dokumenty\/wzory-urlopy\/wzor-wniosku-o-udzielenie-urlopu-rodzicielskiego-dla-rodzicow-adopcyjnych\/#primaryimage","url":"https:\/\/www.aplikuj.pl\/dokumenty\/wp-content\/uploads\/2021\/03\/urlopy-9.jpg","contentUrl":"https:\/\/www.aplikuj.pl\/dokumenty\/wp-content\/uploads\/2021\/03\/urlopy-9.jpg","width":794,"height":1123,"caption":"Grafika podgl\u0105d wniosku"},{"@type":"BreadcrumbList","@id":"https:\/\/www.aplikuj.pl\/dokumenty\/wzory-urlopy\/wzor-wniosku-o-udzielenie-urlopu-rodzicielskiego-dla-rodzicow-adopcyjnych\/#breadcrumb","itemListElement":[{"@type":"ListItem","position":1,"name":"Dokumenty HR","item":"https:\/\/www.aplikuj.pl\/dokumenty\/"},{"@type":"ListItem","position":2,"name":"umowa-o-prace","item":"https:\/\/www.aplikuj.pl\/dokumenty\/umowa-o-prace\/"},{"@type":"ListItem","position":3,"name":"Wzory wniosk\u00f3w urlopowych","item":"https:\/\/www.aplikuj.pl\/dokumenty\/wzory-urlopy\/"},{"@type":"ListItem","position":4,"name":"Wz\u00f3r wniosku o udzielenie urlopu rodzicielskiego dla rodzic\u00f3w adopcyjnych"}]},{"@type":"WebSite","@id":"https:\/\/www.aplikuj.pl\/dokumenty\/#website","url":"https:\/\/www.aplikuj.pl\/dokumenty\/","name":"Aplikuj.pl","description":"Profesjonalne i darmowe wzory dokument\u00f3w HR","publisher":{"@id":"https:\/\/www.aplikuj.pl\/dokumenty\/#organization"},"potentialAction":[{"@type":"SearchAction","target":{"@type":"EntryPoint","urlTemplate":"https:\/\/www.aplikuj.pl\/dokumenty\/?s={search_term_string}"},"query-input":{"@type":"PropertyValueSpecification","valueRequired":true,"valueName":"search_term_string"}}],"inLanguage":"pl-PL"},{"@type":"Organization","@id":"https:\/\/www.aplikuj.pl\/dokumenty\/#organization","name":"Aplikuj.pl","url":"https:\/\/www.aplikuj.pl\/dokumenty\/","logo":{"@type":"ImageObject","inLanguage":"pl-PL","@id":"https:\/\/www.aplikuj.pl\/dokumenty\/#\/schema\/logo\/image\/","url":"","contentUrl":"","caption":"Aplikuj.pl"},"image":{"@id":"https:\/\/www.aplikuj.pl\/dokumenty\/#\/schema\/logo\/image\/"}}]}},"_links":{"self":[{"href":"https:\/\/www.aplikuj.pl\/dokumenty\/wp-json\/wp\/v2\/product\/4946","targetHints":{"allow":["GET"]}}],"collection":[{"href":"https:\/\/www.aplikuj.pl\/dokumenty\/wp-json\/wp\/v2\/product"}],"about":[{"href":"https:\/\/www.aplikuj.pl\/dokumenty\/wp-json\/wp\/v2\/types\/product"}],"version-history":[{"count":1,"href":"https:\/\/www.aplikuj.pl\/dokumenty\/wp-json\/wp\/v2\/product\/4946\/revisions"}],"predecessor-version":[{"id":5224,"href":"https:\/\/www.aplikuj.pl\/dokumenty\/wp-json\/wp\/v2\/product\/4946\/revisions\/5224"}],"wp:featuredmedia":[{"embeddable":true,"href":"https:\/\/www.aplikuj.pl\/dokumenty\/wp-json\/wp\/v2\/media\/4947"}],"wp:attachment":[{"href":"https:\/\/www.aplikuj.pl\/dokumenty\/wp-json\/wp\/v2\/media?parent=4946"}],"wp:term":[{"taxonomy":"product_brand","embeddable":true,"href":"https:\/\/www.aplikuj.pl\/dokumenty\/wp-json\/wp\/v2\/product_brand?post=4946"},{"taxonomy":"product_cat","embeddable":true,"href":"https:\/\/www.aplikuj.pl\/dokumenty\/wp-json\/wp\/v2\/product_cat?post=4946"},{"taxonomy":"product_tag","embeddable":true,"href":"https:\/\/www.aplikuj.pl\/dokumenty\/wp-json\/wp\/v2\/product_tag?post=4946"}],"curies":[{"name":"wp","href":"https:\/\/api.w.org\/{rel}","templated":true}]}}