{"id":4740,"date":"2021-01-08T12:14:57","date_gmt":"2021-01-08T11:14:57","guid":{"rendered":"https:\/\/www.aplikuj.pl\/dokumenty\/?post_type=product&#038;p=4740"},"modified":"2026-02-22T23:23:34","modified_gmt":"2026-02-22T22:23:34","slug":"wzor-powolania-mianowania-wyboru-pracownika","status":"publish","type":"product","link":"https:\/\/www.aplikuj.pl\/dokumenty\/umowa-o-prace\/wzor-powolania-mianowania-wyboru-pracownika\/","title":{"rendered":"Wz\u00f3r powo\u0142ania, mianowania, wyboru pracownika"},"content":{"rendered":"<h2>Umowa o prac\u0119 na podstawie powo\u0142ania, mianowania lub wyboru<\/h2>\n<p>Stosunek pracy na podstawie powo\u0142ania dotyczy przede wszystkim os\u00f3b na stanowiskach kierowniczych. Mo\u017cna powiedzie\u0107, \u017ce do nawi\u0105zania stosunku pracy w drodze powo\u0142ania dochodzi, gdy w\u0142a\u015bciwy organ, zwany organem powo\u0142uj\u0105cym, powo\u0142a pracownika na okre\u015blone stanowisko, a pracownik powo\u0142anie to przyjmie. Nawi\u0105zanie stosunku pracy na podstawie wyboru nast\u0119puje z kolei je\u017celi z wyboru wynika obowi\u0105zek wykonywania pracy w charakterze pracownika. Stosunek pracy z wyboru rozwi\u0105zuje si\u0119 z wyga\u015bni\u0119ciem mandatu. Przyk\u0142adem jest tutaj np. praca pos\u0142a. Je\u015bli chodzi o mianowanie to, mo\u017ce ono nast\u0105pi\u0107 tylko wtedy, gdy przewiduj\u0105 to przepisy prawa pracy (art. 68 \u00a7 1, 73 i 76) lub inne \u017ar\u00f3d\u0142a prawa np. ustawa o pracownikach samorz\u0105dowych. Dodatkowo w tym przypadku wymagane mo\u017ce by\u0107 dokonanie dodatkowych czynno\u015bci np. z\u0142o\u017cenie \u015blubowania przez nowego pracownika.<\/p>\n<h2>Jak przygotowa\u0107 umow\u0119 o prac\u0119 na podstawie powo\u0142ania\/mianowania\/wyboru?<\/h2>\n<p>Tre\u015b\u0107 umowy o prac\u0119 na podstawie powo\u0142ania, mianowania lub wyboru jest bardzo podobna do tradycyjnej umowy o prac\u0119. Umowa musi zawiera\u0107 dane obu stron umowy, a tak\u017ce okre\u015bla\u0107 rodzaj umowy, dat\u0119 jej zawarcia oraz warunki pracy i p\u0142acy, a w szczeg\u00f3lno\u015bci: miejsce wykonywania pracy, wynagrodzenie za prac\u0119, ze wskazaniem sk\u0142adnik\u00f3w wynagrodzenia, wymiar czasu pracy, rodzaj pracy, termin rozpocz\u0119cia pracy oraz d\u0142ugo\u015b\u0107 trwania umowy. W przypadku umowy o prac\u0119 na podstawie np. wyboru umowa powinna r\u00f3wnie\u017c zawiera\u0107 podstaw\u0119 prawn\u0105, na bazie kt\u00f3rej dosz\u0142o do wyboru np. odniesienie do przeprowadzonych wybor\u00f3w i ich wynik\u00f3w. W przypadku powo\u0142ania i mianowania nale\u017cy wskaza\u0107 nazw\u0119 organu, kt\u00f3ry pracownika powo\u0142a\u0142 czy mianowa\u0142.<\/p>\n<h2>Umowa o prac\u0119 na podstawie powo\u0142ania\/mianowania\/wyboru wz\u00f3r<\/h2>\n<p>Bez wzgl\u0119du na to, czy sporz\u0105dzamy umow\u0119 o prac\u0119 na podstawie powo\u0142ania, mianowania czy wyboru, to warto skorzysta\u0107 ze wzoru takiej umowy, aby mie\u0107 pewno\u015b\u0107, \u017ce umowa zostanie sporz\u0105dzona prawid\u0142owo. W zale\u017cno\u015bci jednak od tego, jaki jest podmiot powo\u0142uj\u0105cy. mianuj\u0105cy lub wybieraj\u0105cy pracownika, nale\u017cy pismo dostosowa\u0107 do obowi\u0105zuj\u0105cych norm.<\/p>\n","protected":false},"excerpt":{"rendered":"<p class=\"Standard\">Wz\u00f3r nawi\u0105zania stosunku pracy na podstawie powo\u0142ania, mianowania i wyboru zosta\u0142 przygotowany jako przyk\u0142adowy szablon przy zatrudnianiu nauczyciela do pracy w szkole. Dokument sformatowano do nowoczesnej i funkcjonalnej postaci, ale by m\u00f3c z niego skorzysta\u0107, nale\u017cy samodzielnie edytowa\u0107 wz\u00f3r, uzupe\u0142niaj\u0105c dane obu stron umowy oraz szczeg\u00f3\u0142owe informacje, a po wydrukowaniu opatrzy\u0107 podpisami. Dokument jest kompatybilny z programem MS Word oraz popularnymi darmowymi pakietami biurowymi (Open Office lub Libre Office).<\/p>\n","protected":false},"featured_media":4741,"template":"","meta":[],"product_brand":[],"product_cat":[21],"product_tag":[322,326,323,325,324,327],"class_list":{"0":"post-4740","1":"product","2":"type-product","3":"status-publish","4":"has-post-thumbnail","6":"product_cat-umowa-o-prace","7":"product_tag-mianowanie-pracownika","8":"product_tag-powolanie-nauczyciela","9":"product_tag-powolanie-pracownika","10":"product_tag-umowa-o-prace-na-podstawie-powolania","11":"product_tag-wybor-pracownika","12":"product_tag-wzor-powolania-mianowania-wyboru-pracownika","14":"first","15":"instock","16":"shipping-taxable","17":"product-type-external"},"yoast_head":"<!-- This site is optimized with the Yoast SEO plugin v27.0 - https:\/\/yoast.com\/product\/yoast-seo-wordpress\/ -->\n<title>Wz\u00f3r powo\u0142ania, mianowania, wyboru pracownika - Aplikuj.pl<\/title>\n<meta name=\"robots\" content=\"index, follow, max-snippet:-1, max-image-preview:large, max-video-preview:-1\" \/>\n<link rel=\"canonical\" href=\"https:\/\/www.aplikuj.pl\/dokumenty\/umowa-o-prace\/wzor-powolania-mianowania-wyboru-pracownika\/\" \/>\n<meta property=\"og:locale\" content=\"pl_PL\" \/>\n<meta property=\"og:type\" content=\"article\" \/>\n<meta property=\"og:title\" content=\"Wz\u00f3r powo\u0142ania, mianowania, wyboru pracownika - Aplikuj.pl\" \/>\n<meta property=\"og:description\" content=\"Wz\u00f3r nawi\u0105zania stosunku pracy na podstawie powo\u0142ania, mianowania i wyboru zosta\u0142 przygotowany jako przyk\u0142adowy szablon przy zatrudnianiu nauczyciela do pracy w szkole. Dokument sformatowano do nowoczesnej i funkcjonalnej postaci, ale by m\u00f3c z niego skorzysta\u0107, nale\u017cy samodzielnie edytowa\u0107 wz\u00f3r, uzupe\u0142niaj\u0105c dane obu stron umowy oraz szczeg\u00f3\u0142owe informacje, a po wydrukowaniu opatrzy\u0107 podpisami. Dokument jest kompatybilny z programem MS Word oraz popularnymi darmowymi pakietami biurowymi (Open Office lub Libre Office).\" \/>\n<meta property=\"og:url\" content=\"https:\/\/www.aplikuj.pl\/dokumenty\/umowa-o-prace\/wzor-powolania-mianowania-wyboru-pracownika\/\" \/>\n<meta property=\"og:site_name\" content=\"Aplikuj.pl\" \/>\n<meta property=\"article:modified_time\" content=\"2026-02-22T22:23:34+00:00\" \/>\n<meta property=\"og:image\" content=\"https:\/\/www.aplikuj.pl\/dokumenty\/wp-content\/uploads\/2021\/01\/umowa-o-prace-8.jpg\" \/>\n\t<meta property=\"og:image:width\" content=\"794\" \/>\n\t<meta property=\"og:image:height\" content=\"1123\" \/>\n\t<meta property=\"og:image:type\" content=\"image\/jpeg\" \/>\n<meta name=\"twitter:card\" content=\"summary_large_image\" \/>\n<meta name=\"twitter:label1\" content=\"Szacowany czas czytania\" \/>\n\t<meta name=\"twitter:data1\" content=\"2 minuty\" \/>\n<script type=\"application\/ld+json\" class=\"yoast-schema-graph\">{\"@context\":\"https:\/\/schema.org\",\"@graph\":[{\"@type\":\"WebPage\",\"@id\":\"https:\/\/www.aplikuj.pl\/dokumenty\/umowa-o-prace\/wzor-powolania-mianowania-wyboru-pracownika\/\",\"url\":\"https:\/\/www.aplikuj.pl\/dokumenty\/umowa-o-prace\/wzor-powolania-mianowania-wyboru-pracownika\/\",\"name\":\"Wz\u00f3r powo\u0142ania, mianowania, wyboru pracownika - Aplikuj.pl\",\"isPartOf\":{\"@id\":\"https:\/\/www.aplikuj.pl\/dokumenty\/#website\"},\"primaryImageOfPage\":{\"@id\":\"https:\/\/www.aplikuj.pl\/dokumenty\/umowa-o-prace\/wzor-powolania-mianowania-wyboru-pracownika\/#primaryimage\"},\"image\":{\"@id\":\"https:\/\/www.aplikuj.pl\/dokumenty\/umowa-o-prace\/wzor-powolania-mianowania-wyboru-pracownika\/#primaryimage\"},\"thumbnailUrl\":\"https:\/\/www.aplikuj.pl\/dokumenty\/wp-content\/uploads\/2021\/01\/umowa-o-prace-8.jpg\",\"datePublished\":\"2021-01-08T11:14:57+00:00\",\"dateModified\":\"2026-02-22T22:23:34+00:00\",\"breadcrumb\":{\"@id\":\"https:\/\/www.aplikuj.pl\/dokumenty\/umowa-o-prace\/wzor-powolania-mianowania-wyboru-pracownika\/#breadcrumb\"},\"inLanguage\":\"pl-PL\",\"potentialAction\":[{\"@type\":\"ReadAction\",\"target\":[\"https:\/\/www.aplikuj.pl\/dokumenty\/umowa-o-prace\/wzor-powolania-mianowania-wyboru-pracownika\/\"]}]},{\"@type\":\"ImageObject\",\"inLanguage\":\"pl-PL\",\"@id\":\"https:\/\/www.aplikuj.pl\/dokumenty\/umowa-o-prace\/wzor-powolania-mianowania-wyboru-pracownika\/#primaryimage\",\"url\":\"https:\/\/www.aplikuj.pl\/dokumenty\/wp-content\/uploads\/2021\/01\/umowa-o-prace-8.jpg\",\"contentUrl\":\"https:\/\/www.aplikuj.pl\/dokumenty\/wp-content\/uploads\/2021\/01\/umowa-o-prace-8.jpg\",\"width\":794,\"height\":1123,\"caption\":\"Dokument grafika\"},{\"@type\":\"BreadcrumbList\",\"@id\":\"https:\/\/www.aplikuj.pl\/dokumenty\/umowa-o-prace\/wzor-powolania-mianowania-wyboru-pracownika\/#breadcrumb\",\"itemListElement\":[{\"@type\":\"ListItem\",\"position\":1,\"name\":\"Dokumenty HR\",\"item\":\"https:\/\/www.aplikuj.pl\/dokumenty\/\"},{\"@type\":\"ListItem\",\"position\":2,\"name\":\"umowa-o-prace\",\"item\":\"https:\/\/www.aplikuj.pl\/dokumenty\/umowa-o-prace\/\"},{\"@type\":\"ListItem\",\"position\":3,\"name\":\"Umowa o prac\u0119\",\"item\":\"https:\/\/www.aplikuj.pl\/dokumenty\/umowa-o-prace\/\"},{\"@type\":\"ListItem\",\"position\":4,\"name\":\"Wz\u00f3r powo\u0142ania, mianowania, wyboru pracownika\"}]},{\"@type\":\"WebSite\",\"@id\":\"https:\/\/www.aplikuj.pl\/dokumenty\/#website\",\"url\":\"https:\/\/www.aplikuj.pl\/dokumenty\/\",\"name\":\"Aplikuj.pl\",\"description\":\"Profesjonalne i darmowe wzory dokument\u00f3w HR\",\"publisher\":{\"@id\":\"https:\/\/www.aplikuj.pl\/dokumenty\/#organization\"},\"potentialAction\":[{\"@type\":\"SearchAction\",\"target\":{\"@type\":\"EntryPoint\",\"urlTemplate\":\"https:\/\/www.aplikuj.pl\/dokumenty\/?s={search_term_string}\"},\"query-input\":{\"@type\":\"PropertyValueSpecification\",\"valueRequired\":true,\"valueName\":\"search_term_string\"}}],\"inLanguage\":\"pl-PL\"},{\"@type\":\"Organization\",\"@id\":\"https:\/\/www.aplikuj.pl\/dokumenty\/#organization\",\"name\":\"Aplikuj.pl\",\"url\":\"https:\/\/www.aplikuj.pl\/dokumenty\/\",\"logo\":{\"@type\":\"ImageObject\",\"inLanguage\":\"pl-PL\",\"@id\":\"https:\/\/www.aplikuj.pl\/dokumenty\/#\/schema\/logo\/image\/\",\"url\":\"\",\"contentUrl\":\"\",\"caption\":\"Aplikuj.pl\"},\"image\":{\"@id\":\"https:\/\/www.aplikuj.pl\/dokumenty\/#\/schema\/logo\/image\/\"}}]}<\/script>\n<!-- \/ Yoast SEO plugin. -->","yoast_head_json":{"title":"Wz\u00f3r powo\u0142ania, mianowania, wyboru pracownika - Aplikuj.pl","robots":{"index":"index","follow":"follow","max-snippet":"max-snippet:-1","max-image-preview":"max-image-preview:large","max-video-preview":"max-video-preview:-1"},"canonical":"https:\/\/www.aplikuj.pl\/dokumenty\/umowa-o-prace\/wzor-powolania-mianowania-wyboru-pracownika\/","og_locale":"pl_PL","og_type":"article","og_title":"Wz\u00f3r powo\u0142ania, mianowania, wyboru pracownika - Aplikuj.pl","og_description":"Wz\u00f3r nawi\u0105zania stosunku pracy na podstawie powo\u0142ania, mianowania i wyboru zosta\u0142 przygotowany jako przyk\u0142adowy szablon przy zatrudnianiu nauczyciela do pracy w szkole. Dokument sformatowano do nowoczesnej i funkcjonalnej postaci, ale by m\u00f3c z niego skorzysta\u0107, nale\u017cy samodzielnie edytowa\u0107 wz\u00f3r, uzupe\u0142niaj\u0105c dane obu stron umowy oraz szczeg\u00f3\u0142owe informacje, a po wydrukowaniu opatrzy\u0107 podpisami. Dokument jest kompatybilny z programem MS Word oraz popularnymi darmowymi pakietami biurowymi (Open Office lub Libre Office).","og_url":"https:\/\/www.aplikuj.pl\/dokumenty\/umowa-o-prace\/wzor-powolania-mianowania-wyboru-pracownika\/","og_site_name":"Aplikuj.pl","article_modified_time":"2026-02-22T22:23:34+00:00","og_image":[{"width":794,"height":1123,"url":"https:\/\/www.aplikuj.pl\/dokumenty\/wp-content\/uploads\/2021\/01\/umowa-o-prace-8.jpg","type":"image\/jpeg"}],"twitter_card":"summary_large_image","twitter_misc":{"Szacowany czas czytania":"2 minuty"},"schema":{"@context":"https:\/\/schema.org","@graph":[{"@type":"WebPage","@id":"https:\/\/www.aplikuj.pl\/dokumenty\/umowa-o-prace\/wzor-powolania-mianowania-wyboru-pracownika\/","url":"https:\/\/www.aplikuj.pl\/dokumenty\/umowa-o-prace\/wzor-powolania-mianowania-wyboru-pracownika\/","name":"Wz\u00f3r powo\u0142ania, mianowania, wyboru pracownika - Aplikuj.pl","isPartOf":{"@id":"https:\/\/www.aplikuj.pl\/dokumenty\/#website"},"primaryImageOfPage":{"@id":"https:\/\/www.aplikuj.pl\/dokumenty\/umowa-o-prace\/wzor-powolania-mianowania-wyboru-pracownika\/#primaryimage"},"image":{"@id":"https:\/\/www.aplikuj.pl\/dokumenty\/umowa-o-prace\/wzor-powolania-mianowania-wyboru-pracownika\/#primaryimage"},"thumbnailUrl":"https:\/\/www.aplikuj.pl\/dokumenty\/wp-content\/uploads\/2021\/01\/umowa-o-prace-8.jpg","datePublished":"2021-01-08T11:14:57+00:00","dateModified":"2026-02-22T22:23:34+00:00","breadcrumb":{"@id":"https:\/\/www.aplikuj.pl\/dokumenty\/umowa-o-prace\/wzor-powolania-mianowania-wyboru-pracownika\/#breadcrumb"},"inLanguage":"pl-PL","potentialAction":[{"@type":"ReadAction","target":["https:\/\/www.aplikuj.pl\/dokumenty\/umowa-o-prace\/wzor-powolania-mianowania-wyboru-pracownika\/"]}]},{"@type":"ImageObject","inLanguage":"pl-PL","@id":"https:\/\/www.aplikuj.pl\/dokumenty\/umowa-o-prace\/wzor-powolania-mianowania-wyboru-pracownika\/#primaryimage","url":"https:\/\/www.aplikuj.pl\/dokumenty\/wp-content\/uploads\/2021\/01\/umowa-o-prace-8.jpg","contentUrl":"https:\/\/www.aplikuj.pl\/dokumenty\/wp-content\/uploads\/2021\/01\/umowa-o-prace-8.jpg","width":794,"height":1123,"caption":"Dokument grafika"},{"@type":"BreadcrumbList","@id":"https:\/\/www.aplikuj.pl\/dokumenty\/umowa-o-prace\/wzor-powolania-mianowania-wyboru-pracownika\/#breadcrumb","itemListElement":[{"@type":"ListItem","position":1,"name":"Dokumenty HR","item":"https:\/\/www.aplikuj.pl\/dokumenty\/"},{"@type":"ListItem","position":2,"name":"umowa-o-prace","item":"https:\/\/www.aplikuj.pl\/dokumenty\/umowa-o-prace\/"},{"@type":"ListItem","position":3,"name":"Umowa o prac\u0119","item":"https:\/\/www.aplikuj.pl\/dokumenty\/umowa-o-prace\/"},{"@type":"ListItem","position":4,"name":"Wz\u00f3r powo\u0142ania, mianowania, wyboru pracownika"}]},{"@type":"WebSite","@id":"https:\/\/www.aplikuj.pl\/dokumenty\/#website","url":"https:\/\/www.aplikuj.pl\/dokumenty\/","name":"Aplikuj.pl","description":"Profesjonalne i darmowe wzory dokument\u00f3w HR","publisher":{"@id":"https:\/\/www.aplikuj.pl\/dokumenty\/#organization"},"potentialAction":[{"@type":"SearchAction","target":{"@type":"EntryPoint","urlTemplate":"https:\/\/www.aplikuj.pl\/dokumenty\/?s={search_term_string}"},"query-input":{"@type":"PropertyValueSpecification","valueRequired":true,"valueName":"search_term_string"}}],"inLanguage":"pl-PL"},{"@type":"Organization","@id":"https:\/\/www.aplikuj.pl\/dokumenty\/#organization","name":"Aplikuj.pl","url":"https:\/\/www.aplikuj.pl\/dokumenty\/","logo":{"@type":"ImageObject","inLanguage":"pl-PL","@id":"https:\/\/www.aplikuj.pl\/dokumenty\/#\/schema\/logo\/image\/","url":"","contentUrl":"","caption":"Aplikuj.pl"},"image":{"@id":"https:\/\/www.aplikuj.pl\/dokumenty\/#\/schema\/logo\/image\/"}}]}},"_links":{"self":[{"href":"https:\/\/www.aplikuj.pl\/dokumenty\/wp-json\/wp\/v2\/product\/4740","targetHints":{"allow":["GET"]}}],"collection":[{"href":"https:\/\/www.aplikuj.pl\/dokumenty\/wp-json\/wp\/v2\/product"}],"about":[{"href":"https:\/\/www.aplikuj.pl\/dokumenty\/wp-json\/wp\/v2\/types\/product"}],"version-history":[{"count":2,"href":"https:\/\/www.aplikuj.pl\/dokumenty\/wp-json\/wp\/v2\/product\/4740\/revisions"}],"predecessor-version":[{"id":5201,"href":"https:\/\/www.aplikuj.pl\/dokumenty\/wp-json\/wp\/v2\/product\/4740\/revisions\/5201"}],"wp:featuredmedia":[{"embeddable":true,"href":"https:\/\/www.aplikuj.pl\/dokumenty\/wp-json\/wp\/v2\/media\/4741"}],"wp:attachment":[{"href":"https:\/\/www.aplikuj.pl\/dokumenty\/wp-json\/wp\/v2\/media?parent=4740"}],"wp:term":[{"taxonomy":"product_brand","embeddable":true,"href":"https:\/\/www.aplikuj.pl\/dokumenty\/wp-json\/wp\/v2\/product_brand?post=4740"},{"taxonomy":"product_cat","embeddable":true,"href":"https:\/\/www.aplikuj.pl\/dokumenty\/wp-json\/wp\/v2\/product_cat?post=4740"},{"taxonomy":"product_tag","embeddable":true,"href":"https:\/\/www.aplikuj.pl\/dokumenty\/wp-json\/wp\/v2\/product_tag?post=4740"}],"curies":[{"name":"wp","href":"https:\/\/api.w.org\/{rel}","templated":true}]}}