{"id":4735,"date":"2021-01-08T11:37:48","date_gmt":"2021-01-08T10:37:48","guid":{"rendered":"https:\/\/www.aplikuj.pl\/dokumenty\/?post_type=product&#038;p=4735"},"modified":"2026-02-22T23:23:34","modified_gmt":"2026-02-22T22:23:34","slug":"wzor-spoldzielczej-umowy-o-prace","status":"publish","type":"product","link":"https:\/\/www.aplikuj.pl\/dokumenty\/umowa-o-prace\/wzor-spoldzielczej-umowy-o-prace\/","title":{"rendered":"Wz\u00f3r sp\u00f3\u0142dzielczej umowy o prac\u0119"},"content":{"rendered":"<h2>Sp\u00f3\u0142dzielcza umowa o prac\u0119<\/h2>\n<p>Cz\u0142onkostwo w sp\u00f3\u0142dzielni wi\u0105\u017ce si\u0119 z konieczno\u015bci\u0105 zawi\u0105zania stosunku pracy. Je\u015bli w ci\u0105gu roku od powstania cz\u0142onkostwa sp\u00f3\u0142dzielcza umowa o prac\u0119 nie zostanie zawarta, cz\u0142onkowi sp\u00f3\u0142dzielni przys\u0142uguje odszkodowanie na zasadach prawa cywilnego. Je\u017celi nienawi\u0105zanie sp\u00f3\u0142dzielczego stosunku pracy le\u017cy po stronie cz\u0142onka sp\u00f3\u0142dzielni, to mo\u017ce on zosta\u0107 pozbawiony cz\u0142onkostwa. Sp\u00f3\u0142dzielcza umowa o prac\u0119 mo\u017ce by\u0107 rozwi\u0105zana tylko w \u015bci\u015ble okre\u015blonych przypadkach, zawartych w ustawie prawo sp\u00f3\u0142dzielcze, np. na mocy porozumienia stron w czasie trwania cz\u0142onkostwa i w takiej sytuacji musi \u0142\u0105czy\u0107 si\u0119 z wypowiedzeniem cz\u0142onkostwa przez pracownika sp\u00f3\u0142dzielni. Rozwi\u0105zanie umowy wi\u0105\u017ce si\u0119 tak\u017ce ze zmniejszeniem stanu zatrudnienia na podstawie uchwa\u0142y rady nadzorczej. Nast\u0119puje wtedy rozwi\u0105zanie umowy za wypowiedzeniem. Sp\u00f3\u0142dzielcza umowa o prac\u0119 mo\u017ce zosta\u0107 rozwi\u0105zana w przypadku ubiegania si\u0119 cz\u0142onka o emerytur\u0119 z zachowaniem wypowiedzenia albo w ramach wypowiedzenia zmieniaj\u0105cego. Niezdolno\u015b\u0107 do pracy trwaj\u0105ca przez okre\u015blony czas, zawarty w ustawie, tak\u017ce mo\u017ce by\u0107 przes\u0142ank\u0105 do wypowiedzenia umowy. Ponadto umowa wygasa wraz z ustaniem cz\u0142onkostwa w sp\u00f3\u0142dzielni.<\/p>\n<h2>Jak przygotowa\u0107 sp\u00f3\u0142dzielcz\u0105 umow\u0119 o prac\u0119?<\/h2>\n<p>Wiadomo, kiedy sp\u00f3\u0142dzielcza umowa o prac\u0119 obowi\u0105zuje i kiedy mo\u017ce zosta\u0107 rozwi\u0105zana albo zako\u0144czona. Warto zatem przytoczy\u0107, jak powinna zosta\u0107 skonstruowana. W umowie nale\u017cy poda\u0107 dat\u0119 jej zawarcia, a tak\u017ce strony umowy, czyli sp\u00f3\u0142dzielni\u0119 reprezentowan\u0105 przez cz\u0142onka zarz\u0105du, a tak\u017ce dane cz\u0142onka sp\u00f3\u0142dzielni, z kt\u00f3rym zawierana jest umowa. Musi znale\u017a\u0107 si\u0119 zapis o\u015bwiadczenia o cz\u0142onkostwie w sp\u00f3\u0142dzielni, wskazane stanowisko i wymiar czasu pracy, a tak\u017ce od kiedy umowa obowi\u0105zuje i jaki jest zakres obowi\u0105zk\u00f3w na stanowisku. Trzeba r\u00f3wnie\u017c wskaza\u0107 poziom wynagrodzenia, a tak\u017ce dat\u0119, do kiedy ma by\u0107 wyp\u0142acone.<\/p>\n<h2>Sp\u00f3\u0142dzielcza umowa o prac\u0119 wz\u00f3r<\/h2>\n<p>Warto skorzysta\u0107 z darmowego szablonu, sporz\u0105dzaj\u0105c sp\u00f3\u0142dzielcz\u0105 umow\u0119 o prac\u0119. Wz\u00f3r pozwoli uwzgl\u0119dni\u0107 wszystkie niezb\u0119dne paragrafy w umowie. Na ko\u0144cu zawsze musi si\u0119 znale\u017a\u0107 miejsce na podpisy obydwu stron umowy, nale\u017cy tak\u017ce pami\u0119ta\u0107 o podaniu daty spisania umowy. Bez tych element\u00f3w umowa nie b\u0119dzie mia\u0142a mocy prawnej.<\/p>\n","protected":false},"excerpt":{"rendered":"<p class=\"Standard\">Wz\u00f3r sp\u00f3\u0142dzielczej umowy o prac\u0119 przygotowano zgodnie z obowi\u0105zuj\u0105cymi normami. Dokument stworzono w nowoczesnej i funkcjonalnej postaci z pozostawionymi miejscami na uzupe\u0142nienie danych i niezb\u0119dnych informacji dotycz\u0105cych stron umowy i szczeg\u00f3\u0142owych ustale\u0144. Aby skorzysta\u0107 ze wzoru, nale\u017cy pobra\u0107 bezp\u0142atnie plik w wybranym formacie. Dokument w DOC jest edytowalny i mo\u017cna go przekszta\u0142ci\u0107 za pomoc\u0105 programu MS Word oraz najcz\u0119\u015bciej stosowanych darmowych pakiet\u00f3w biurowych (Open Office lub Libre Office).<\/p>\n","protected":false},"featured_media":4736,"template":"","meta":[],"product_brand":[],"product_cat":[21],"product_tag":[319,320,321],"class_list":{"0":"post-4735","1":"product","2":"type-product","3":"status-publish","4":"has-post-thumbnail","6":"product_cat-umowa-o-prace","7":"product_tag-spoldzielcza-umowa-o-prace","8":"product_tag-umowa-o-prace-ze-spoldzielnia","9":"product_tag-wzor-spoldzielczej-umowy-o-prace","11":"first","12":"instock","13":"shipping-taxable","14":"product-type-external"},"yoast_head":"<!-- This site is optimized with the Yoast SEO plugin v27.0 - https:\/\/yoast.com\/product\/yoast-seo-wordpress\/ -->\n<title>Wz\u00f3r sp\u00f3\u0142dzielczej umowy o prac\u0119 - Aplikuj.pl<\/title>\n<meta name=\"robots\" content=\"index, follow, max-snippet:-1, max-image-preview:large, max-video-preview:-1\" \/>\n<link rel=\"canonical\" href=\"https:\/\/www.aplikuj.pl\/dokumenty\/umowa-o-prace\/wzor-spoldzielczej-umowy-o-prace\/\" \/>\n<meta property=\"og:locale\" content=\"pl_PL\" \/>\n<meta property=\"og:type\" content=\"article\" \/>\n<meta property=\"og:title\" content=\"Wz\u00f3r sp\u00f3\u0142dzielczej umowy o prac\u0119 - Aplikuj.pl\" \/>\n<meta property=\"og:description\" content=\"Wz\u00f3r sp\u00f3\u0142dzielczej umowy o prac\u0119 przygotowano zgodnie z obowi\u0105zuj\u0105cymi normami. Dokument stworzono w nowoczesnej i funkcjonalnej postaci z pozostawionymi miejscami na uzupe\u0142nienie danych i niezb\u0119dnych informacji dotycz\u0105cych stron umowy i szczeg\u00f3\u0142owych ustale\u0144. Aby skorzysta\u0107 ze wzoru, nale\u017cy pobra\u0107 bezp\u0142atnie plik w wybranym formacie. Dokument w DOC jest edytowalny i mo\u017cna go przekszta\u0142ci\u0107 za pomoc\u0105 programu MS Word oraz najcz\u0119\u015bciej stosowanych darmowych pakiet\u00f3w biurowych (Open Office lub Libre Office).\" \/>\n<meta property=\"og:url\" content=\"https:\/\/www.aplikuj.pl\/dokumenty\/umowa-o-prace\/wzor-spoldzielczej-umowy-o-prace\/\" \/>\n<meta property=\"og:site_name\" content=\"Aplikuj.pl\" \/>\n<meta property=\"article:modified_time\" content=\"2026-02-22T22:23:34+00:00\" \/>\n<meta property=\"og:image\" content=\"https:\/\/www.aplikuj.pl\/dokumenty\/wp-content\/uploads\/2021\/01\/umowa-o-prace-6.jpg\" \/>\n\t<meta property=\"og:image:width\" content=\"794\" \/>\n\t<meta property=\"og:image:height\" content=\"1123\" \/>\n\t<meta property=\"og:image:type\" content=\"image\/jpeg\" \/>\n<meta name=\"twitter:card\" content=\"summary_large_image\" \/>\n<meta name=\"twitter:label1\" content=\"Szacowany czas czytania\" \/>\n\t<meta name=\"twitter:data1\" content=\"2 minuty\" \/>\n<script type=\"application\/ld+json\" class=\"yoast-schema-graph\">{\"@context\":\"https:\/\/schema.org\",\"@graph\":[{\"@type\":\"WebPage\",\"@id\":\"https:\/\/www.aplikuj.pl\/dokumenty\/umowa-o-prace\/wzor-spoldzielczej-umowy-o-prace\/\",\"url\":\"https:\/\/www.aplikuj.pl\/dokumenty\/umowa-o-prace\/wzor-spoldzielczej-umowy-o-prace\/\",\"name\":\"Wz\u00f3r sp\u00f3\u0142dzielczej umowy o prac\u0119 - Aplikuj.pl\",\"isPartOf\":{\"@id\":\"https:\/\/www.aplikuj.pl\/dokumenty\/#website\"},\"primaryImageOfPage\":{\"@id\":\"https:\/\/www.aplikuj.pl\/dokumenty\/umowa-o-prace\/wzor-spoldzielczej-umowy-o-prace\/#primaryimage\"},\"image\":{\"@id\":\"https:\/\/www.aplikuj.pl\/dokumenty\/umowa-o-prace\/wzor-spoldzielczej-umowy-o-prace\/#primaryimage\"},\"thumbnailUrl\":\"https:\/\/www.aplikuj.pl\/dokumenty\/wp-content\/uploads\/2021\/01\/umowa-o-prace-6.jpg\",\"datePublished\":\"2021-01-08T10:37:48+00:00\",\"dateModified\":\"2026-02-22T22:23:34+00:00\",\"breadcrumb\":{\"@id\":\"https:\/\/www.aplikuj.pl\/dokumenty\/umowa-o-prace\/wzor-spoldzielczej-umowy-o-prace\/#breadcrumb\"},\"inLanguage\":\"pl-PL\",\"potentialAction\":[{\"@type\":\"ReadAction\",\"target\":[\"https:\/\/www.aplikuj.pl\/dokumenty\/umowa-o-prace\/wzor-spoldzielczej-umowy-o-prace\/\"]}]},{\"@type\":\"ImageObject\",\"inLanguage\":\"pl-PL\",\"@id\":\"https:\/\/www.aplikuj.pl\/dokumenty\/umowa-o-prace\/wzor-spoldzielczej-umowy-o-prace\/#primaryimage\",\"url\":\"https:\/\/www.aplikuj.pl\/dokumenty\/wp-content\/uploads\/2021\/01\/umowa-o-prace-6.jpg\",\"contentUrl\":\"https:\/\/www.aplikuj.pl\/dokumenty\/wp-content\/uploads\/2021\/01\/umowa-o-prace-6.jpg\",\"width\":794,\"height\":1123,\"caption\":\"Dokument grafika\"},{\"@type\":\"BreadcrumbList\",\"@id\":\"https:\/\/www.aplikuj.pl\/dokumenty\/umowa-o-prace\/wzor-spoldzielczej-umowy-o-prace\/#breadcrumb\",\"itemListElement\":[{\"@type\":\"ListItem\",\"position\":1,\"name\":\"Dokumenty HR\",\"item\":\"https:\/\/www.aplikuj.pl\/dokumenty\/\"},{\"@type\":\"ListItem\",\"position\":2,\"name\":\"umowa-o-prace\",\"item\":\"https:\/\/www.aplikuj.pl\/dokumenty\/umowa-o-prace\/\"},{\"@type\":\"ListItem\",\"position\":3,\"name\":\"Umowa o prac\u0119\",\"item\":\"https:\/\/www.aplikuj.pl\/dokumenty\/umowa-o-prace\/\"},{\"@type\":\"ListItem\",\"position\":4,\"name\":\"Wz\u00f3r sp\u00f3\u0142dzielczej umowy o prac\u0119\"}]},{\"@type\":\"WebSite\",\"@id\":\"https:\/\/www.aplikuj.pl\/dokumenty\/#website\",\"url\":\"https:\/\/www.aplikuj.pl\/dokumenty\/\",\"name\":\"Aplikuj.pl\",\"description\":\"Profesjonalne i darmowe wzory dokument\u00f3w HR\",\"publisher\":{\"@id\":\"https:\/\/www.aplikuj.pl\/dokumenty\/#organization\"},\"potentialAction\":[{\"@type\":\"SearchAction\",\"target\":{\"@type\":\"EntryPoint\",\"urlTemplate\":\"https:\/\/www.aplikuj.pl\/dokumenty\/?s={search_term_string}\"},\"query-input\":{\"@type\":\"PropertyValueSpecification\",\"valueRequired\":true,\"valueName\":\"search_term_string\"}}],\"inLanguage\":\"pl-PL\"},{\"@type\":\"Organization\",\"@id\":\"https:\/\/www.aplikuj.pl\/dokumenty\/#organization\",\"name\":\"Aplikuj.pl\",\"url\":\"https:\/\/www.aplikuj.pl\/dokumenty\/\",\"logo\":{\"@type\":\"ImageObject\",\"inLanguage\":\"pl-PL\",\"@id\":\"https:\/\/www.aplikuj.pl\/dokumenty\/#\/schema\/logo\/image\/\",\"url\":\"\",\"contentUrl\":\"\",\"caption\":\"Aplikuj.pl\"},\"image\":{\"@id\":\"https:\/\/www.aplikuj.pl\/dokumenty\/#\/schema\/logo\/image\/\"}}]}<\/script>\n<!-- \/ Yoast SEO plugin. -->","yoast_head_json":{"title":"Wz\u00f3r sp\u00f3\u0142dzielczej umowy o prac\u0119 - Aplikuj.pl","robots":{"index":"index","follow":"follow","max-snippet":"max-snippet:-1","max-image-preview":"max-image-preview:large","max-video-preview":"max-video-preview:-1"},"canonical":"https:\/\/www.aplikuj.pl\/dokumenty\/umowa-o-prace\/wzor-spoldzielczej-umowy-o-prace\/","og_locale":"pl_PL","og_type":"article","og_title":"Wz\u00f3r sp\u00f3\u0142dzielczej umowy o prac\u0119 - Aplikuj.pl","og_description":"Wz\u00f3r sp\u00f3\u0142dzielczej umowy o prac\u0119 przygotowano zgodnie z obowi\u0105zuj\u0105cymi normami. Dokument stworzono w nowoczesnej i funkcjonalnej postaci z pozostawionymi miejscami na uzupe\u0142nienie danych i niezb\u0119dnych informacji dotycz\u0105cych stron umowy i szczeg\u00f3\u0142owych ustale\u0144. Aby skorzysta\u0107 ze wzoru, nale\u017cy pobra\u0107 bezp\u0142atnie plik w wybranym formacie. Dokument w DOC jest edytowalny i mo\u017cna go przekszta\u0142ci\u0107 za pomoc\u0105 programu MS Word oraz najcz\u0119\u015bciej stosowanych darmowych pakiet\u00f3w biurowych (Open Office lub Libre Office).","og_url":"https:\/\/www.aplikuj.pl\/dokumenty\/umowa-o-prace\/wzor-spoldzielczej-umowy-o-prace\/","og_site_name":"Aplikuj.pl","article_modified_time":"2026-02-22T22:23:34+00:00","og_image":[{"width":794,"height":1123,"url":"https:\/\/www.aplikuj.pl\/dokumenty\/wp-content\/uploads\/2021\/01\/umowa-o-prace-6.jpg","type":"image\/jpeg"}],"twitter_card":"summary_large_image","twitter_misc":{"Szacowany czas czytania":"2 minuty"},"schema":{"@context":"https:\/\/schema.org","@graph":[{"@type":"WebPage","@id":"https:\/\/www.aplikuj.pl\/dokumenty\/umowa-o-prace\/wzor-spoldzielczej-umowy-o-prace\/","url":"https:\/\/www.aplikuj.pl\/dokumenty\/umowa-o-prace\/wzor-spoldzielczej-umowy-o-prace\/","name":"Wz\u00f3r sp\u00f3\u0142dzielczej umowy o prac\u0119 - Aplikuj.pl","isPartOf":{"@id":"https:\/\/www.aplikuj.pl\/dokumenty\/#website"},"primaryImageOfPage":{"@id":"https:\/\/www.aplikuj.pl\/dokumenty\/umowa-o-prace\/wzor-spoldzielczej-umowy-o-prace\/#primaryimage"},"image":{"@id":"https:\/\/www.aplikuj.pl\/dokumenty\/umowa-o-prace\/wzor-spoldzielczej-umowy-o-prace\/#primaryimage"},"thumbnailUrl":"https:\/\/www.aplikuj.pl\/dokumenty\/wp-content\/uploads\/2021\/01\/umowa-o-prace-6.jpg","datePublished":"2021-01-08T10:37:48+00:00","dateModified":"2026-02-22T22:23:34+00:00","breadcrumb":{"@id":"https:\/\/www.aplikuj.pl\/dokumenty\/umowa-o-prace\/wzor-spoldzielczej-umowy-o-prace\/#breadcrumb"},"inLanguage":"pl-PL","potentialAction":[{"@type":"ReadAction","target":["https:\/\/www.aplikuj.pl\/dokumenty\/umowa-o-prace\/wzor-spoldzielczej-umowy-o-prace\/"]}]},{"@type":"ImageObject","inLanguage":"pl-PL","@id":"https:\/\/www.aplikuj.pl\/dokumenty\/umowa-o-prace\/wzor-spoldzielczej-umowy-o-prace\/#primaryimage","url":"https:\/\/www.aplikuj.pl\/dokumenty\/wp-content\/uploads\/2021\/01\/umowa-o-prace-6.jpg","contentUrl":"https:\/\/www.aplikuj.pl\/dokumenty\/wp-content\/uploads\/2021\/01\/umowa-o-prace-6.jpg","width":794,"height":1123,"caption":"Dokument grafika"},{"@type":"BreadcrumbList","@id":"https:\/\/www.aplikuj.pl\/dokumenty\/umowa-o-prace\/wzor-spoldzielczej-umowy-o-prace\/#breadcrumb","itemListElement":[{"@type":"ListItem","position":1,"name":"Dokumenty HR","item":"https:\/\/www.aplikuj.pl\/dokumenty\/"},{"@type":"ListItem","position":2,"name":"umowa-o-prace","item":"https:\/\/www.aplikuj.pl\/dokumenty\/umowa-o-prace\/"},{"@type":"ListItem","position":3,"name":"Umowa o prac\u0119","item":"https:\/\/www.aplikuj.pl\/dokumenty\/umowa-o-prace\/"},{"@type":"ListItem","position":4,"name":"Wz\u00f3r sp\u00f3\u0142dzielczej umowy o prac\u0119"}]},{"@type":"WebSite","@id":"https:\/\/www.aplikuj.pl\/dokumenty\/#website","url":"https:\/\/www.aplikuj.pl\/dokumenty\/","name":"Aplikuj.pl","description":"Profesjonalne i darmowe wzory dokument\u00f3w HR","publisher":{"@id":"https:\/\/www.aplikuj.pl\/dokumenty\/#organization"},"potentialAction":[{"@type":"SearchAction","target":{"@type":"EntryPoint","urlTemplate":"https:\/\/www.aplikuj.pl\/dokumenty\/?s={search_term_string}"},"query-input":{"@type":"PropertyValueSpecification","valueRequired":true,"valueName":"search_term_string"}}],"inLanguage":"pl-PL"},{"@type":"Organization","@id":"https:\/\/www.aplikuj.pl\/dokumenty\/#organization","name":"Aplikuj.pl","url":"https:\/\/www.aplikuj.pl\/dokumenty\/","logo":{"@type":"ImageObject","inLanguage":"pl-PL","@id":"https:\/\/www.aplikuj.pl\/dokumenty\/#\/schema\/logo\/image\/","url":"","contentUrl":"","caption":"Aplikuj.pl"},"image":{"@id":"https:\/\/www.aplikuj.pl\/dokumenty\/#\/schema\/logo\/image\/"}}]}},"_links":{"self":[{"href":"https:\/\/www.aplikuj.pl\/dokumenty\/wp-json\/wp\/v2\/product\/4735","targetHints":{"allow":["GET"]}}],"collection":[{"href":"https:\/\/www.aplikuj.pl\/dokumenty\/wp-json\/wp\/v2\/product"}],"about":[{"href":"https:\/\/www.aplikuj.pl\/dokumenty\/wp-json\/wp\/v2\/types\/product"}],"version-history":[{"count":2,"href":"https:\/\/www.aplikuj.pl\/dokumenty\/wp-json\/wp\/v2\/product\/4735\/revisions"}],"predecessor-version":[{"id":5199,"href":"https:\/\/www.aplikuj.pl\/dokumenty\/wp-json\/wp\/v2\/product\/4735\/revisions\/5199"}],"wp:featuredmedia":[{"embeddable":true,"href":"https:\/\/www.aplikuj.pl\/dokumenty\/wp-json\/wp\/v2\/media\/4736"}],"wp:attachment":[{"href":"https:\/\/www.aplikuj.pl\/dokumenty\/wp-json\/wp\/v2\/media?parent=4735"}],"wp:term":[{"taxonomy":"product_brand","embeddable":true,"href":"https:\/\/www.aplikuj.pl\/dokumenty\/wp-json\/wp\/v2\/product_brand?post=4735"},{"taxonomy":"product_cat","embeddable":true,"href":"https:\/\/www.aplikuj.pl\/dokumenty\/wp-json\/wp\/v2\/product_cat?post=4735"},{"taxonomy":"product_tag","embeddable":true,"href":"https:\/\/www.aplikuj.pl\/dokumenty\/wp-json\/wp\/v2\/product_tag?post=4735"}],"curies":[{"name":"wp","href":"https:\/\/api.w.org\/{rel}","templated":true}]}}