{"id":4626,"date":"2020-10-28T17:42:07","date_gmt":"2020-10-28T16:42:07","guid":{"rendered":"https:\/\/www.aplikuj.pl\/dokumenty\/?post_type=product&#038;p=4626"},"modified":"2026-02-22T23:23:33","modified_gmt":"2026-02-22T22:23:33","slug":"wzor-oswiadczenia-o-zapoznaniu-sie-z-regulaminem-pracy","status":"publish","type":"product","link":"https:\/\/www.aplikuj.pl\/dokumenty\/wzory-inne\/wzor-oswiadczenia-o-zapoznaniu-sie-z-regulaminem-pracy\/","title":{"rendered":"Wz\u00f3r o\u015bwiadczenia o zapoznaniu si\u0119 z regulaminem pracy"},"content":{"rendered":"<h2>Wz\u00f3r o\u015bwiadczenia o zapoznaniu si\u0119 z Regulaminem pracy<\/h2>\n<p>Pracownicy przed rozpocz\u0119ciem pracy u nowego pracodawcy maj\u0105 obowi\u0105zek zapoznania si\u0119 z regulaminem pracy, kt\u00f3ry okre\u015bla wszystkie najwa\u017cniejsze zasady obowi\u0105zuj\u0105ce w danym zak\u0142adzie pracy. Jest to wym\u00f3g gwarantuj\u0105cy przestrzeganie przez pracownika zasad panuj\u0105cych w zak\u0142adzie pracy oraz daj\u0105cy jasno\u015b\u0107 odno\u015bnie wymog\u00f3w wzgl\u0119dem konkretnych stanowisk. Zapoznanie si\u0119 z regulaminem w celach dokumentacji tego faktu nale\u017cy potwierdzi\u0107 przez specjalne o\u015bwiadczenie pracownika. Stosowne pismo powinno tak\u017ce trafi\u0107 do dokumentacji pracowniczej.<\/p>\n<h2>Tre\u015b\u0107 o\u015bwiadczenia o zapoznaniu si\u0119 z regulaminem pracy<\/h2>\n<p>Takie o\u015bwiadczenie pracownika ma uniwersaln\u0105 form\u0119 bez wzgl\u0119du na bran\u017c\u0119 oraz tre\u015b\u0107 regulaminu. Pracodawcy mog\u0105 przy przygotowaniu dokumentu uwzgl\u0119dni\u0107 w nim dodatkowe potwierdzenie zapoznania si\u0119 z informacjami obj\u0119tymi tajemnic\u0105 s\u0142u\u017cbow\u0105. Og\u00f3lna tre\u015b\u0107 pozostaje jednak sta\u0142a i nie wymaga specjalnych przekszta\u0142ce\u0144.<\/p>\n<p>Wz\u00f3r <strong>o\u015bwiadczenia o zapoznaniu si\u0119 z regulaminem pracy<\/strong>, kt\u00f3ry udost\u0119pniamy do pobrania, ma konstrukcj\u0119 zgodn\u0105 z obowi\u0105zuj\u0105cymi normami i zawiera wszystkie potrzebne informacje. W dokumencie musz\u0105 si\u0119 znale\u017a\u0107 opr\u00f3cz tre\u015bci o\u015bwiadczenia tak\u017ce dane pracownika i pracodawcy oraz data i miejsce podpisania dokumentu.<\/p>\n<p>Pisemne potwierdzenie znajomo\u015bci regulaminu pracy jest dla obu stron wa\u017cnym elementem utrzymywania stosunku pracy i musi by\u0107 podpisane przed rozpocz\u0119ciem wykonywania obowi\u0105zk\u00f3w przez nowozatrudnionego pracownika.<\/p>\n","protected":false},"excerpt":{"rendered":"<p>Szablon o\u015bwiadczenia o zapoznaniu si\u0119 z regulaminem pracy udost\u0119pniamy do pobrania za darmo w dw\u00f3ch formatach. Plik DOC mo\u017cna samodzielnie edytowa\u0107 za pomoc\u0105 popularnych aplikacji biurowych. Dokument jest kompatybilny z programem MS Office oraz z darmowymi pakietami biurowymi (Open Office lub Libre Office).<\/p>\n","protected":false},"featured_media":4934,"template":"","meta":[],"product_brand":[],"product_cat":[30],"product_tag":[152,153,155,154],"class_list":{"0":"post-4626","1":"product","2":"type-product","3":"status-publish","4":"has-post-thumbnail","6":"product_cat-wzory-inne","7":"product_tag-oswiadczenie-o-zapoznaniu-sie-z-przepisami-bhp","8":"product_tag-oswiadczenie-pracownika","9":"product_tag-oswiadczenie-pracownika-wzor","10":"product_tag-zasady-bhp-w-miejscu-pracy","12":"first","13":"instock","14":"shipping-taxable","15":"product-type-external"},"yoast_head":"<!-- This site is optimized with the Yoast SEO plugin v27.0 - https:\/\/yoast.com\/product\/yoast-seo-wordpress\/ -->\n<title>Wz\u00f3r o\u015bwiadczenia o zapoznaniu si\u0119 z regulaminem pracy - Aplikuj.pl<\/title>\n<meta name=\"robots\" content=\"index, follow, max-snippet:-1, max-image-preview:large, max-video-preview:-1\" \/>\n<link rel=\"canonical\" href=\"https:\/\/www.aplikuj.pl\/dokumenty\/wzory-inne\/wzor-oswiadczenia-o-zapoznaniu-sie-z-regulaminem-pracy\/\" \/>\n<meta property=\"og:locale\" content=\"pl_PL\" \/>\n<meta property=\"og:type\" content=\"article\" \/>\n<meta property=\"og:title\" content=\"Wz\u00f3r o\u015bwiadczenia o zapoznaniu si\u0119 z regulaminem pracy - Aplikuj.pl\" \/>\n<meta property=\"og:description\" content=\"Szablon o\u015bwiadczenia o zapoznaniu si\u0119 z regulaminem pracy udost\u0119pniamy do pobrania za darmo w dw\u00f3ch formatach. Plik DOC mo\u017cna samodzielnie edytowa\u0107 za pomoc\u0105 popularnych aplikacji biurowych. Dokument jest kompatybilny z programem MS Office oraz z darmowymi pakietami biurowymi (Open Office lub Libre Office).\" \/>\n<meta property=\"og:url\" content=\"https:\/\/www.aplikuj.pl\/dokumenty\/wzory-inne\/wzor-oswiadczenia-o-zapoznaniu-sie-z-regulaminem-pracy\/\" \/>\n<meta property=\"og:site_name\" content=\"Aplikuj.pl\" \/>\n<meta property=\"article:modified_time\" content=\"2026-02-22T22:23:33+00:00\" \/>\n<meta property=\"og:image\" content=\"https:\/\/www.aplikuj.pl\/dokumenty\/wp-content\/uploads\/2021\/02\/wzor-dokumentu.jpg\" \/>\n\t<meta property=\"og:image:width\" content=\"794\" \/>\n\t<meta property=\"og:image:height\" content=\"1123\" \/>\n\t<meta property=\"og:image:type\" content=\"image\/jpeg\" \/>\n<meta name=\"twitter:card\" content=\"summary_large_image\" \/>\n<meta name=\"twitter:label1\" content=\"Szacowany czas czytania\" \/>\n\t<meta name=\"twitter:data1\" content=\"1 minuta\" \/>\n<script type=\"application\/ld+json\" class=\"yoast-schema-graph\">{\"@context\":\"https:\/\/schema.org\",\"@graph\":[{\"@type\":\"WebPage\",\"@id\":\"https:\/\/www.aplikuj.pl\/dokumenty\/wzory-inne\/wzor-oswiadczenia-o-zapoznaniu-sie-z-regulaminem-pracy\/\",\"url\":\"https:\/\/www.aplikuj.pl\/dokumenty\/wzory-inne\/wzor-oswiadczenia-o-zapoznaniu-sie-z-regulaminem-pracy\/\",\"name\":\"Wz\u00f3r o\u015bwiadczenia o zapoznaniu si\u0119 z regulaminem pracy - Aplikuj.pl\",\"isPartOf\":{\"@id\":\"https:\/\/www.aplikuj.pl\/dokumenty\/#website\"},\"primaryImageOfPage\":{\"@id\":\"https:\/\/www.aplikuj.pl\/dokumenty\/wzory-inne\/wzor-oswiadczenia-o-zapoznaniu-sie-z-regulaminem-pracy\/#primaryimage\"},\"image\":{\"@id\":\"https:\/\/www.aplikuj.pl\/dokumenty\/wzory-inne\/wzor-oswiadczenia-o-zapoznaniu-sie-z-regulaminem-pracy\/#primaryimage\"},\"thumbnailUrl\":\"https:\/\/www.aplikuj.pl\/dokumenty\/wp-content\/uploads\/2021\/02\/wzor-dokumentu.jpg\",\"datePublished\":\"2020-10-28T16:42:07+00:00\",\"dateModified\":\"2026-02-22T22:23:33+00:00\",\"breadcrumb\":{\"@id\":\"https:\/\/www.aplikuj.pl\/dokumenty\/wzory-inne\/wzor-oswiadczenia-o-zapoznaniu-sie-z-regulaminem-pracy\/#breadcrumb\"},\"inLanguage\":\"pl-PL\",\"potentialAction\":[{\"@type\":\"ReadAction\",\"target\":[\"https:\/\/www.aplikuj.pl\/dokumenty\/wzory-inne\/wzor-oswiadczenia-o-zapoznaniu-sie-z-regulaminem-pracy\/\"]}]},{\"@type\":\"ImageObject\",\"inLanguage\":\"pl-PL\",\"@id\":\"https:\/\/www.aplikuj.pl\/dokumenty\/wzory-inne\/wzor-oswiadczenia-o-zapoznaniu-sie-z-regulaminem-pracy\/#primaryimage\",\"url\":\"https:\/\/www.aplikuj.pl\/dokumenty\/wp-content\/uploads\/2021\/02\/wzor-dokumentu.jpg\",\"contentUrl\":\"https:\/\/www.aplikuj.pl\/dokumenty\/wp-content\/uploads\/2021\/02\/wzor-dokumentu.jpg\",\"width\":794,\"height\":1123,\"caption\":\"Wz\u00f3r dokumentu grafika\"},{\"@type\":\"BreadcrumbList\",\"@id\":\"https:\/\/www.aplikuj.pl\/dokumenty\/wzory-inne\/wzor-oswiadczenia-o-zapoznaniu-sie-z-regulaminem-pracy\/#breadcrumb\",\"itemListElement\":[{\"@type\":\"ListItem\",\"position\":1,\"name\":\"Dokumenty HR\",\"item\":\"https:\/\/www.aplikuj.pl\/dokumenty\/\"},{\"@type\":\"ListItem\",\"position\":2,\"name\":\"umowa-o-prace\",\"item\":\"https:\/\/www.aplikuj.pl\/dokumenty\/umowa-o-prace\/\"},{\"@type\":\"ListItem\",\"position\":3,\"name\":\"Inne dokumenty - wzory\",\"item\":\"https:\/\/www.aplikuj.pl\/dokumenty\/wzory-inne\/\"},{\"@type\":\"ListItem\",\"position\":4,\"name\":\"Wz\u00f3r o\u015bwiadczenia o zapoznaniu si\u0119 z regulaminem pracy\"}]},{\"@type\":\"WebSite\",\"@id\":\"https:\/\/www.aplikuj.pl\/dokumenty\/#website\",\"url\":\"https:\/\/www.aplikuj.pl\/dokumenty\/\",\"name\":\"Aplikuj.pl\",\"description\":\"Profesjonalne i darmowe wzory dokument\u00f3w HR\",\"publisher\":{\"@id\":\"https:\/\/www.aplikuj.pl\/dokumenty\/#organization\"},\"potentialAction\":[{\"@type\":\"SearchAction\",\"target\":{\"@type\":\"EntryPoint\",\"urlTemplate\":\"https:\/\/www.aplikuj.pl\/dokumenty\/?s={search_term_string}\"},\"query-input\":{\"@type\":\"PropertyValueSpecification\",\"valueRequired\":true,\"valueName\":\"search_term_string\"}}],\"inLanguage\":\"pl-PL\"},{\"@type\":\"Organization\",\"@id\":\"https:\/\/www.aplikuj.pl\/dokumenty\/#organization\",\"name\":\"Aplikuj.pl\",\"url\":\"https:\/\/www.aplikuj.pl\/dokumenty\/\",\"logo\":{\"@type\":\"ImageObject\",\"inLanguage\":\"pl-PL\",\"@id\":\"https:\/\/www.aplikuj.pl\/dokumenty\/#\/schema\/logo\/image\/\",\"url\":\"\",\"contentUrl\":\"\",\"caption\":\"Aplikuj.pl\"},\"image\":{\"@id\":\"https:\/\/www.aplikuj.pl\/dokumenty\/#\/schema\/logo\/image\/\"}}]}<\/script>\n<!-- \/ Yoast SEO plugin. -->","yoast_head_json":{"title":"Wz\u00f3r o\u015bwiadczenia o zapoznaniu si\u0119 z regulaminem pracy - Aplikuj.pl","robots":{"index":"index","follow":"follow","max-snippet":"max-snippet:-1","max-image-preview":"max-image-preview:large","max-video-preview":"max-video-preview:-1"},"canonical":"https:\/\/www.aplikuj.pl\/dokumenty\/wzory-inne\/wzor-oswiadczenia-o-zapoznaniu-sie-z-regulaminem-pracy\/","og_locale":"pl_PL","og_type":"article","og_title":"Wz\u00f3r o\u015bwiadczenia o zapoznaniu si\u0119 z regulaminem pracy - Aplikuj.pl","og_description":"Szablon o\u015bwiadczenia o zapoznaniu si\u0119 z regulaminem pracy udost\u0119pniamy do pobrania za darmo w dw\u00f3ch formatach. Plik DOC mo\u017cna samodzielnie edytowa\u0107 za pomoc\u0105 popularnych aplikacji biurowych. Dokument jest kompatybilny z programem MS Office oraz z darmowymi pakietami biurowymi (Open Office lub Libre Office).","og_url":"https:\/\/www.aplikuj.pl\/dokumenty\/wzory-inne\/wzor-oswiadczenia-o-zapoznaniu-sie-z-regulaminem-pracy\/","og_site_name":"Aplikuj.pl","article_modified_time":"2026-02-22T22:23:33+00:00","og_image":[{"width":794,"height":1123,"url":"https:\/\/www.aplikuj.pl\/dokumenty\/wp-content\/uploads\/2021\/02\/wzor-dokumentu.jpg","type":"image\/jpeg"}],"twitter_card":"summary_large_image","twitter_misc":{"Szacowany czas czytania":"1 minuta"},"schema":{"@context":"https:\/\/schema.org","@graph":[{"@type":"WebPage","@id":"https:\/\/www.aplikuj.pl\/dokumenty\/wzory-inne\/wzor-oswiadczenia-o-zapoznaniu-sie-z-regulaminem-pracy\/","url":"https:\/\/www.aplikuj.pl\/dokumenty\/wzory-inne\/wzor-oswiadczenia-o-zapoznaniu-sie-z-regulaminem-pracy\/","name":"Wz\u00f3r o\u015bwiadczenia o zapoznaniu si\u0119 z regulaminem pracy - Aplikuj.pl","isPartOf":{"@id":"https:\/\/www.aplikuj.pl\/dokumenty\/#website"},"primaryImageOfPage":{"@id":"https:\/\/www.aplikuj.pl\/dokumenty\/wzory-inne\/wzor-oswiadczenia-o-zapoznaniu-sie-z-regulaminem-pracy\/#primaryimage"},"image":{"@id":"https:\/\/www.aplikuj.pl\/dokumenty\/wzory-inne\/wzor-oswiadczenia-o-zapoznaniu-sie-z-regulaminem-pracy\/#primaryimage"},"thumbnailUrl":"https:\/\/www.aplikuj.pl\/dokumenty\/wp-content\/uploads\/2021\/02\/wzor-dokumentu.jpg","datePublished":"2020-10-28T16:42:07+00:00","dateModified":"2026-02-22T22:23:33+00:00","breadcrumb":{"@id":"https:\/\/www.aplikuj.pl\/dokumenty\/wzory-inne\/wzor-oswiadczenia-o-zapoznaniu-sie-z-regulaminem-pracy\/#breadcrumb"},"inLanguage":"pl-PL","potentialAction":[{"@type":"ReadAction","target":["https:\/\/www.aplikuj.pl\/dokumenty\/wzory-inne\/wzor-oswiadczenia-o-zapoznaniu-sie-z-regulaminem-pracy\/"]}]},{"@type":"ImageObject","inLanguage":"pl-PL","@id":"https:\/\/www.aplikuj.pl\/dokumenty\/wzory-inne\/wzor-oswiadczenia-o-zapoznaniu-sie-z-regulaminem-pracy\/#primaryimage","url":"https:\/\/www.aplikuj.pl\/dokumenty\/wp-content\/uploads\/2021\/02\/wzor-dokumentu.jpg","contentUrl":"https:\/\/www.aplikuj.pl\/dokumenty\/wp-content\/uploads\/2021\/02\/wzor-dokumentu.jpg","width":794,"height":1123,"caption":"Wz\u00f3r dokumentu grafika"},{"@type":"BreadcrumbList","@id":"https:\/\/www.aplikuj.pl\/dokumenty\/wzory-inne\/wzor-oswiadczenia-o-zapoznaniu-sie-z-regulaminem-pracy\/#breadcrumb","itemListElement":[{"@type":"ListItem","position":1,"name":"Dokumenty HR","item":"https:\/\/www.aplikuj.pl\/dokumenty\/"},{"@type":"ListItem","position":2,"name":"umowa-o-prace","item":"https:\/\/www.aplikuj.pl\/dokumenty\/umowa-o-prace\/"},{"@type":"ListItem","position":3,"name":"Inne dokumenty - wzory","item":"https:\/\/www.aplikuj.pl\/dokumenty\/wzory-inne\/"},{"@type":"ListItem","position":4,"name":"Wz\u00f3r o\u015bwiadczenia o zapoznaniu si\u0119 z regulaminem pracy"}]},{"@type":"WebSite","@id":"https:\/\/www.aplikuj.pl\/dokumenty\/#website","url":"https:\/\/www.aplikuj.pl\/dokumenty\/","name":"Aplikuj.pl","description":"Profesjonalne i darmowe wzory dokument\u00f3w HR","publisher":{"@id":"https:\/\/www.aplikuj.pl\/dokumenty\/#organization"},"potentialAction":[{"@type":"SearchAction","target":{"@type":"EntryPoint","urlTemplate":"https:\/\/www.aplikuj.pl\/dokumenty\/?s={search_term_string}"},"query-input":{"@type":"PropertyValueSpecification","valueRequired":true,"valueName":"search_term_string"}}],"inLanguage":"pl-PL"},{"@type":"Organization","@id":"https:\/\/www.aplikuj.pl\/dokumenty\/#organization","name":"Aplikuj.pl","url":"https:\/\/www.aplikuj.pl\/dokumenty\/","logo":{"@type":"ImageObject","inLanguage":"pl-PL","@id":"https:\/\/www.aplikuj.pl\/dokumenty\/#\/schema\/logo\/image\/","url":"","contentUrl":"","caption":"Aplikuj.pl"},"image":{"@id":"https:\/\/www.aplikuj.pl\/dokumenty\/#\/schema\/logo\/image\/"}}]}},"_links":{"self":[{"href":"https:\/\/www.aplikuj.pl\/dokumenty\/wp-json\/wp\/v2\/product\/4626","targetHints":{"allow":["GET"]}}],"collection":[{"href":"https:\/\/www.aplikuj.pl\/dokumenty\/wp-json\/wp\/v2\/product"}],"about":[{"href":"https:\/\/www.aplikuj.pl\/dokumenty\/wp-json\/wp\/v2\/types\/product"}],"version-history":[{"count":1,"href":"https:\/\/www.aplikuj.pl\/dokumenty\/wp-json\/wp\/v2\/product\/4626\/revisions"}],"predecessor-version":[{"id":5188,"href":"https:\/\/www.aplikuj.pl\/dokumenty\/wp-json\/wp\/v2\/product\/4626\/revisions\/5188"}],"wp:featuredmedia":[{"embeddable":true,"href":"https:\/\/www.aplikuj.pl\/dokumenty\/wp-json\/wp\/v2\/media\/4934"}],"wp:attachment":[{"href":"https:\/\/www.aplikuj.pl\/dokumenty\/wp-json\/wp\/v2\/media?parent=4626"}],"wp:term":[{"taxonomy":"product_brand","embeddable":true,"href":"https:\/\/www.aplikuj.pl\/dokumenty\/wp-json\/wp\/v2\/product_brand?post=4626"},{"taxonomy":"product_cat","embeddable":true,"href":"https:\/\/www.aplikuj.pl\/dokumenty\/wp-json\/wp\/v2\/product_cat?post=4626"},{"taxonomy":"product_tag","embeddable":true,"href":"https:\/\/www.aplikuj.pl\/dokumenty\/wp-json\/wp\/v2\/product_tag?post=4626"}],"curies":[{"name":"wp","href":"https:\/\/api.w.org\/{rel}","templated":true}]}}