{"id":4622,"date":"2020-10-28T11:55:14","date_gmt":"2020-10-28T10:55:14","guid":{"rendered":"https:\/\/www.aplikuj.pl\/dokumenty\/?post_type=product&#038;p=4622"},"modified":"2026-02-22T23:23:33","modified_gmt":"2026-02-22T22:23:33","slug":"wzor-informacji-o-ppk","status":"publish","type":"product","link":"https:\/\/www.aplikuj.pl\/dokumenty\/wzory-inne\/wzor-informacji-o-ppk\/","title":{"rendered":"Wz\u00f3r informacji o PPK"},"content":{"rendered":"<h2><span class=\"current\">Wz\u00f3r informacji o Pracowniczych Planach Kapita\u0142owych<\/span><\/h2>\n<p>Sporz\u0105dzenie dokumentu informacyjnego odno\u015bnie warunk\u00f3w uczestnictwa w PPK niesie za sob\u0105 wiele korzy\u015bci. Mo\u017ce on by\u0107 istotny dla ewentualnych kontroli oraz cel\u00f3w dowodowych w przypadku sporu z osobami zatrudnionymi. Pisemna informacja pozwala na uzyskanie jasnej sytuacji w kwestii przyst\u0105pienia do PPK.<\/p>\n<p>Pracodawcy decyduj\u0105cy si\u0119 na poinformowanie pracownik\u00f3w o <strong>zasadach uczestnictwa w PPK<\/strong> musz\u0105 w rzetelny spos\u00f3b podej\u015b\u0107 do sporz\u0105dzenia dokumentu. Jego tre\u015b\u0107 i forma nie s\u0105 odg\u00f3rnie regulowane, ale wymaga si\u0119, aby zawarte w nim informacje by\u0142y bardzo szczeg\u00f3\u0142owe oraz jasne dla odbiorc\u00f3w. Wyja\u015bnienie wszystkich kwestii powinno by\u0107 czytelne i w \u017caden spos\u00f3b nie powinno rodzi\u0107 w\u0105tpliwo\u015bci b\u0105d\u017a prowadzi\u0107 do b\u0142\u0119dnych wniosk\u00f3w. Niedopatrzenia w tre\u015bci mog\u0105 prowadzi\u0107 do naruszenia przepis\u00f3w prawa.<\/p>\n<h2>Co zawiera informacja dla pracownik\u00f3w o PPK?<\/h2>\n<p>Szczeg\u00f3\u0142owa tre\u015b\u0107 zale\u017cy oczywi\u015bcie od wewn\u0119trznych ustale\u0144, jednak aby ubra\u0107 je w odpowiedni\u0105 form\u0119, warto wykorzysta\u0107 gotowy <strong>wz\u00f3r informacji o PPK<\/strong>. Dzi\u0119ki naszemu szablonowi mo\u017cecie by\u0107 pewni, \u017ce dokument b\u0119dzie posiada\u0142 odpowiedni\u0105 form\u0119 i nie przysporzy problem\u00f3w w przysz\u0142o\u015bci. Oczywi\u015bcie nale\u017cy uzupe\u0142ni\u0107 go o stosowne informacje zgodne ze stanem rzeczywistym zawieranych porozumie\u0144. W pi\u015bmie warto zawrze\u0107 tak\u017ce opis i uzasadnienie wyboru instytucji finansowej zarz\u0105dzaj\u0105cej PPK. Co prawda w wyborze musz\u0105 bra\u0107 udzia\u0142 zwi\u0105zki zawodowe lub przedstawiciele za\u0142ogi pracowniczej, ale w tej sytuacji warto informowa\u0107 ca\u0142y personel.<\/p>\n<p>Przepisy nak\u0142adaj\u0105 obowi\u0105zek informowania pracownik\u00f3w przez pracodawc\u0119 w kilku kwestiach zwi\u0105zanych z PPK:<\/p>\n<ul>\n<li>informacja dla os\u00f3b w przedziale mi\u0119dzy 55 i 70 rokiem \u017cycia o mo\u017cliwo\u015bci przyst\u0105pienia do PPK,<\/li>\n<li>informacja do uczestnik\u00f3w PPK o mo\u017cliwo\u015bci zadeklarowania wp\u0142aty dodatkowej lub obni\u017ceniu wp\u0142aty podstawowej,<\/li>\n<li>informacja dla osoby, kt\u00f3ra z\u0142o\u017cy\u0142a deklaracj\u0119 rezygnacji z PPK o ponownym rozpocz\u0119ciu wp\u0142at przed up\u0142ywem 4 lat od z\u0142o\u017cenia deklaracji,<\/li>\n<li>informacja o wyp\u0142acie transferowej na rachunek innej instytucji finansowej w wyniku zmiany instytucji zarz\u0105dzaj\u0105cej PPK lub w przypadku zmiany pracodawcy.<\/li>\n<\/ul>\n<p>Powy\u017csze informacje w celu w\u0142a\u015bciwej dokumentacji dobrze jest zebra\u0107 na pi\u015bmie i w tym w\u0142a\u015bnie celu przygotowali\u015bmy og\u00f3lny szablon oficjalnej informacji o Pracowniczych Planach Kapita\u0142owych dla pracownika.<\/p>\n","protected":false},"excerpt":{"rendered":"<p>Szablon informacji o PPK pozwala w prosty spos\u00f3b przygotowa\u0107 stosowny dokument. Wz\u00f3r nale\u017cy edytowa\u0107 samodzielnie z wykorzystaniem najpopularniejszych program\u00f3w biurowych pokroju MS Office. Dokument jest tak\u017ce kompatybilny z darmowymi aplikacjami biurowymi (Open Office lub Libre Office).<\/p>\n","protected":false},"featured_media":4645,"template":"","meta":[],"product_brand":[],"product_cat":[30],"product_tag":[193,194,191,192],"class_list":{"0":"post-4622","1":"product","2":"type-product","3":"status-publish","4":"has-post-thumbnail","6":"product_cat-wzory-inne","7":"product_tag-informacja-o-ppk-dla-pracownika","8":"product_tag-ppk-dla-pracownika","9":"product_tag-pracownicze-plany-kapitalowe","10":"product_tag-wzor-informacji-o-ppk","12":"first","13":"instock","14":"shipping-taxable","15":"product-type-external"},"yoast_head":"<!-- This site is optimized with the Yoast SEO plugin v27.0 - https:\/\/yoast.com\/product\/yoast-seo-wordpress\/ -->\n<title>Wz\u00f3r informacji o PPK - Aplikuj.pl<\/title>\n<meta name=\"robots\" content=\"index, follow, max-snippet:-1, max-image-preview:large, max-video-preview:-1\" \/>\n<link rel=\"canonical\" href=\"https:\/\/www.aplikuj.pl\/dokumenty\/wzory-inne\/wzor-informacji-o-ppk\/\" \/>\n<meta property=\"og:locale\" content=\"pl_PL\" \/>\n<meta property=\"og:type\" content=\"article\" \/>\n<meta property=\"og:title\" content=\"Wz\u00f3r informacji o PPK - Aplikuj.pl\" \/>\n<meta property=\"og:description\" content=\"Szablon informacji o PPK pozwala w prosty spos\u00f3b przygotowa\u0107 stosowny dokument. Wz\u00f3r nale\u017cy edytowa\u0107 samodzielnie z wykorzystaniem najpopularniejszych program\u00f3w biurowych pokroju MS Office. Dokument jest tak\u017ce kompatybilny z darmowymi aplikacjami biurowymi (Open Office lub Libre Office).\" \/>\n<meta property=\"og:url\" content=\"https:\/\/www.aplikuj.pl\/dokumenty\/wzory-inne\/wzor-informacji-o-ppk\/\" \/>\n<meta property=\"og:site_name\" content=\"Aplikuj.pl\" \/>\n<meta property=\"article:modified_time\" content=\"2026-02-22T22:23:33+00:00\" \/>\n<meta property=\"og:image\" content=\"https:\/\/www.aplikuj.pl\/dokumenty\/wp-content\/uploads\/2020\/10\/aplikuj-wzor-v234.jpg\" \/>\n\t<meta property=\"og:image:width\" content=\"794\" \/>\n\t<meta property=\"og:image:height\" content=\"1123\" \/>\n\t<meta property=\"og:image:type\" content=\"image\/jpeg\" \/>\n<meta name=\"twitter:card\" content=\"summary_large_image\" \/>\n<meta name=\"twitter:label1\" content=\"Szacowany czas czytania\" \/>\n\t<meta name=\"twitter:data1\" content=\"2 minuty\" \/>\n<script type=\"application\/ld+json\" class=\"yoast-schema-graph\">{\"@context\":\"https:\/\/schema.org\",\"@graph\":[{\"@type\":\"WebPage\",\"@id\":\"https:\/\/www.aplikuj.pl\/dokumenty\/wzory-inne\/wzor-informacji-o-ppk\/\",\"url\":\"https:\/\/www.aplikuj.pl\/dokumenty\/wzory-inne\/wzor-informacji-o-ppk\/\",\"name\":\"Wz\u00f3r informacji o PPK - Aplikuj.pl\",\"isPartOf\":{\"@id\":\"https:\/\/www.aplikuj.pl\/dokumenty\/#website\"},\"primaryImageOfPage\":{\"@id\":\"https:\/\/www.aplikuj.pl\/dokumenty\/wzory-inne\/wzor-informacji-o-ppk\/#primaryimage\"},\"image\":{\"@id\":\"https:\/\/www.aplikuj.pl\/dokumenty\/wzory-inne\/wzor-informacji-o-ppk\/#primaryimage\"},\"thumbnailUrl\":\"https:\/\/www.aplikuj.pl\/dokumenty\/wp-content\/uploads\/2020\/10\/aplikuj-wzor-v234.jpg\",\"datePublished\":\"2020-10-28T10:55:14+00:00\",\"dateModified\":\"2026-02-22T22:23:33+00:00\",\"breadcrumb\":{\"@id\":\"https:\/\/www.aplikuj.pl\/dokumenty\/wzory-inne\/wzor-informacji-o-ppk\/#breadcrumb\"},\"inLanguage\":\"pl-PL\",\"potentialAction\":[{\"@type\":\"ReadAction\",\"target\":[\"https:\/\/www.aplikuj.pl\/dokumenty\/wzory-inne\/wzor-informacji-o-ppk\/\"]}]},{\"@type\":\"ImageObject\",\"inLanguage\":\"pl-PL\",\"@id\":\"https:\/\/www.aplikuj.pl\/dokumenty\/wzory-inne\/wzor-informacji-o-ppk\/#primaryimage\",\"url\":\"https:\/\/www.aplikuj.pl\/dokumenty\/wp-content\/uploads\/2020\/10\/aplikuj-wzor-v234.jpg\",\"contentUrl\":\"https:\/\/www.aplikuj.pl\/dokumenty\/wp-content\/uploads\/2020\/10\/aplikuj-wzor-v234.jpg\",\"width\":794,\"height\":1123,\"caption\":\"Wz\u00f3r informacji dla pracownika o PPK grafika\"},{\"@type\":\"BreadcrumbList\",\"@id\":\"https:\/\/www.aplikuj.pl\/dokumenty\/wzory-inne\/wzor-informacji-o-ppk\/#breadcrumb\",\"itemListElement\":[{\"@type\":\"ListItem\",\"position\":1,\"name\":\"Dokumenty HR\",\"item\":\"https:\/\/www.aplikuj.pl\/dokumenty\/\"},{\"@type\":\"ListItem\",\"position\":2,\"name\":\"umowa-o-prace\",\"item\":\"https:\/\/www.aplikuj.pl\/dokumenty\/umowa-o-prace\/\"},{\"@type\":\"ListItem\",\"position\":3,\"name\":\"Inne dokumenty - wzory\",\"item\":\"https:\/\/www.aplikuj.pl\/dokumenty\/wzory-inne\/\"},{\"@type\":\"ListItem\",\"position\":4,\"name\":\"Wz\u00f3r informacji o PPK\"}]},{\"@type\":\"WebSite\",\"@id\":\"https:\/\/www.aplikuj.pl\/dokumenty\/#website\",\"url\":\"https:\/\/www.aplikuj.pl\/dokumenty\/\",\"name\":\"Aplikuj.pl\",\"description\":\"Profesjonalne i darmowe wzory dokument\u00f3w HR\",\"publisher\":{\"@id\":\"https:\/\/www.aplikuj.pl\/dokumenty\/#organization\"},\"potentialAction\":[{\"@type\":\"SearchAction\",\"target\":{\"@type\":\"EntryPoint\",\"urlTemplate\":\"https:\/\/www.aplikuj.pl\/dokumenty\/?s={search_term_string}\"},\"query-input\":{\"@type\":\"PropertyValueSpecification\",\"valueRequired\":true,\"valueName\":\"search_term_string\"}}],\"inLanguage\":\"pl-PL\"},{\"@type\":\"Organization\",\"@id\":\"https:\/\/www.aplikuj.pl\/dokumenty\/#organization\",\"name\":\"Aplikuj.pl\",\"url\":\"https:\/\/www.aplikuj.pl\/dokumenty\/\",\"logo\":{\"@type\":\"ImageObject\",\"inLanguage\":\"pl-PL\",\"@id\":\"https:\/\/www.aplikuj.pl\/dokumenty\/#\/schema\/logo\/image\/\",\"url\":\"\",\"contentUrl\":\"\",\"caption\":\"Aplikuj.pl\"},\"image\":{\"@id\":\"https:\/\/www.aplikuj.pl\/dokumenty\/#\/schema\/logo\/image\/\"}}]}<\/script>\n<!-- \/ Yoast SEO plugin. -->","yoast_head_json":{"title":"Wz\u00f3r informacji o PPK - Aplikuj.pl","robots":{"index":"index","follow":"follow","max-snippet":"max-snippet:-1","max-image-preview":"max-image-preview:large","max-video-preview":"max-video-preview:-1"},"canonical":"https:\/\/www.aplikuj.pl\/dokumenty\/wzory-inne\/wzor-informacji-o-ppk\/","og_locale":"pl_PL","og_type":"article","og_title":"Wz\u00f3r informacji o PPK - Aplikuj.pl","og_description":"Szablon informacji o PPK pozwala w prosty spos\u00f3b przygotowa\u0107 stosowny dokument. Wz\u00f3r nale\u017cy edytowa\u0107 samodzielnie z wykorzystaniem najpopularniejszych program\u00f3w biurowych pokroju MS Office. Dokument jest tak\u017ce kompatybilny z darmowymi aplikacjami biurowymi (Open Office lub Libre Office).","og_url":"https:\/\/www.aplikuj.pl\/dokumenty\/wzory-inne\/wzor-informacji-o-ppk\/","og_site_name":"Aplikuj.pl","article_modified_time":"2026-02-22T22:23:33+00:00","og_image":[{"width":794,"height":1123,"url":"https:\/\/www.aplikuj.pl\/dokumenty\/wp-content\/uploads\/2020\/10\/aplikuj-wzor-v234.jpg","type":"image\/jpeg"}],"twitter_card":"summary_large_image","twitter_misc":{"Szacowany czas czytania":"2 minuty"},"schema":{"@context":"https:\/\/schema.org","@graph":[{"@type":"WebPage","@id":"https:\/\/www.aplikuj.pl\/dokumenty\/wzory-inne\/wzor-informacji-o-ppk\/","url":"https:\/\/www.aplikuj.pl\/dokumenty\/wzory-inne\/wzor-informacji-o-ppk\/","name":"Wz\u00f3r informacji o PPK - Aplikuj.pl","isPartOf":{"@id":"https:\/\/www.aplikuj.pl\/dokumenty\/#website"},"primaryImageOfPage":{"@id":"https:\/\/www.aplikuj.pl\/dokumenty\/wzory-inne\/wzor-informacji-o-ppk\/#primaryimage"},"image":{"@id":"https:\/\/www.aplikuj.pl\/dokumenty\/wzory-inne\/wzor-informacji-o-ppk\/#primaryimage"},"thumbnailUrl":"https:\/\/www.aplikuj.pl\/dokumenty\/wp-content\/uploads\/2020\/10\/aplikuj-wzor-v234.jpg","datePublished":"2020-10-28T10:55:14+00:00","dateModified":"2026-02-22T22:23:33+00:00","breadcrumb":{"@id":"https:\/\/www.aplikuj.pl\/dokumenty\/wzory-inne\/wzor-informacji-o-ppk\/#breadcrumb"},"inLanguage":"pl-PL","potentialAction":[{"@type":"ReadAction","target":["https:\/\/www.aplikuj.pl\/dokumenty\/wzory-inne\/wzor-informacji-o-ppk\/"]}]},{"@type":"ImageObject","inLanguage":"pl-PL","@id":"https:\/\/www.aplikuj.pl\/dokumenty\/wzory-inne\/wzor-informacji-o-ppk\/#primaryimage","url":"https:\/\/www.aplikuj.pl\/dokumenty\/wp-content\/uploads\/2020\/10\/aplikuj-wzor-v234.jpg","contentUrl":"https:\/\/www.aplikuj.pl\/dokumenty\/wp-content\/uploads\/2020\/10\/aplikuj-wzor-v234.jpg","width":794,"height":1123,"caption":"Wz\u00f3r informacji dla pracownika o PPK grafika"},{"@type":"BreadcrumbList","@id":"https:\/\/www.aplikuj.pl\/dokumenty\/wzory-inne\/wzor-informacji-o-ppk\/#breadcrumb","itemListElement":[{"@type":"ListItem","position":1,"name":"Dokumenty HR","item":"https:\/\/www.aplikuj.pl\/dokumenty\/"},{"@type":"ListItem","position":2,"name":"umowa-o-prace","item":"https:\/\/www.aplikuj.pl\/dokumenty\/umowa-o-prace\/"},{"@type":"ListItem","position":3,"name":"Inne dokumenty - wzory","item":"https:\/\/www.aplikuj.pl\/dokumenty\/wzory-inne\/"},{"@type":"ListItem","position":4,"name":"Wz\u00f3r informacji o PPK"}]},{"@type":"WebSite","@id":"https:\/\/www.aplikuj.pl\/dokumenty\/#website","url":"https:\/\/www.aplikuj.pl\/dokumenty\/","name":"Aplikuj.pl","description":"Profesjonalne i darmowe wzory dokument\u00f3w HR","publisher":{"@id":"https:\/\/www.aplikuj.pl\/dokumenty\/#organization"},"potentialAction":[{"@type":"SearchAction","target":{"@type":"EntryPoint","urlTemplate":"https:\/\/www.aplikuj.pl\/dokumenty\/?s={search_term_string}"},"query-input":{"@type":"PropertyValueSpecification","valueRequired":true,"valueName":"search_term_string"}}],"inLanguage":"pl-PL"},{"@type":"Organization","@id":"https:\/\/www.aplikuj.pl\/dokumenty\/#organization","name":"Aplikuj.pl","url":"https:\/\/www.aplikuj.pl\/dokumenty\/","logo":{"@type":"ImageObject","inLanguage":"pl-PL","@id":"https:\/\/www.aplikuj.pl\/dokumenty\/#\/schema\/logo\/image\/","url":"","contentUrl":"","caption":"Aplikuj.pl"},"image":{"@id":"https:\/\/www.aplikuj.pl\/dokumenty\/#\/schema\/logo\/image\/"}}]}},"_links":{"self":[{"href":"https:\/\/www.aplikuj.pl\/dokumenty\/wp-json\/wp\/v2\/product\/4622","targetHints":{"allow":["GET"]}}],"collection":[{"href":"https:\/\/www.aplikuj.pl\/dokumenty\/wp-json\/wp\/v2\/product"}],"about":[{"href":"https:\/\/www.aplikuj.pl\/dokumenty\/wp-json\/wp\/v2\/types\/product"}],"version-history":[{"count":1,"href":"https:\/\/www.aplikuj.pl\/dokumenty\/wp-json\/wp\/v2\/product\/4622\/revisions"}],"predecessor-version":[{"id":5186,"href":"https:\/\/www.aplikuj.pl\/dokumenty\/wp-json\/wp\/v2\/product\/4622\/revisions\/5186"}],"wp:featuredmedia":[{"embeddable":true,"href":"https:\/\/www.aplikuj.pl\/dokumenty\/wp-json\/wp\/v2\/media\/4645"}],"wp:attachment":[{"href":"https:\/\/www.aplikuj.pl\/dokumenty\/wp-json\/wp\/v2\/media?parent=4622"}],"wp:term":[{"taxonomy":"product_brand","embeddable":true,"href":"https:\/\/www.aplikuj.pl\/dokumenty\/wp-json\/wp\/v2\/product_brand?post=4622"},{"taxonomy":"product_cat","embeddable":true,"href":"https:\/\/www.aplikuj.pl\/dokumenty\/wp-json\/wp\/v2\/product_cat?post=4622"},{"taxonomy":"product_tag","embeddable":true,"href":"https:\/\/www.aplikuj.pl\/dokumenty\/wp-json\/wp\/v2\/product_tag?post=4622"}],"curies":[{"name":"wp","href":"https:\/\/api.w.org\/{rel}","templated":true}]}}