{"id":4565,"date":"2020-10-20T12:56:28","date_gmt":"2020-10-20T10:56:28","guid":{"rendered":"https:\/\/www.aplikuj.pl\/dokumenty\/?post_type=product&#038;p=4565"},"modified":"2026-02-22T23:23:33","modified_gmt":"2026-02-22T22:23:33","slug":"oswiadczenie-o-kosztach-uzyskania-przychodu","status":"publish","type":"product","link":"https:\/\/www.aplikuj.pl\/dokumenty\/formularze-zaswiadczenia\/oswiadczenie-o-kosztach-uzyskania-przychodu\/","title":{"rendered":"Wz\u00f3r o\u015bwiadczenia o kosztach uzyskania przychodu"},"content":{"rendered":"<h2>Wz\u00f3r o\u015bwiadczenia o kosztach uzyskania przychodu \u2013 do czego?<\/h2>\n<p class=\"Standard\">O\u015bwiadczenie o kosztach uzyskania przychodu pozwala na obni\u017cenie sk\u0142adek na poczet podatku dochodowego. Jest to mo\u017cliwe dzi\u0119ki zastosowaniu tak zwanych <strong>podwy\u017cszonych koszt\u00f3w uzyskania przychod\u00f3w<\/strong>. Kto mo\u017ce skorzysta\u0107 z tej formy ulgi? Podczas wyliczania zaliczki na poczet podatku dochodowego mo\u017cna zastosowa\u0107 podwy\u017cszone koszty uzyskania przychodu w wysoko\u015bci 300 z\u0142 pod warunkiem, \u017ce pracownik:<\/p>\n<ul>\n<li class=\"Standard\">zamieszkuje poza miejscowo\u015bci\u0105, w kt\u00f3rej \u015bwiadczy prac\u0119;<\/li>\n<li class=\"Standard\">pracodawca nie wyp\u0142aca mu dodatku za roz\u0142\u0105k\u0119;<\/li>\n<li class=\"Standard\">z\u0142o\u017cy o\u015bwiadczenie o kosztach uzyskania przychodu.<\/li>\n<\/ul>\n<p class=\"Standard\">Bardzo wa\u017cny jest ostatni wymieniony punkt. Pracodawca \u015bwiadom przys\u0142uguj\u0105cych pracownikowi podwy\u017cszonych koszt\u00f3w uzyskania przychodu nie ma prawa ich zastosowa\u0107, je\u017celi pracownik sam nie b\u0119dzie o to wnioskowa\u0142 stosownym o\u015bwiadczeniem. \u015awiadcz\u0105c prac\u0119 w zak\u0142adzie poza swoim miejscem zamieszkania, warto wi\u0119c pami\u0119ta\u0107 o o\u015bwiadczeniu o kosztach uzyskania przychodu.<\/p>\n<h2>Co musi zawiera\u0107 o\u015bwiadczenie o kosztach uzyskania przychodu<\/h2>\n<p class=\"Standard\">Wz\u00f3r o\u015bwiadczenia o kosztach uzyskania przychodu przygotowali\u015bmy do bezp\u0142atnego pobrania. Zosta\u0142 sformu\u0142owany zgodnie z obowi\u0105zuj\u0105cymi przepisami i zawiera w sobie wszystkie potrzebne elementy. Dzi\u0119ki \u0142atwej i intuicyjnej edycji ka\u017cdy bez najmniejszych problem\u00f3w b\u0119dzie m\u00f3g\u0142 poprawnie przygotowa\u0107 o\u015bwiadczenie. Zgodnie z obowi\u0105zuj\u0105cymi normami, wz\u00f3r dokumentu powinien zawiera\u0107 informacj\u0119 o miejscu zamieszkania pracownika innym ni\u017c to, w kt\u00f3rym wykonuje prac\u0119, a tak\u017ce informacj\u0119, \u017ce pracodawca nie wyp\u0142aca mu z tego tytu\u0142u dodatku za roz\u0142\u0105k\u0119. Jak wszystkie o\u015bwiadczenia, r\u00f3wnie\u017c ten dokument musi te\u017c oczywi\u015bcie zosta\u0107 opatrzony danymi pracownika oraz jego podpisem.<\/p>\n<p class=\"Standard\">Warto wiedzie\u0107, \u017ce <strong>o\u015bwiadczenie o kosztach uzyskania przychod\u00f3w<\/strong> zachowuje swoj\u0105 wa\u017cno\u015b\u0107 do odwo\u0142ania. Oznacza to, \u017ce jego postanowienia nie ulegaj\u0105 przedawnieniu, dop\u00f3ki stan faktyczny wynikaj\u0105cy z o\u015bwiadczenia si\u0119 nie zmieni. Je\u017celi wi\u0119c pracownik powiadomi pracodawc\u0119 o zmianie miejsca zamieszkania, to zostan\u0105 zastosowane standardowe koszty uzyskania przychodu w wysoko\u015bci 250 z\u0142.<\/p>\n","protected":false},"excerpt":{"rendered":"<p>Wz\u00f3r o\u015bwiadczenia o kosztach uzyskania przychodu nale\u017cy podda\u0107 samodzielnej edycji za pomoc\u0105 program\u00f3w biurowych pokroju MS Office. Plik jest tak\u017ce kompatybilny z popularnymi, darmowymi aplikacjami do edytowania tekstu (Open Office lub Libre Office). Nowoczesny i funkcjonalny szablon graficzny zapewnia przejrzysto\u015b\u0107 tre\u015bci i odpowiedni, formalny wygl\u0105d dokumentu.<\/p>\n","protected":false},"featured_media":4607,"template":"","meta":[],"product_brand":[],"product_cat":[24],"product_tag":[158,159,157,156],"class_list":{"0":"post-4565","1":"product","2":"type-product","3":"status-publish","4":"has-post-thumbnail","6":"product_cat-formularze-zaswiadczenia","7":"product_tag-koszty-uzyskania-przychodu-oswiadczenie-pdf","8":"product_tag-oswiadczenie-koszty-uzyskania-przychodu","9":"product_tag-oswiadczenie-kup-wzor","10":"product_tag-oswiadczenie-o-kosztach-uzyskania-przychodu","12":"first","13":"instock","14":"shipping-taxable","15":"product-type-external"},"yoast_head":"<!-- This site is optimized with the Yoast SEO plugin v27.0 - https:\/\/yoast.com\/product\/yoast-seo-wordpress\/ -->\n<title>Wz\u00f3r o\u015bwiadczenia o kosztach uzyskania przychodu - Aplikuj.pl<\/title>\n<meta name=\"robots\" content=\"index, follow, max-snippet:-1, max-image-preview:large, max-video-preview:-1\" \/>\n<link rel=\"canonical\" href=\"https:\/\/www.aplikuj.pl\/dokumenty\/formularze-zaswiadczenia\/oswiadczenie-o-kosztach-uzyskania-przychodu\/\" \/>\n<meta property=\"og:locale\" content=\"pl_PL\" \/>\n<meta property=\"og:type\" content=\"article\" \/>\n<meta property=\"og:title\" content=\"Wz\u00f3r o\u015bwiadczenia o kosztach uzyskania przychodu - Aplikuj.pl\" \/>\n<meta property=\"og:description\" content=\"Wz\u00f3r o\u015bwiadczenia o kosztach uzyskania przychodu nale\u017cy podda\u0107 samodzielnej edycji za pomoc\u0105 program\u00f3w biurowych pokroju MS Office. Plik jest tak\u017ce kompatybilny z popularnymi, darmowymi aplikacjami do edytowania tekstu (Open Office lub Libre Office). Nowoczesny i funkcjonalny szablon graficzny zapewnia przejrzysto\u015b\u0107 tre\u015bci i odpowiedni, formalny wygl\u0105d dokumentu.\" \/>\n<meta property=\"og:url\" content=\"https:\/\/www.aplikuj.pl\/dokumenty\/formularze-zaswiadczenia\/oswiadczenie-o-kosztach-uzyskania-przychodu\/\" \/>\n<meta property=\"og:site_name\" content=\"Aplikuj.pl\" \/>\n<meta property=\"article:modified_time\" content=\"2026-02-22T22:23:33+00:00\" \/>\n<meta property=\"og:image\" content=\"https:\/\/www.aplikuj.pl\/dokumenty\/wp-content\/uploads\/2020\/10\/aplikuj-wzor-v216.jpg\" \/>\n\t<meta property=\"og:image:width\" content=\"794\" \/>\n\t<meta property=\"og:image:height\" content=\"1123\" \/>\n\t<meta property=\"og:image:type\" content=\"image\/jpeg\" \/>\n<meta name=\"twitter:card\" content=\"summary_large_image\" \/>\n<meta name=\"twitter:label1\" content=\"Szacowany czas czytania\" \/>\n\t<meta name=\"twitter:data1\" content=\"2 minuty\" \/>\n<script type=\"application\/ld+json\" class=\"yoast-schema-graph\">{\"@context\":\"https:\/\/schema.org\",\"@graph\":[{\"@type\":\"WebPage\",\"@id\":\"https:\/\/www.aplikuj.pl\/dokumenty\/formularze-zaswiadczenia\/oswiadczenie-o-kosztach-uzyskania-przychodu\/\",\"url\":\"https:\/\/www.aplikuj.pl\/dokumenty\/formularze-zaswiadczenia\/oswiadczenie-o-kosztach-uzyskania-przychodu\/\",\"name\":\"Wz\u00f3r o\u015bwiadczenia o kosztach uzyskania przychodu - Aplikuj.pl\",\"isPartOf\":{\"@id\":\"https:\/\/www.aplikuj.pl\/dokumenty\/#website\"},\"primaryImageOfPage\":{\"@id\":\"https:\/\/www.aplikuj.pl\/dokumenty\/formularze-zaswiadczenia\/oswiadczenie-o-kosztach-uzyskania-przychodu\/#primaryimage\"},\"image\":{\"@id\":\"https:\/\/www.aplikuj.pl\/dokumenty\/formularze-zaswiadczenia\/oswiadczenie-o-kosztach-uzyskania-przychodu\/#primaryimage\"},\"thumbnailUrl\":\"https:\/\/www.aplikuj.pl\/dokumenty\/wp-content\/uploads\/2020\/10\/aplikuj-wzor-v216.jpg\",\"datePublished\":\"2020-10-20T10:56:28+00:00\",\"dateModified\":\"2026-02-22T22:23:33+00:00\",\"breadcrumb\":{\"@id\":\"https:\/\/www.aplikuj.pl\/dokumenty\/formularze-zaswiadczenia\/oswiadczenie-o-kosztach-uzyskania-przychodu\/#breadcrumb\"},\"inLanguage\":\"pl-PL\",\"potentialAction\":[{\"@type\":\"ReadAction\",\"target\":[\"https:\/\/www.aplikuj.pl\/dokumenty\/formularze-zaswiadczenia\/oswiadczenie-o-kosztach-uzyskania-przychodu\/\"]}]},{\"@type\":\"ImageObject\",\"inLanguage\":\"pl-PL\",\"@id\":\"https:\/\/www.aplikuj.pl\/dokumenty\/formularze-zaswiadczenia\/oswiadczenie-o-kosztach-uzyskania-przychodu\/#primaryimage\",\"url\":\"https:\/\/www.aplikuj.pl\/dokumenty\/wp-content\/uploads\/2020\/10\/aplikuj-wzor-v216.jpg\",\"contentUrl\":\"https:\/\/www.aplikuj.pl\/dokumenty\/wp-content\/uploads\/2020\/10\/aplikuj-wzor-v216.jpg\",\"width\":794,\"height\":1123},{\"@type\":\"BreadcrumbList\",\"@id\":\"https:\/\/www.aplikuj.pl\/dokumenty\/formularze-zaswiadczenia\/oswiadczenie-o-kosztach-uzyskania-przychodu\/#breadcrumb\",\"itemListElement\":[{\"@type\":\"ListItem\",\"position\":1,\"name\":\"Dokumenty HR\",\"item\":\"https:\/\/www.aplikuj.pl\/dokumenty\/\"},{\"@type\":\"ListItem\",\"position\":2,\"name\":\"umowa-o-prace\",\"item\":\"https:\/\/www.aplikuj.pl\/dokumenty\/umowa-o-prace\/\"},{\"@type\":\"ListItem\",\"position\":3,\"name\":\"Formularze i za\u015bwiadczenia\",\"item\":\"https:\/\/www.aplikuj.pl\/dokumenty\/formularze-zaswiadczenia\/\"},{\"@type\":\"ListItem\",\"position\":4,\"name\":\"Wz\u00f3r o\u015bwiadczenia o kosztach uzyskania przychodu\"}]},{\"@type\":\"WebSite\",\"@id\":\"https:\/\/www.aplikuj.pl\/dokumenty\/#website\",\"url\":\"https:\/\/www.aplikuj.pl\/dokumenty\/\",\"name\":\"Aplikuj.pl\",\"description\":\"Profesjonalne i darmowe wzory dokument\u00f3w HR\",\"publisher\":{\"@id\":\"https:\/\/www.aplikuj.pl\/dokumenty\/#organization\"},\"potentialAction\":[{\"@type\":\"SearchAction\",\"target\":{\"@type\":\"EntryPoint\",\"urlTemplate\":\"https:\/\/www.aplikuj.pl\/dokumenty\/?s={search_term_string}\"},\"query-input\":{\"@type\":\"PropertyValueSpecification\",\"valueRequired\":true,\"valueName\":\"search_term_string\"}}],\"inLanguage\":\"pl-PL\"},{\"@type\":\"Organization\",\"@id\":\"https:\/\/www.aplikuj.pl\/dokumenty\/#organization\",\"name\":\"Aplikuj.pl\",\"url\":\"https:\/\/www.aplikuj.pl\/dokumenty\/\",\"logo\":{\"@type\":\"ImageObject\",\"inLanguage\":\"pl-PL\",\"@id\":\"https:\/\/www.aplikuj.pl\/dokumenty\/#\/schema\/logo\/image\/\",\"url\":\"\",\"contentUrl\":\"\",\"caption\":\"Aplikuj.pl\"},\"image\":{\"@id\":\"https:\/\/www.aplikuj.pl\/dokumenty\/#\/schema\/logo\/image\/\"}}]}<\/script>\n<!-- \/ Yoast SEO plugin. -->","yoast_head_json":{"title":"Wz\u00f3r o\u015bwiadczenia o kosztach uzyskania przychodu - Aplikuj.pl","robots":{"index":"index","follow":"follow","max-snippet":"max-snippet:-1","max-image-preview":"max-image-preview:large","max-video-preview":"max-video-preview:-1"},"canonical":"https:\/\/www.aplikuj.pl\/dokumenty\/formularze-zaswiadczenia\/oswiadczenie-o-kosztach-uzyskania-przychodu\/","og_locale":"pl_PL","og_type":"article","og_title":"Wz\u00f3r o\u015bwiadczenia o kosztach uzyskania przychodu - Aplikuj.pl","og_description":"Wz\u00f3r o\u015bwiadczenia o kosztach uzyskania przychodu nale\u017cy podda\u0107 samodzielnej edycji za pomoc\u0105 program\u00f3w biurowych pokroju MS Office. Plik jest tak\u017ce kompatybilny z popularnymi, darmowymi aplikacjami do edytowania tekstu (Open Office lub Libre Office). Nowoczesny i funkcjonalny szablon graficzny zapewnia przejrzysto\u015b\u0107 tre\u015bci i odpowiedni, formalny wygl\u0105d dokumentu.","og_url":"https:\/\/www.aplikuj.pl\/dokumenty\/formularze-zaswiadczenia\/oswiadczenie-o-kosztach-uzyskania-przychodu\/","og_site_name":"Aplikuj.pl","article_modified_time":"2026-02-22T22:23:33+00:00","og_image":[{"width":794,"height":1123,"url":"https:\/\/www.aplikuj.pl\/dokumenty\/wp-content\/uploads\/2020\/10\/aplikuj-wzor-v216.jpg","type":"image\/jpeg"}],"twitter_card":"summary_large_image","twitter_misc":{"Szacowany czas czytania":"2 minuty"},"schema":{"@context":"https:\/\/schema.org","@graph":[{"@type":"WebPage","@id":"https:\/\/www.aplikuj.pl\/dokumenty\/formularze-zaswiadczenia\/oswiadczenie-o-kosztach-uzyskania-przychodu\/","url":"https:\/\/www.aplikuj.pl\/dokumenty\/formularze-zaswiadczenia\/oswiadczenie-o-kosztach-uzyskania-przychodu\/","name":"Wz\u00f3r o\u015bwiadczenia o kosztach uzyskania przychodu - Aplikuj.pl","isPartOf":{"@id":"https:\/\/www.aplikuj.pl\/dokumenty\/#website"},"primaryImageOfPage":{"@id":"https:\/\/www.aplikuj.pl\/dokumenty\/formularze-zaswiadczenia\/oswiadczenie-o-kosztach-uzyskania-przychodu\/#primaryimage"},"image":{"@id":"https:\/\/www.aplikuj.pl\/dokumenty\/formularze-zaswiadczenia\/oswiadczenie-o-kosztach-uzyskania-przychodu\/#primaryimage"},"thumbnailUrl":"https:\/\/www.aplikuj.pl\/dokumenty\/wp-content\/uploads\/2020\/10\/aplikuj-wzor-v216.jpg","datePublished":"2020-10-20T10:56:28+00:00","dateModified":"2026-02-22T22:23:33+00:00","breadcrumb":{"@id":"https:\/\/www.aplikuj.pl\/dokumenty\/formularze-zaswiadczenia\/oswiadczenie-o-kosztach-uzyskania-przychodu\/#breadcrumb"},"inLanguage":"pl-PL","potentialAction":[{"@type":"ReadAction","target":["https:\/\/www.aplikuj.pl\/dokumenty\/formularze-zaswiadczenia\/oswiadczenie-o-kosztach-uzyskania-przychodu\/"]}]},{"@type":"ImageObject","inLanguage":"pl-PL","@id":"https:\/\/www.aplikuj.pl\/dokumenty\/formularze-zaswiadczenia\/oswiadczenie-o-kosztach-uzyskania-przychodu\/#primaryimage","url":"https:\/\/www.aplikuj.pl\/dokumenty\/wp-content\/uploads\/2020\/10\/aplikuj-wzor-v216.jpg","contentUrl":"https:\/\/www.aplikuj.pl\/dokumenty\/wp-content\/uploads\/2020\/10\/aplikuj-wzor-v216.jpg","width":794,"height":1123},{"@type":"BreadcrumbList","@id":"https:\/\/www.aplikuj.pl\/dokumenty\/formularze-zaswiadczenia\/oswiadczenie-o-kosztach-uzyskania-przychodu\/#breadcrumb","itemListElement":[{"@type":"ListItem","position":1,"name":"Dokumenty HR","item":"https:\/\/www.aplikuj.pl\/dokumenty\/"},{"@type":"ListItem","position":2,"name":"umowa-o-prace","item":"https:\/\/www.aplikuj.pl\/dokumenty\/umowa-o-prace\/"},{"@type":"ListItem","position":3,"name":"Formularze i za\u015bwiadczenia","item":"https:\/\/www.aplikuj.pl\/dokumenty\/formularze-zaswiadczenia\/"},{"@type":"ListItem","position":4,"name":"Wz\u00f3r o\u015bwiadczenia o kosztach uzyskania przychodu"}]},{"@type":"WebSite","@id":"https:\/\/www.aplikuj.pl\/dokumenty\/#website","url":"https:\/\/www.aplikuj.pl\/dokumenty\/","name":"Aplikuj.pl","description":"Profesjonalne i darmowe wzory dokument\u00f3w HR","publisher":{"@id":"https:\/\/www.aplikuj.pl\/dokumenty\/#organization"},"potentialAction":[{"@type":"SearchAction","target":{"@type":"EntryPoint","urlTemplate":"https:\/\/www.aplikuj.pl\/dokumenty\/?s={search_term_string}"},"query-input":{"@type":"PropertyValueSpecification","valueRequired":true,"valueName":"search_term_string"}}],"inLanguage":"pl-PL"},{"@type":"Organization","@id":"https:\/\/www.aplikuj.pl\/dokumenty\/#organization","name":"Aplikuj.pl","url":"https:\/\/www.aplikuj.pl\/dokumenty\/","logo":{"@type":"ImageObject","inLanguage":"pl-PL","@id":"https:\/\/www.aplikuj.pl\/dokumenty\/#\/schema\/logo\/image\/","url":"","contentUrl":"","caption":"Aplikuj.pl"},"image":{"@id":"https:\/\/www.aplikuj.pl\/dokumenty\/#\/schema\/logo\/image\/"}}]}},"_links":{"self":[{"href":"https:\/\/www.aplikuj.pl\/dokumenty\/wp-json\/wp\/v2\/product\/4565","targetHints":{"allow":["GET"]}}],"collection":[{"href":"https:\/\/www.aplikuj.pl\/dokumenty\/wp-json\/wp\/v2\/product"}],"about":[{"href":"https:\/\/www.aplikuj.pl\/dokumenty\/wp-json\/wp\/v2\/types\/product"}],"version-history":[{"count":2,"href":"https:\/\/www.aplikuj.pl\/dokumenty\/wp-json\/wp\/v2\/product\/4565\/revisions"}],"predecessor-version":[{"id":5178,"href":"https:\/\/www.aplikuj.pl\/dokumenty\/wp-json\/wp\/v2\/product\/4565\/revisions\/5178"}],"wp:featuredmedia":[{"embeddable":true,"href":"https:\/\/www.aplikuj.pl\/dokumenty\/wp-json\/wp\/v2\/media\/4607"}],"wp:attachment":[{"href":"https:\/\/www.aplikuj.pl\/dokumenty\/wp-json\/wp\/v2\/media?parent=4565"}],"wp:term":[{"taxonomy":"product_brand","embeddable":true,"href":"https:\/\/www.aplikuj.pl\/dokumenty\/wp-json\/wp\/v2\/product_brand?post=4565"},{"taxonomy":"product_cat","embeddable":true,"href":"https:\/\/www.aplikuj.pl\/dokumenty\/wp-json\/wp\/v2\/product_cat?post=4565"},{"taxonomy":"product_tag","embeddable":true,"href":"https:\/\/www.aplikuj.pl\/dokumenty\/wp-json\/wp\/v2\/product_tag?post=4565"}],"curies":[{"name":"wp","href":"https:\/\/api.w.org\/{rel}","templated":true}]}}