{"id":4394,"date":"2020-09-30T14:26:33","date_gmt":"2020-09-30T12:26:33","guid":{"rendered":"https:\/\/www.aplikuj.pl\/dokumenty\/?post_type=product&#038;p=4394"},"modified":"2026-02-22T23:23:31","modified_gmt":"2026-02-22T22:23:31","slug":"swiadectwo-wykonywania-pracy-w-szczegolnych-warunkach","status":"publish","type":"product","link":"https:\/\/www.aplikuj.pl\/dokumenty\/formularze-zaswiadczenia\/swiadectwo-wykonywania-pracy-w-szczegolnych-warunkach\/","title":{"rendered":"Wz\u00f3r \u015bwiadectwa wykonywania przez pracownika pracy w szczeg\u00f3lnych warunkach"},"content":{"rendered":"<h2><span class=\"current\">\u015awiadectwo wykonywania pracy w szczeg\u00f3lnych warunkach<\/span><\/h2>\n<p>Pracownicy wykonuj\u0105cy prac\u0119 w szczeg\u00f3lnych warunkach lub o szczeg\u00f3lnym charakterze musz\u0105 si\u0119 cechowa\u0107 dodatkowymi umiej\u0119tno\u015bciami oraz odporno\u015bci\u0105 psychiczn\u0105 i fizyczn\u0105. Ich praca jest zazwyczaj du\u017co ci\u0119\u017csza od standardowych zawod\u00f3w, a do tego mocno wp\u0142ywa na zdrowie. W\u0142a\u015bnie dlatego zawody o szczeg\u00f3lnym charakterze daj\u0105 mo\u017cliwo\u015b\u0107 skorzystania z wcze\u015bniejszej emerytury. Ko\u0144cz\u0105c stosunek pracy w takich zawodach, pracownik r\u00f3wnie\u017c musi otrzyma\u0107 \u015bwiadectwo pracy. Pracodawcy maj\u0105 obowi\u0105zek zawrze\u0107 w nim informacje o charakterze pracy oraz stanowisku pracownika, a wi\u0119c w przypadku szczeg\u00f3lnego charakteru pracy konieczne jest odpowiednie uwzgl\u0119dnienie wykonywanych czynno\u015bci.<\/p>\n<h2>Co wpisa\u0107 w \u015bwiadectwie pracy w szczeg\u00f3lnych warunkach?<\/h2>\n<p>\u015awiadectwo wykonywania przez pracownika pracy w szczeg\u00f3lnych warunkach jest w du\u017cej mierze takie samo, jak zwyk\u0142e \u015bwiadectwo pracy. Kluczowa jest jednak cz\u0119\u015b\u0107 opisu stanowiska oraz zakresu pracy pracownika. Ta cz\u0119\u015b\u0107 musi zosta\u0107 odpowiednio wype\u0142niona z uwzgl\u0119dnieniem dok\u0142adnych okres\u00f3w wykonywania czynno\u015bci w szczeg\u00f3lnych warunkach. Zmiany wprowadzone w czerwcu 2016 roku zmieni\u0142y jednak form\u0119 opisu oraz wymagane informacje. Przede wszystkim pracodawca musi wskaza\u0107 okres zatrudnienia pracownika, przypadaj\u0105cy do dnia 31.12.2008 r, przy wykonywaniu prac w szczeg\u00f3lnych warunkach lub o szczeg\u00f3lnym charakterze. Opr\u00f3cz tego wskazuje si\u0119 stanowiska, na kt\u00f3rych te prace by\u0142y wykonywane.<\/p>\n<p>Wz\u00f3r \u015bwiadectwa wykonywania przez pracownika pracy w szczeg\u00f3lnych warunkach zosta\u0142 przygotowany zgodnie z obowi\u0105zuj\u0105cymi przepisami prawa. Dzi\u0119ki temu pracodawca nie powinien pope\u0142ni\u0107 b\u0142\u0119du przy wype\u0142nianiu dokumentu, a sama edycja jest bardzo prosta i intuicyjna. Nale\u017cy jednak pami\u0119ta\u0107, aby stosowa\u0107 odpowiednie nazewnictwo z wykazu prac o szczeg\u00f3lnym charakterze.<\/p>\n","protected":false},"excerpt":{"rendered":"<h2><span class=\"current\">\u015bwiadectwo pracy w szczeg\u00f3lnych warunkach lub o szczeg\u00f3lnym charakterze<\/span><\/h2>\n<p>Wz\u00f3r \u015bwiadectwa pracy o szczeg\u00f3lnych charakterze lub w szczeg\u00f3lnych warunkach jest dokumentem niezb\u0119dnym do rozlicze\u0144 ZUS, dlatego ka\u017cdy pracodawca zatrudniaj\u0105cy pracownik\u00f3w do tego rodzaju pracy powinien wystawi\u0107 takie pismo za te okresy. Szablon \u015bwiadectwa wykonywania przez pracownika pracy w szczeg\u00f3lnych warunkach zosta\u0142 przygotowany tak, aby bez problem\u00f3w mo\u017cna go by\u0142o edytowa\u0107. Dokument jest kompatybilny z programem MS Office oraz z popularnymi darmowymi aplikacjami biurowymi (Open Office lub Libre Office).<\/p>\n","protected":false},"featured_media":4406,"template":"","meta":[],"product_brand":[],"product_cat":[24],"product_tag":[57,55,54,58,56],"class_list":{"0":"post-4394","1":"product","2":"type-product","3":"status-publish","4":"has-post-thumbnail","6":"product_cat-formularze-zaswiadczenia","7":"product_tag-praca-o-szczegolny-charakterze","8":"product_tag-praca-w-szczegolnych-warunkach","9":"product_tag-swiadectwo-wykonywania-pracy-w-szczegolnych-warunkach","10":"product_tag-szczegolne-warunki-pracy","11":"product_tag-wzor-swiadectwa-pracy-w-szczegolnych-warunkach","13":"first","14":"instock","15":"shipping-taxable","16":"product-type-external"},"yoast_head":"<!-- This site is optimized with the Yoast SEO plugin v27.0 - https:\/\/yoast.com\/product\/yoast-seo-wordpress\/ -->\n<title>Wz\u00f3r \u015bwiadectwa wykonywania przez pracownika pracy w szczeg\u00f3lnych warunkach - Aplikuj.pl<\/title>\n<meta name=\"robots\" content=\"index, follow, max-snippet:-1, max-image-preview:large, max-video-preview:-1\" \/>\n<link rel=\"canonical\" href=\"https:\/\/www.aplikuj.pl\/dokumenty\/formularze-zaswiadczenia\/swiadectwo-wykonywania-pracy-w-szczegolnych-warunkach\/\" \/>\n<meta property=\"og:locale\" content=\"pl_PL\" \/>\n<meta property=\"og:type\" content=\"article\" \/>\n<meta property=\"og:title\" content=\"Wz\u00f3r \u015bwiadectwa wykonywania przez pracownika pracy w szczeg\u00f3lnych warunkach - Aplikuj.pl\" \/>\n<meta property=\"og:description\" content=\"\u015bwiadectwo pracy w szczeg\u00f3lnych warunkach lub o szczeg\u00f3lnym charakterze Wz\u00f3r \u015bwiadectwa pracy o szczeg\u00f3lnych charakterze lub w szczeg\u00f3lnych warunkach jest dokumentem niezb\u0119dnym do rozlicze\u0144 ZUS, dlatego ka\u017cdy pracodawca zatrudniaj\u0105cy pracownik\u00f3w do tego rodzaju pracy powinien wystawi\u0107 takie pismo za te okresy. Szablon \u015bwiadectwa wykonywania przez pracownika pracy w szczeg\u00f3lnych warunkach zosta\u0142 przygotowany tak, aby bez problem\u00f3w mo\u017cna go by\u0142o edytowa\u0107. Dokument jest kompatybilny z programem MS Office oraz z popularnymi darmowymi aplikacjami biurowymi (Open Office lub Libre Office).\" \/>\n<meta property=\"og:url\" content=\"https:\/\/www.aplikuj.pl\/dokumenty\/formularze-zaswiadczenia\/swiadectwo-wykonywania-pracy-w-szczegolnych-warunkach\/\" \/>\n<meta property=\"og:site_name\" content=\"Aplikuj.pl\" \/>\n<meta property=\"article:modified_time\" content=\"2026-02-22T22:23:31+00:00\" \/>\n<meta property=\"og:image\" content=\"https:\/\/www.aplikuj.pl\/dokumenty\/wp-content\/uploads\/2020\/09\/aplikuj-wz\u00f3r-v17.jpg\" \/>\n\t<meta property=\"og:image:width\" content=\"794\" \/>\n\t<meta property=\"og:image:height\" content=\"1123\" \/>\n\t<meta property=\"og:image:type\" content=\"image\/jpeg\" \/>\n<meta name=\"twitter:card\" content=\"summary_large_image\" \/>\n<meta name=\"twitter:label1\" content=\"Szacowany czas czytania\" \/>\n\t<meta name=\"twitter:data1\" content=\"2 minuty\" \/>\n<script type=\"application\/ld+json\" class=\"yoast-schema-graph\">{\"@context\":\"https:\/\/schema.org\",\"@graph\":[{\"@type\":\"WebPage\",\"@id\":\"https:\/\/www.aplikuj.pl\/dokumenty\/formularze-zaswiadczenia\/swiadectwo-wykonywania-pracy-w-szczegolnych-warunkach\/\",\"url\":\"https:\/\/www.aplikuj.pl\/dokumenty\/formularze-zaswiadczenia\/swiadectwo-wykonywania-pracy-w-szczegolnych-warunkach\/\",\"name\":\"Wz\u00f3r \u015bwiadectwa wykonywania przez pracownika pracy w szczeg\u00f3lnych warunkach - Aplikuj.pl\",\"isPartOf\":{\"@id\":\"https:\/\/www.aplikuj.pl\/dokumenty\/#website\"},\"primaryImageOfPage\":{\"@id\":\"https:\/\/www.aplikuj.pl\/dokumenty\/formularze-zaswiadczenia\/swiadectwo-wykonywania-pracy-w-szczegolnych-warunkach\/#primaryimage\"},\"image\":{\"@id\":\"https:\/\/www.aplikuj.pl\/dokumenty\/formularze-zaswiadczenia\/swiadectwo-wykonywania-pracy-w-szczegolnych-warunkach\/#primaryimage\"},\"thumbnailUrl\":\"https:\/\/www.aplikuj.pl\/dokumenty\/wp-content\/uploads\/2020\/09\/aplikuj-wz\u00f3r-v17.jpg\",\"datePublished\":\"2020-09-30T12:26:33+00:00\",\"dateModified\":\"2026-02-22T22:23:31+00:00\",\"breadcrumb\":{\"@id\":\"https:\/\/www.aplikuj.pl\/dokumenty\/formularze-zaswiadczenia\/swiadectwo-wykonywania-pracy-w-szczegolnych-warunkach\/#breadcrumb\"},\"inLanguage\":\"pl-PL\",\"potentialAction\":[{\"@type\":\"ReadAction\",\"target\":[\"https:\/\/www.aplikuj.pl\/dokumenty\/formularze-zaswiadczenia\/swiadectwo-wykonywania-pracy-w-szczegolnych-warunkach\/\"]}]},{\"@type\":\"ImageObject\",\"inLanguage\":\"pl-PL\",\"@id\":\"https:\/\/www.aplikuj.pl\/dokumenty\/formularze-zaswiadczenia\/swiadectwo-wykonywania-pracy-w-szczegolnych-warunkach\/#primaryimage\",\"url\":\"https:\/\/www.aplikuj.pl\/dokumenty\/wp-content\/uploads\/2020\/09\/aplikuj-wz\u00f3r-v17.jpg\",\"contentUrl\":\"https:\/\/www.aplikuj.pl\/dokumenty\/wp-content\/uploads\/2020\/09\/aplikuj-wz\u00f3r-v17.jpg\",\"width\":794,\"height\":1123,\"caption\":\"Grafika wz\u00f3r \u015bwiadectwa pracy w szczeg\u00f3lnych warunkach\"},{\"@type\":\"BreadcrumbList\",\"@id\":\"https:\/\/www.aplikuj.pl\/dokumenty\/formularze-zaswiadczenia\/swiadectwo-wykonywania-pracy-w-szczegolnych-warunkach\/#breadcrumb\",\"itemListElement\":[{\"@type\":\"ListItem\",\"position\":1,\"name\":\"Dokumenty HR\",\"item\":\"https:\/\/www.aplikuj.pl\/dokumenty\/\"},{\"@type\":\"ListItem\",\"position\":2,\"name\":\"umowa-o-prace\",\"item\":\"https:\/\/www.aplikuj.pl\/dokumenty\/umowa-o-prace\/\"},{\"@type\":\"ListItem\",\"position\":3,\"name\":\"Formularze i za\u015bwiadczenia\",\"item\":\"https:\/\/www.aplikuj.pl\/dokumenty\/formularze-zaswiadczenia\/\"},{\"@type\":\"ListItem\",\"position\":4,\"name\":\"Wz\u00f3r \u015bwiadectwa wykonywania przez pracownika pracy w szczeg\u00f3lnych warunkach\"}]},{\"@type\":\"WebSite\",\"@id\":\"https:\/\/www.aplikuj.pl\/dokumenty\/#website\",\"url\":\"https:\/\/www.aplikuj.pl\/dokumenty\/\",\"name\":\"Aplikuj.pl\",\"description\":\"Profesjonalne i darmowe wzory dokument\u00f3w HR\",\"publisher\":{\"@id\":\"https:\/\/www.aplikuj.pl\/dokumenty\/#organization\"},\"potentialAction\":[{\"@type\":\"SearchAction\",\"target\":{\"@type\":\"EntryPoint\",\"urlTemplate\":\"https:\/\/www.aplikuj.pl\/dokumenty\/?s={search_term_string}\"},\"query-input\":{\"@type\":\"PropertyValueSpecification\",\"valueRequired\":true,\"valueName\":\"search_term_string\"}}],\"inLanguage\":\"pl-PL\"},{\"@type\":\"Organization\",\"@id\":\"https:\/\/www.aplikuj.pl\/dokumenty\/#organization\",\"name\":\"Aplikuj.pl\",\"url\":\"https:\/\/www.aplikuj.pl\/dokumenty\/\",\"logo\":{\"@type\":\"ImageObject\",\"inLanguage\":\"pl-PL\",\"@id\":\"https:\/\/www.aplikuj.pl\/dokumenty\/#\/schema\/logo\/image\/\",\"url\":\"\",\"contentUrl\":\"\",\"caption\":\"Aplikuj.pl\"},\"image\":{\"@id\":\"https:\/\/www.aplikuj.pl\/dokumenty\/#\/schema\/logo\/image\/\"}}]}<\/script>\n<!-- \/ Yoast SEO plugin. -->","yoast_head_json":{"title":"Wz\u00f3r \u015bwiadectwa wykonywania przez pracownika pracy w szczeg\u00f3lnych warunkach - Aplikuj.pl","robots":{"index":"index","follow":"follow","max-snippet":"max-snippet:-1","max-image-preview":"max-image-preview:large","max-video-preview":"max-video-preview:-1"},"canonical":"https:\/\/www.aplikuj.pl\/dokumenty\/formularze-zaswiadczenia\/swiadectwo-wykonywania-pracy-w-szczegolnych-warunkach\/","og_locale":"pl_PL","og_type":"article","og_title":"Wz\u00f3r \u015bwiadectwa wykonywania przez pracownika pracy w szczeg\u00f3lnych warunkach - Aplikuj.pl","og_description":"\u015bwiadectwo pracy w szczeg\u00f3lnych warunkach lub o szczeg\u00f3lnym charakterze Wz\u00f3r \u015bwiadectwa pracy o szczeg\u00f3lnych charakterze lub w szczeg\u00f3lnych warunkach jest dokumentem niezb\u0119dnym do rozlicze\u0144 ZUS, dlatego ka\u017cdy pracodawca zatrudniaj\u0105cy pracownik\u00f3w do tego rodzaju pracy powinien wystawi\u0107 takie pismo za te okresy. Szablon \u015bwiadectwa wykonywania przez pracownika pracy w szczeg\u00f3lnych warunkach zosta\u0142 przygotowany tak, aby bez problem\u00f3w mo\u017cna go by\u0142o edytowa\u0107. Dokument jest kompatybilny z programem MS Office oraz z popularnymi darmowymi aplikacjami biurowymi (Open Office lub Libre Office).","og_url":"https:\/\/www.aplikuj.pl\/dokumenty\/formularze-zaswiadczenia\/swiadectwo-wykonywania-pracy-w-szczegolnych-warunkach\/","og_site_name":"Aplikuj.pl","article_modified_time":"2026-02-22T22:23:31+00:00","og_image":[{"width":794,"height":1123,"url":"https:\/\/www.aplikuj.pl\/dokumenty\/wp-content\/uploads\/2020\/09\/aplikuj-wz\u00f3r-v17.jpg","type":"image\/jpeg"}],"twitter_card":"summary_large_image","twitter_misc":{"Szacowany czas czytania":"2 minuty"},"schema":{"@context":"https:\/\/schema.org","@graph":[{"@type":"WebPage","@id":"https:\/\/www.aplikuj.pl\/dokumenty\/formularze-zaswiadczenia\/swiadectwo-wykonywania-pracy-w-szczegolnych-warunkach\/","url":"https:\/\/www.aplikuj.pl\/dokumenty\/formularze-zaswiadczenia\/swiadectwo-wykonywania-pracy-w-szczegolnych-warunkach\/","name":"Wz\u00f3r \u015bwiadectwa wykonywania przez pracownika pracy w szczeg\u00f3lnych warunkach - Aplikuj.pl","isPartOf":{"@id":"https:\/\/www.aplikuj.pl\/dokumenty\/#website"},"primaryImageOfPage":{"@id":"https:\/\/www.aplikuj.pl\/dokumenty\/formularze-zaswiadczenia\/swiadectwo-wykonywania-pracy-w-szczegolnych-warunkach\/#primaryimage"},"image":{"@id":"https:\/\/www.aplikuj.pl\/dokumenty\/formularze-zaswiadczenia\/swiadectwo-wykonywania-pracy-w-szczegolnych-warunkach\/#primaryimage"},"thumbnailUrl":"https:\/\/www.aplikuj.pl\/dokumenty\/wp-content\/uploads\/2020\/09\/aplikuj-wz\u00f3r-v17.jpg","datePublished":"2020-09-30T12:26:33+00:00","dateModified":"2026-02-22T22:23:31+00:00","breadcrumb":{"@id":"https:\/\/www.aplikuj.pl\/dokumenty\/formularze-zaswiadczenia\/swiadectwo-wykonywania-pracy-w-szczegolnych-warunkach\/#breadcrumb"},"inLanguage":"pl-PL","potentialAction":[{"@type":"ReadAction","target":["https:\/\/www.aplikuj.pl\/dokumenty\/formularze-zaswiadczenia\/swiadectwo-wykonywania-pracy-w-szczegolnych-warunkach\/"]}]},{"@type":"ImageObject","inLanguage":"pl-PL","@id":"https:\/\/www.aplikuj.pl\/dokumenty\/formularze-zaswiadczenia\/swiadectwo-wykonywania-pracy-w-szczegolnych-warunkach\/#primaryimage","url":"https:\/\/www.aplikuj.pl\/dokumenty\/wp-content\/uploads\/2020\/09\/aplikuj-wz\u00f3r-v17.jpg","contentUrl":"https:\/\/www.aplikuj.pl\/dokumenty\/wp-content\/uploads\/2020\/09\/aplikuj-wz\u00f3r-v17.jpg","width":794,"height":1123,"caption":"Grafika wz\u00f3r \u015bwiadectwa pracy w szczeg\u00f3lnych warunkach"},{"@type":"BreadcrumbList","@id":"https:\/\/www.aplikuj.pl\/dokumenty\/formularze-zaswiadczenia\/swiadectwo-wykonywania-pracy-w-szczegolnych-warunkach\/#breadcrumb","itemListElement":[{"@type":"ListItem","position":1,"name":"Dokumenty HR","item":"https:\/\/www.aplikuj.pl\/dokumenty\/"},{"@type":"ListItem","position":2,"name":"umowa-o-prace","item":"https:\/\/www.aplikuj.pl\/dokumenty\/umowa-o-prace\/"},{"@type":"ListItem","position":3,"name":"Formularze i za\u015bwiadczenia","item":"https:\/\/www.aplikuj.pl\/dokumenty\/formularze-zaswiadczenia\/"},{"@type":"ListItem","position":4,"name":"Wz\u00f3r \u015bwiadectwa wykonywania przez pracownika pracy w szczeg\u00f3lnych warunkach"}]},{"@type":"WebSite","@id":"https:\/\/www.aplikuj.pl\/dokumenty\/#website","url":"https:\/\/www.aplikuj.pl\/dokumenty\/","name":"Aplikuj.pl","description":"Profesjonalne i darmowe wzory dokument\u00f3w HR","publisher":{"@id":"https:\/\/www.aplikuj.pl\/dokumenty\/#organization"},"potentialAction":[{"@type":"SearchAction","target":{"@type":"EntryPoint","urlTemplate":"https:\/\/www.aplikuj.pl\/dokumenty\/?s={search_term_string}"},"query-input":{"@type":"PropertyValueSpecification","valueRequired":true,"valueName":"search_term_string"}}],"inLanguage":"pl-PL"},{"@type":"Organization","@id":"https:\/\/www.aplikuj.pl\/dokumenty\/#organization","name":"Aplikuj.pl","url":"https:\/\/www.aplikuj.pl\/dokumenty\/","logo":{"@type":"ImageObject","inLanguage":"pl-PL","@id":"https:\/\/www.aplikuj.pl\/dokumenty\/#\/schema\/logo\/image\/","url":"","contentUrl":"","caption":"Aplikuj.pl"},"image":{"@id":"https:\/\/www.aplikuj.pl\/dokumenty\/#\/schema\/logo\/image\/"}}]}},"_links":{"self":[{"href":"https:\/\/www.aplikuj.pl\/dokumenty\/wp-json\/wp\/v2\/product\/4394","targetHints":{"allow":["GET"]}}],"collection":[{"href":"https:\/\/www.aplikuj.pl\/dokumenty\/wp-json\/wp\/v2\/product"}],"about":[{"href":"https:\/\/www.aplikuj.pl\/dokumenty\/wp-json\/wp\/v2\/types\/product"}],"version-history":[{"count":2,"href":"https:\/\/www.aplikuj.pl\/dokumenty\/wp-json\/wp\/v2\/product\/4394\/revisions"}],"predecessor-version":[{"id":5170,"href":"https:\/\/www.aplikuj.pl\/dokumenty\/wp-json\/wp\/v2\/product\/4394\/revisions\/5170"}],"wp:featuredmedia":[{"embeddable":true,"href":"https:\/\/www.aplikuj.pl\/dokumenty\/wp-json\/wp\/v2\/media\/4406"}],"wp:attachment":[{"href":"https:\/\/www.aplikuj.pl\/dokumenty\/wp-json\/wp\/v2\/media?parent=4394"}],"wp:term":[{"taxonomy":"product_brand","embeddable":true,"href":"https:\/\/www.aplikuj.pl\/dokumenty\/wp-json\/wp\/v2\/product_brand?post=4394"},{"taxonomy":"product_cat","embeddable":true,"href":"https:\/\/www.aplikuj.pl\/dokumenty\/wp-json\/wp\/v2\/product_cat?post=4394"},{"taxonomy":"product_tag","embeddable":true,"href":"https:\/\/www.aplikuj.pl\/dokumenty\/wp-json\/wp\/v2\/product_tag?post=4394"}],"curies":[{"name":"wp","href":"https:\/\/api.w.org\/{rel}","templated":true}]}}