{"id":4380,"date":"2020-09-14T13:47:26","date_gmt":"2020-09-14T11:47:26","guid":{"rendered":"https:\/\/www.aplikuj.pl\/dokumenty\/?post_type=product&#038;p=4380"},"modified":"2026-02-22T23:23:31","modified_gmt":"2026-02-22T22:23:31","slug":"wzor-wniosku-o-wydanie-zezwolenia-na-prace","status":"publish","type":"product","link":"https:\/\/www.aplikuj.pl\/dokumenty\/wzory-organizacja-pracy\/wzor-wniosku-o-wydanie-zezwolenia-na-prace\/","title":{"rendered":"Wz\u00f3r wniosku o wydanie zezwolenia na prac\u0119 sezonow\u0105 cudzoziemca"},"content":{"rendered":"<h2><span class=\"current\">Wz\u00f3r wniosku o wydanie zezwolenia na prac\u0119 sezonow\u0105 cudzoziemca<\/span><\/h2>\n<p>Rynek nieruchomo\u015bci to wymagaj\u0105ca bran\u017ca, skupiaj\u0105ca w swych szeregach pracownik\u00f3w perfekcyjnie przygotowanych do pe\u0142nienia swoich obowi\u0105zk\u00f3w i jednocze\u015bnie, wyr\u00f3\u017cniaj\u0105cych si\u0119 oryginalnym podej\u015bciem do klienta. Aby m\u00f3c do\u0142\u0105czy\u0107 do tego grona, nie jest obecnie wymagane posiadanie licencji zawodowej, co znacznie otwiera mo\u017cliwo\u015bci osobom, nieposiadaj\u0105cym kierunkowych kwalifikacji. Umiej\u0119tno\u015bci i wiedzy, niezb\u0119dnych w wykonywaniu zawodu agenta nieruchomo\u015bci jest wiele, jednak najwa\u017cniejsze z nich, warunkuj\u0105ce powodzenie w zawodzie, powinny znale\u017a\u0107 si\u0119 w CV.<\/p>\n<h2>Rzeczowo i nieszablonowo\u2026<\/h2>\n<p>Doskona\u0142e CV agenta nieruchomo\u015bci powinno by\u0107 przejrzyste i czytelne. Uniwersalna czcionka, aktualne zdj\u0119cie, umieszczone w lewym, g\u00f3rnym rogu (potwierdzaj\u0105ce doskona\u0142\u0105 prezencj\u0119, niezb\u0119dn\u0105 w zawodzie agenta nieruchomo\u015bci), wyra\u017anie zaznaczone dane osobowe, stworz\u0105 pozytywne, pierwsze wra\u017cenie.<br \/>\nAby doda\u0107 co\u015b nietypowego, warto zamie\u015bci\u0107 kr\u00f3tkie podsumowanie, kt\u00f3re w pocz\u0105tkowej cz\u0119\u015bci CV stanie si\u0119 kr\u00f3tk\u0105 i czyteln\u0105 informacj\u0105 dla pracodawcy. Dobrym sposobem na stworzenie takiej mini prezentacji b\u0119dzie wyobra\u017cenie sobie, \u017ce szef prosi, aby w trzech zdaniach opisa\u0107 si\u0119 zawodowo. Po pierwsze trzeba wspomnie\u0107, jak si\u0119 nazywasz i jak d\u0142ugo pracujesz ju\u017c w zawodzie. Po drugie, czy znasz techniki sprzeda\u017cy i potrafisz sprosta\u0107 codziennym wymogom aktywnej pracy pod wp\u0142ywem stresu. Po trzecie, na jakie stanowisko aplikujesz, z uzasadnieniem.<\/p>\n<h2>Konkretne informacje, ciekawa forma.<\/h2>\n<p>Zainteresowanie potencjalnego pracodawcy mo\u017cna wzbudzi\u0107 na kilka sposob\u00f3w: wymieniaj\u0105c liczny udzia\u0142 w kursach doszkalaj\u0105cych, prezentuj\u0105c swoje ciekawe zainteresowania, zamieszczaj\u0105c to wszystko w nietypowej formie. Poza wspomnieniem o wykszta\u0142ceniu, kt\u00f3rego profil \u0142\u0105czy si\u0119 z obowi\u0105zkami agenta nieruchomo\u015bci, warto nadmieni\u0107 o do\u015bwiadczeniu, kt\u00f3re pomog\u0142o zdoby\u0107 niezb\u0119dne umiej\u0119tno\u015bci. Ciekawa forma, to np. uj\u0119cie swoich kompetencji w nawi\u0105zaniu do realnych dokona\u0144. Kolumny, w kt\u00f3rych tworzony jest dokument, mog\u0105 zawiera\u0107 zestawienie swoich umiej\u0119tno\u015bci z dotychczasowym do\u015bwiadczeniem. Je\u015bli zamierzasz pochwali\u0107 si\u0119 znajomo\u015bci\u0105 obs\u0142ugo komputera, mo\u017cna w odniesieniu napisa\u0107, \u017ce do\u015bwiadczenie zdoby\u0142o si\u0119 w pracy na stanowisku biurowym. Je\u015bli mieli\u015bmy do czynienia z aktywnymi technikami sprzeda\u017cy, podajemy przyk\u0142ad, na jakim stanowisku wykorzystywali\u015bmy takie umiej\u0119tno\u015bci. Dokumentuj\u0105c znajomo\u015b\u0107 j\u0119zyka obcego, warto wspomnie\u0107 o wsp\u00f3\u0142pracy z klientami zagranicznymi. Aby wywrze\u0107 pozytywne wra\u017canie na osobie, kt\u00f3ra akceptuje dokumenty aplikacyjne, warto swoje niezrealizowane do ko\u0144ca cele przedstawi\u0107 jako realizowane mo\u017cliwo\u015bci. Pracodawca odczyta pozytywne nastawienie do rzeczywisto\u015bci i ci\u0105g\u0142y rozw\u00f3j.<\/p>\n<h2>CV sposobem na wyr\u00f3\u017cnienie si\u0119 w\u015br\u00f3d konkurent\u00f3w.<\/h2>\n<p>Umiej\u0119tno\u015bci, mog\u0105ce mie\u0107 wp\u0142yw na prac\u0119, warto zaznaczy\u0107 w tworzeniu CV. Znajomo\u015b\u0107 pracy z komputerem usprawni wykonywanie obowi\u0105zk\u00f3w, dzi\u0119ki znajomo\u015bci techniki prowadzenia pojazd\u00f3w \u0142atwo dotrzesz na spotkanie, otwarto\u015b\u0107 oraz \u0142atwo\u015b\u0107 nawi\u0105zywania kontakt\u00f3w, u\u0142atwi znalezienie wsp\u00f3lnego j\u0119zyka z klientami, a wysoka kultura osobista wzbudzi zaufanie przy prezentowaniu nieruchomo\u015bci. CV powinno by\u0107 dokumentem, tworz\u0105cym spis atut\u00f3w i dobrych cech, podnosz\u0105cych szanse na rynku pracy.<\/p>\n","protected":false},"excerpt":{"rendered":"<p>Dokument zosta\u0142 przygotowany w celu nawi\u0105zania stosunku pracy na okres pr\u00f3bny wskazany przez pracodawc\u0119. Wz\u00f3r umowy o prac\u0119 przygotowano w nowoczesnym i funkcjonalnym szablonie graficznym, kt\u00f3ry jest widoczny na podgl\u0105dzie obok. Dost\u0119pny do pobrania umowy o prac\u0119 na okres pr\u00f3bny mo\u017cna zapisa\u0107 w PDF lub DOC, a w razie potrzeby samodzielnie edytowa\u0107 i uzupe\u0142ni\u0107 w programie MS Word lub w innym darmowym programie do edycji tekstu (Open Office lub Libre Office). Edytowanie dokumentu jest proste i nie wymaga wysokich umiej\u0119tno\u015bci edytorskich.<\/p>\n","protected":false},"featured_media":4410,"template":"","meta":[],"product_brand":[],"product_cat":[28],"product_tag":[75,73,74],"class_list":{"0":"post-4380","1":"product","2":"type-product","3":"status-publish","4":"has-post-thumbnail","6":"product_cat-wzory-organizacja-pracy","7":"product_tag-wniosek-o-prace-dla-cudzoziemca-wzor","8":"product_tag-wniosek-o-wydanie-zezwolenia-na-prace-cudzoziemca-wzor","9":"product_tag-zezwolenie-na-prace-sezonowa-cudzoziemca","11":"first","12":"instock","13":"shipping-taxable","14":"product-type-external"},"yoast_head":"<!-- This site is optimized with the Yoast SEO plugin v27.0 - https:\/\/yoast.com\/product\/yoast-seo-wordpress\/ -->\n<title>Wz\u00f3r wniosku o wydanie zezwolenia na prac\u0119 sezonow\u0105 cudzoziemca - Aplikuj.pl<\/title>\n<meta name=\"robots\" content=\"index, follow, max-snippet:-1, max-image-preview:large, max-video-preview:-1\" \/>\n<link rel=\"canonical\" href=\"https:\/\/www.aplikuj.pl\/dokumenty\/wzory-organizacja-pracy\/wzor-wniosku-o-wydanie-zezwolenia-na-prace\/\" \/>\n<meta property=\"og:locale\" content=\"pl_PL\" \/>\n<meta property=\"og:type\" content=\"article\" \/>\n<meta property=\"og:title\" content=\"Wz\u00f3r wniosku o wydanie zezwolenia na prac\u0119 sezonow\u0105 cudzoziemca - Aplikuj.pl\" \/>\n<meta property=\"og:description\" content=\"Dokument zosta\u0142 przygotowany w celu nawi\u0105zania stosunku pracy na okres pr\u00f3bny wskazany przez pracodawc\u0119. Wz\u00f3r umowy o prac\u0119 przygotowano w nowoczesnym i funkcjonalnym szablonie graficznym, kt\u00f3ry jest widoczny na podgl\u0105dzie obok. Dost\u0119pny do pobrania umowy o prac\u0119 na okres pr\u00f3bny mo\u017cna zapisa\u0107 w PDF lub DOC, a w razie potrzeby samodzielnie edytowa\u0107 i uzupe\u0142ni\u0107 w programie MS Word lub w innym darmowym programie do edycji tekstu (Open Office lub Libre Office). Edytowanie dokumentu jest proste i nie wymaga wysokich umiej\u0119tno\u015bci edytorskich.\" \/>\n<meta property=\"og:url\" content=\"https:\/\/www.aplikuj.pl\/dokumenty\/wzory-organizacja-pracy\/wzor-wniosku-o-wydanie-zezwolenia-na-prace\/\" \/>\n<meta property=\"og:site_name\" content=\"Aplikuj.pl\" \/>\n<meta property=\"article:modified_time\" content=\"2026-02-22T22:23:31+00:00\" \/>\n<meta property=\"og:image\" content=\"https:\/\/www.aplikuj.pl\/dokumenty\/wp-content\/uploads\/2020\/09\/aplikuj-wz\u00f3r-v112.jpg\" \/>\n\t<meta property=\"og:image:width\" content=\"794\" \/>\n\t<meta property=\"og:image:height\" content=\"1123\" \/>\n\t<meta property=\"og:image:type\" content=\"image\/jpeg\" \/>\n<meta name=\"twitter:card\" content=\"summary_large_image\" \/>\n<meta name=\"twitter:label1\" content=\"Szacowany czas czytania\" \/>\n\t<meta name=\"twitter:data1\" content=\"3 minuty\" \/>\n<script type=\"application\/ld+json\" class=\"yoast-schema-graph\">{\"@context\":\"https:\/\/schema.org\",\"@graph\":[{\"@type\":\"WebPage\",\"@id\":\"https:\/\/www.aplikuj.pl\/dokumenty\/wzory-organizacja-pracy\/wzor-wniosku-o-wydanie-zezwolenia-na-prace\/\",\"url\":\"https:\/\/www.aplikuj.pl\/dokumenty\/wzory-organizacja-pracy\/wzor-wniosku-o-wydanie-zezwolenia-na-prace\/\",\"name\":\"Wz\u00f3r wniosku o wydanie zezwolenia na prac\u0119 sezonow\u0105 cudzoziemca - Aplikuj.pl\",\"isPartOf\":{\"@id\":\"https:\/\/www.aplikuj.pl\/dokumenty\/#website\"},\"primaryImageOfPage\":{\"@id\":\"https:\/\/www.aplikuj.pl\/dokumenty\/wzory-organizacja-pracy\/wzor-wniosku-o-wydanie-zezwolenia-na-prace\/#primaryimage\"},\"image\":{\"@id\":\"https:\/\/www.aplikuj.pl\/dokumenty\/wzory-organizacja-pracy\/wzor-wniosku-o-wydanie-zezwolenia-na-prace\/#primaryimage\"},\"thumbnailUrl\":\"https:\/\/www.aplikuj.pl\/dokumenty\/wp-content\/uploads\/2020\/09\/aplikuj-wz\u00f3r-v112.jpg\",\"datePublished\":\"2020-09-14T11:47:26+00:00\",\"dateModified\":\"2026-02-22T22:23:31+00:00\",\"breadcrumb\":{\"@id\":\"https:\/\/www.aplikuj.pl\/dokumenty\/wzory-organizacja-pracy\/wzor-wniosku-o-wydanie-zezwolenia-na-prace\/#breadcrumb\"},\"inLanguage\":\"pl-PL\",\"potentialAction\":[{\"@type\":\"ReadAction\",\"target\":[\"https:\/\/www.aplikuj.pl\/dokumenty\/wzory-organizacja-pracy\/wzor-wniosku-o-wydanie-zezwolenia-na-prace\/\"]}]},{\"@type\":\"ImageObject\",\"inLanguage\":\"pl-PL\",\"@id\":\"https:\/\/www.aplikuj.pl\/dokumenty\/wzory-organizacja-pracy\/wzor-wniosku-o-wydanie-zezwolenia-na-prace\/#primaryimage\",\"url\":\"https:\/\/www.aplikuj.pl\/dokumenty\/wp-content\/uploads\/2020\/09\/aplikuj-wz\u00f3r-v112.jpg\",\"contentUrl\":\"https:\/\/www.aplikuj.pl\/dokumenty\/wp-content\/uploads\/2020\/09\/aplikuj-wz\u00f3r-v112.jpg\",\"width\":794,\"height\":1123,\"caption\":\"Grafika wniosek praca dla cudzoziemca\"},{\"@type\":\"BreadcrumbList\",\"@id\":\"https:\/\/www.aplikuj.pl\/dokumenty\/wzory-organizacja-pracy\/wzor-wniosku-o-wydanie-zezwolenia-na-prace\/#breadcrumb\",\"itemListElement\":[{\"@type\":\"ListItem\",\"position\":1,\"name\":\"Dokumenty HR\",\"item\":\"https:\/\/www.aplikuj.pl\/dokumenty\/\"},{\"@type\":\"ListItem\",\"position\":2,\"name\":\"umowa-o-prace\",\"item\":\"https:\/\/www.aplikuj.pl\/dokumenty\/umowa-o-prace\/\"},{\"@type\":\"ListItem\",\"position\":3,\"name\":\"Wzory dokument\u00f3w - organizacja pracy\",\"item\":\"https:\/\/www.aplikuj.pl\/dokumenty\/wzory-organizacja-pracy\/\"},{\"@type\":\"ListItem\",\"position\":4,\"name\":\"Wz\u00f3r wniosku o wydanie zezwolenia na prac\u0119 sezonow\u0105 cudzoziemca\"}]},{\"@type\":\"WebSite\",\"@id\":\"https:\/\/www.aplikuj.pl\/dokumenty\/#website\",\"url\":\"https:\/\/www.aplikuj.pl\/dokumenty\/\",\"name\":\"Aplikuj.pl\",\"description\":\"Profesjonalne i darmowe wzory dokument\u00f3w HR\",\"publisher\":{\"@id\":\"https:\/\/www.aplikuj.pl\/dokumenty\/#organization\"},\"potentialAction\":[{\"@type\":\"SearchAction\",\"target\":{\"@type\":\"EntryPoint\",\"urlTemplate\":\"https:\/\/www.aplikuj.pl\/dokumenty\/?s={search_term_string}\"},\"query-input\":{\"@type\":\"PropertyValueSpecification\",\"valueRequired\":true,\"valueName\":\"search_term_string\"}}],\"inLanguage\":\"pl-PL\"},{\"@type\":\"Organization\",\"@id\":\"https:\/\/www.aplikuj.pl\/dokumenty\/#organization\",\"name\":\"Aplikuj.pl\",\"url\":\"https:\/\/www.aplikuj.pl\/dokumenty\/\",\"logo\":{\"@type\":\"ImageObject\",\"inLanguage\":\"pl-PL\",\"@id\":\"https:\/\/www.aplikuj.pl\/dokumenty\/#\/schema\/logo\/image\/\",\"url\":\"\",\"contentUrl\":\"\",\"caption\":\"Aplikuj.pl\"},\"image\":{\"@id\":\"https:\/\/www.aplikuj.pl\/dokumenty\/#\/schema\/logo\/image\/\"}}]}<\/script>\n<!-- \/ Yoast SEO plugin. -->","yoast_head_json":{"title":"Wz\u00f3r wniosku o wydanie zezwolenia na prac\u0119 sezonow\u0105 cudzoziemca - Aplikuj.pl","robots":{"index":"index","follow":"follow","max-snippet":"max-snippet:-1","max-image-preview":"max-image-preview:large","max-video-preview":"max-video-preview:-1"},"canonical":"https:\/\/www.aplikuj.pl\/dokumenty\/wzory-organizacja-pracy\/wzor-wniosku-o-wydanie-zezwolenia-na-prace\/","og_locale":"pl_PL","og_type":"article","og_title":"Wz\u00f3r wniosku o wydanie zezwolenia na prac\u0119 sezonow\u0105 cudzoziemca - Aplikuj.pl","og_description":"Dokument zosta\u0142 przygotowany w celu nawi\u0105zania stosunku pracy na okres pr\u00f3bny wskazany przez pracodawc\u0119. Wz\u00f3r umowy o prac\u0119 przygotowano w nowoczesnym i funkcjonalnym szablonie graficznym, kt\u00f3ry jest widoczny na podgl\u0105dzie obok. Dost\u0119pny do pobrania umowy o prac\u0119 na okres pr\u00f3bny mo\u017cna zapisa\u0107 w PDF lub DOC, a w razie potrzeby samodzielnie edytowa\u0107 i uzupe\u0142ni\u0107 w programie MS Word lub w innym darmowym programie do edycji tekstu (Open Office lub Libre Office). Edytowanie dokumentu jest proste i nie wymaga wysokich umiej\u0119tno\u015bci edytorskich.","og_url":"https:\/\/www.aplikuj.pl\/dokumenty\/wzory-organizacja-pracy\/wzor-wniosku-o-wydanie-zezwolenia-na-prace\/","og_site_name":"Aplikuj.pl","article_modified_time":"2026-02-22T22:23:31+00:00","og_image":[{"width":794,"height":1123,"url":"https:\/\/www.aplikuj.pl\/dokumenty\/wp-content\/uploads\/2020\/09\/aplikuj-wz\u00f3r-v112.jpg","type":"image\/jpeg"}],"twitter_card":"summary_large_image","twitter_misc":{"Szacowany czas czytania":"3 minuty"},"schema":{"@context":"https:\/\/schema.org","@graph":[{"@type":"WebPage","@id":"https:\/\/www.aplikuj.pl\/dokumenty\/wzory-organizacja-pracy\/wzor-wniosku-o-wydanie-zezwolenia-na-prace\/","url":"https:\/\/www.aplikuj.pl\/dokumenty\/wzory-organizacja-pracy\/wzor-wniosku-o-wydanie-zezwolenia-na-prace\/","name":"Wz\u00f3r wniosku o wydanie zezwolenia na prac\u0119 sezonow\u0105 cudzoziemca - Aplikuj.pl","isPartOf":{"@id":"https:\/\/www.aplikuj.pl\/dokumenty\/#website"},"primaryImageOfPage":{"@id":"https:\/\/www.aplikuj.pl\/dokumenty\/wzory-organizacja-pracy\/wzor-wniosku-o-wydanie-zezwolenia-na-prace\/#primaryimage"},"image":{"@id":"https:\/\/www.aplikuj.pl\/dokumenty\/wzory-organizacja-pracy\/wzor-wniosku-o-wydanie-zezwolenia-na-prace\/#primaryimage"},"thumbnailUrl":"https:\/\/www.aplikuj.pl\/dokumenty\/wp-content\/uploads\/2020\/09\/aplikuj-wz\u00f3r-v112.jpg","datePublished":"2020-09-14T11:47:26+00:00","dateModified":"2026-02-22T22:23:31+00:00","breadcrumb":{"@id":"https:\/\/www.aplikuj.pl\/dokumenty\/wzory-organizacja-pracy\/wzor-wniosku-o-wydanie-zezwolenia-na-prace\/#breadcrumb"},"inLanguage":"pl-PL","potentialAction":[{"@type":"ReadAction","target":["https:\/\/www.aplikuj.pl\/dokumenty\/wzory-organizacja-pracy\/wzor-wniosku-o-wydanie-zezwolenia-na-prace\/"]}]},{"@type":"ImageObject","inLanguage":"pl-PL","@id":"https:\/\/www.aplikuj.pl\/dokumenty\/wzory-organizacja-pracy\/wzor-wniosku-o-wydanie-zezwolenia-na-prace\/#primaryimage","url":"https:\/\/www.aplikuj.pl\/dokumenty\/wp-content\/uploads\/2020\/09\/aplikuj-wz\u00f3r-v112.jpg","contentUrl":"https:\/\/www.aplikuj.pl\/dokumenty\/wp-content\/uploads\/2020\/09\/aplikuj-wz\u00f3r-v112.jpg","width":794,"height":1123,"caption":"Grafika wniosek praca dla cudzoziemca"},{"@type":"BreadcrumbList","@id":"https:\/\/www.aplikuj.pl\/dokumenty\/wzory-organizacja-pracy\/wzor-wniosku-o-wydanie-zezwolenia-na-prace\/#breadcrumb","itemListElement":[{"@type":"ListItem","position":1,"name":"Dokumenty HR","item":"https:\/\/www.aplikuj.pl\/dokumenty\/"},{"@type":"ListItem","position":2,"name":"umowa-o-prace","item":"https:\/\/www.aplikuj.pl\/dokumenty\/umowa-o-prace\/"},{"@type":"ListItem","position":3,"name":"Wzory dokument\u00f3w - organizacja pracy","item":"https:\/\/www.aplikuj.pl\/dokumenty\/wzory-organizacja-pracy\/"},{"@type":"ListItem","position":4,"name":"Wz\u00f3r wniosku o wydanie zezwolenia na prac\u0119 sezonow\u0105 cudzoziemca"}]},{"@type":"WebSite","@id":"https:\/\/www.aplikuj.pl\/dokumenty\/#website","url":"https:\/\/www.aplikuj.pl\/dokumenty\/","name":"Aplikuj.pl","description":"Profesjonalne i darmowe wzory dokument\u00f3w HR","publisher":{"@id":"https:\/\/www.aplikuj.pl\/dokumenty\/#organization"},"potentialAction":[{"@type":"SearchAction","target":{"@type":"EntryPoint","urlTemplate":"https:\/\/www.aplikuj.pl\/dokumenty\/?s={search_term_string}"},"query-input":{"@type":"PropertyValueSpecification","valueRequired":true,"valueName":"search_term_string"}}],"inLanguage":"pl-PL"},{"@type":"Organization","@id":"https:\/\/www.aplikuj.pl\/dokumenty\/#organization","name":"Aplikuj.pl","url":"https:\/\/www.aplikuj.pl\/dokumenty\/","logo":{"@type":"ImageObject","inLanguage":"pl-PL","@id":"https:\/\/www.aplikuj.pl\/dokumenty\/#\/schema\/logo\/image\/","url":"","contentUrl":"","caption":"Aplikuj.pl"},"image":{"@id":"https:\/\/www.aplikuj.pl\/dokumenty\/#\/schema\/logo\/image\/"}}]}},"_links":{"self":[{"href":"https:\/\/www.aplikuj.pl\/dokumenty\/wp-json\/wp\/v2\/product\/4380","targetHints":{"allow":["GET"]}}],"collection":[{"href":"https:\/\/www.aplikuj.pl\/dokumenty\/wp-json\/wp\/v2\/product"}],"about":[{"href":"https:\/\/www.aplikuj.pl\/dokumenty\/wp-json\/wp\/v2\/types\/product"}],"version-history":[{"count":1,"href":"https:\/\/www.aplikuj.pl\/dokumenty\/wp-json\/wp\/v2\/product\/4380\/revisions"}],"predecessor-version":[{"id":5165,"href":"https:\/\/www.aplikuj.pl\/dokumenty\/wp-json\/wp\/v2\/product\/4380\/revisions\/5165"}],"wp:featuredmedia":[{"embeddable":true,"href":"https:\/\/www.aplikuj.pl\/dokumenty\/wp-json\/wp\/v2\/media\/4410"}],"wp:attachment":[{"href":"https:\/\/www.aplikuj.pl\/dokumenty\/wp-json\/wp\/v2\/media?parent=4380"}],"wp:term":[{"taxonomy":"product_brand","embeddable":true,"href":"https:\/\/www.aplikuj.pl\/dokumenty\/wp-json\/wp\/v2\/product_brand?post=4380"},{"taxonomy":"product_cat","embeddable":true,"href":"https:\/\/www.aplikuj.pl\/dokumenty\/wp-json\/wp\/v2\/product_cat?post=4380"},{"taxonomy":"product_tag","embeddable":true,"href":"https:\/\/www.aplikuj.pl\/dokumenty\/wp-json\/wp\/v2\/product_tag?post=4380"}],"curies":[{"name":"wp","href":"https:\/\/api.w.org\/{rel}","templated":true}]}}