{"id":4379,"date":"2020-09-14T13:42:26","date_gmt":"2020-09-14T11:42:26","guid":{"rendered":"https:\/\/www.aplikuj.pl\/dokumenty\/?post_type=product&#038;p=4379"},"modified":"2026-02-22T23:23:31","modified_gmt":"2026-02-22T22:23:31","slug":"wzor-skierowania-na-badanie-lekarskie","status":"publish","type":"product","link":"https:\/\/www.aplikuj.pl\/dokumenty\/wzory-organizacja-pracy\/wzor-skierowania-na-badanie-lekarskie\/","title":{"rendered":"Wz\u00f3r skierowania na badania lekarskie"},"content":{"rendered":"<h2>Skierowanie na badania medycyny pracy<\/h2>\n<p>Medycyn\u0105 pracy nazywamy specjalizacj\u0119 lekarsk\u0105, kt\u00f3rej przedmiotem jest badanie wp\u0142ywu \u015brodowiska pracy na pacjenta. <a href=\"https:\/\/www.aplikuj.pl\/porady-dla-pracownikow\/1641\/medycyna-pracy-kiedy-musimy-udac-sie-do-lekarza\">Medycyna pracy<\/a> zajmuje si\u0119 r\u00f3wnie\u017c diagnostyk\u0105, leczeniem i profilaktyk\u0105 chor\u00f3b zawodowych. Lekarze medycyny pracy badaj\u0105 pracownik\u00f3w w zakresie profilaktycznym wykonuj\u0105c badania wst\u0119pne, okresowe i kontrolne. Badanie u lekarza medycyny pracy jest obowi\u0105zkiem ka\u017cdego pracownika, jednak to pracodawca ka\u017cdorazowo wystawia skierowanie na badania medycyny pracy i pilnuje termin\u00f3w bada\u0144 okresowych i kontrolnych. Pracodawca, kt\u00f3ry zatrudnia pracownik\u00f3w w warunkach trudnych\/szkodliwych, czyli warunkach nara\u017cenia na dzia\u0142anie substancji i czynnik\u00f3w rakotw\u00f3rczych lub py\u0142\u00f3w zw\u0142\u00f3kniaj\u0105cych ma obowi\u0105zek zapewni\u0107 tym pracownikom okresowe badania lekarskie tak\u017ce:<\/p>\n<ul>\n<li>po zaprzestaniu pracy w kontakcie z tymi substancjami<\/li>\n<li>po rozwi\u0105zaniu stosunku pracy, je\u017celi zainteresowana osoba zg\u0142osi wniosek o obj\u0119cie takimi badaniami.<\/li>\n<\/ul>\n<p>Warto zwr\u00f3ci\u0107 uwag\u0119, \u017ce kosztami bada\u0144 medycyny pracy obci\u0105\u017cany jest wy\u0142\u0105cznie pracodawca. Wszelkie nieprawid\u0142owo\u015bci w tym zakresie nale\u017cy zg\u0142asza\u0107 do odpowiednich s\u0142u\u017cb, np. do Pa\u0144stwowej Inspekcji Pracy.<\/p>\n<p>Do lekarza medycyny pracy nale\u017cy zabra\u0107 ze sob\u0105:<\/p>\n<ul>\n<li>skierowanie na badania od pracodawcy<\/li>\n<li>okulary\/soczewki &#8211; w przypadku wady wzroku<\/li>\n<li>dokumenty po\u015bwiadczaj\u0105ce stan zdrowia &#8211; w przypadku przewlek\u0142ej choroby<\/li>\n<li>dokumenty po\u015bwiadczaj\u0105ce niepe\u0142nosprawno\u015b\u0107 &#8211; w przypadku orzeczenia o niepe\u0142nosprawno\u015bci<\/li>\n<\/ul>\n<h2><span class=\"current\">Wz\u00f3r skierowania na badania lekarskie<\/span><\/h2>\n<p>Wz\u00f3r skierowania zosta\u0142 szczeg\u00f3\u0142owo okre\u015blony przez rozporz\u0105dzenie Ministra Zdrowia z dnia 26 marca 2015 roku. Oznacza to, \u017ce pracodawcy musz\u0105 si\u0119 trzyma\u0107 odg\u00f3rnie ustalonego szablonu dokumentu i nie mog\u0105 w nim zachodzi\u0107 odst\u0119pstwa od regu\u0142y. Skierowanie na badanie lekarskie przede wszystkim powinno zawiera\u0107 informacj\u0119 o rodzaju zlecanych bada\u0144. Pracodawcy mog\u0105 zarz\u0105dzi\u0107 jedno z trzech bada\u0144 lekarskich oceniaj\u0105cych zdolno\u015bci do pracy pracownika:<\/p>\n<ul>\n<li>wst\u0119pne, wykonywane przed rozpocz\u0119ciem zatrudnienia, lub przy zmianie stanowiska u tego samego pracodawcy;<\/li>\n<li>okresowe, wykonywane po up\u0142ywie wa\u017cno\u015bci poprzednich bada\u0144;<\/li>\n<li>kontrolne, wykonywane po d\u0142u\u017cszej absencji pracownika (np. L4 przekraczaj\u0105cym 30 dni).<\/li>\n<\/ul>\n<p>W skierowaniu na badania lekarskie bez wzgl\u0119du na rodzaj bada\u0144 nale\u017cy umie\u015bci\u0107 dane osoby kierowanej oraz jej numer PESEL. W przypadku osoby, kt\u00f3rej nie nadano numeru PESEL, konieczne jest pos\u0142u\u017cenie si\u0119 danymi dokumentu to\u017csamo\u015bci takimi jak numer i seria dowodu osobistego, a przy osobie przyjmowanej do pracy nale\u017cy poda\u0107 dat\u0119 jej urodzenia. Zgodnie z przepisami we wniosku musi si\u0119 znale\u017a\u0107 opis stanowiska praca, okre\u015blenie dok\u0142adnie rodzaju pracy oraz wykonywanych czynno\u015bci. Kluczowy jest r\u00f3wnie\u017c opis warunk\u00f3w pracy i wskazanie ewentualnych czynnik\u00f3w niebezpiecznych lub szkodliwych dla zdrowia.<\/p>\n<h2>Wype\u0142nione skierowanie na badania lekarskie<\/h2>\n<p>Poprawne uzupe\u0142nienie stworzonego przez portal Aplikuj.pl skierowania na badania medycyny pracy nie powinno stanowi\u0107 problemu. Trzeba jednak pami\u0119ta\u0107 o kilku wa\u017cnych elementach, kt\u00f3re powinny pojawi\u0107 si\u0119 w takim skierowaniu. Nieodzownym elementem s\u0105 oczywi\u015bcie dane zar\u00f3wno pracodawcy jak i pracownika. Nast\u0119pnie nale\u017cy zawrze\u0107 takie elementy jak:<\/p>\n<ul>\n<li>rodzaj pracy,<\/li>\n<li>podstawowe czynno\u015bci,<\/li>\n<li>spos\u00f3b i czas ich wykonywania.<\/li>\n<\/ul>\n<p>Do tego momentu formularz skierowania nie powinien by\u0107 wyzwaniem dla pracodawc\u00f3w. Kolejny krok, mo\u017ce jednak sprawi\u0107 drobne trudno\u015bci. Chodzi o sekcj\u0119, w kt\u00f3rej nale\u017cy okre\u015bli\u0107 czynniki niebezpieczne dla zdrowia pracownika, kt\u00f3re wyst\u0119puj\u0105 w zak\u0142adzie pracy i pracownik b\u0119dzie mie\u0107 z nimi styczno\u015b\u0107. Najrozs\u0105dniej jest zwr\u00f3ci\u0107 si\u0119 w tej sprawie do specjalisty ds. BHP, jednak wiadomo, \u017ce nie zawsze jest to mo\u017cliwe. W\u00f3wczas czynniki niebezpieczne mo\u017cemy odszuka\u0107 w dokumencie &#8222;Ryzyko zawodowe&#8221;, kt\u00f3ry pracodawca powinien posiada\u0107 dla ka\u017cdego stworzonego w firmie stanowiska pracy.<\/p>\n<h2>Skierowanie na badania sanitarno-epidemiologiczne<\/h2>\n<p>Badania do cel\u00f3w sanitarno-epidemiologicznych stanowi\u0105 obowi\u0105zek pracownika wynikaj\u0105cy z odr\u0119bnych przepis\u00f3w. Maj\u0105 one na celu wykluczenie (albo wykrycie) przeciwwskaza\u0144 do pracy\u00a0 w kontakcie z \u017cywno\u015bci\u0105, lub w\u00f3wczas, gdy pracownik wykonuje czynno\u015bci, kt\u00f3re w przypadku jego nosicielstwa choroby zaka\u017anej mog\u0142yby spowodowa\u0107 zara\u017cenie (najcz\u0119\u015bciej drog\u0105 kropelkow\u0105) innych pracownik\u00f3w b\u0105d\u017a klient\u00f3w. Skierowanie na takie badania r\u00f3wnie\u017c le\u017cy po stronie pracodawcy. Podobnie jak w przypadku bada\u0144 medycyny pracy, za badania sanitarno-epidemiologiczne w ca\u0142o\u015bci p\u0142aci pracodawca. Warto zaznaczy\u0107, \u017ce konieczno\u015b\u0107 posiadania popularnej do niedawna ksi\u0105\u017ceczki sanepidowskiej nie zosta\u0142a uregulowana w \u017cadnym obowi\u0105zuj\u0105cym obecnie akcie prawnym. Obecnie lekarz zobowi\u0105zany jest jedynie do przedstawienia odpowiedniego orzeczenia o zdolno\u015bci lub niezdolno\u015bci pracownika do wykonywania obowi\u0105zk\u00f3w pracowniczych.<\/p>\n<h2>Kiedy wykonuje si\u0119 badania lekarskie do pracy?<\/h2>\n<p>Dokument kieruj\u0105cy na badania wystawia si\u0119 zawsze w przypadku ch\u0119ci zatrudnienia nowego pracownika, by uzyska\u0107 orzeczenie lekarskie uprawniaj\u0105ce do wykonywania danej pracy. Kolejne badania obowi\u0105zuj\u0105 okresowo po czasie okre\u015blonym przez lekarza wystawiaj\u0105cego orzeczenie, a tak\u017ce kontrolnie, gdy zajdzie taka potrzeba. Warto tak\u017ce wspomnie\u0107, \u017ce nie zawsze przy zatrudnianiu pracownika trzeba kierowa\u0107 pracownika na wst\u0119pne badania lekarskie. Wyj\u0105tkami s\u0105 sytuacje, gdy:<\/p>\n<ul>\n<li>pracownik zatrudnia si\u0119 ponownie u tego samego pracodawcy i na to samo stanowisko lub na stanowisko o podobnych warunkach pracy w ci\u0105gu 30 dni od zako\u0144czenia poprzedniego stosunku pracy;<\/li>\n<li>pracownik zatrudnia si\u0119 u innego pracodawcy w ci\u0105gu 30 dni po zako\u0144czeniu poprzedniego stosunku pracy, je\u017celi nowy pracodawca uzna, \u017ce orzeczenie lekarskie zezwala na prac\u0119 w warunkach odpowiadaj\u0105cych warunkom na danym stanowisku.<\/li>\n<\/ul>\n","protected":false},"excerpt":{"rendered":"<p>Proponowany przez nas wz\u00f3r skierowania na badania lekarskie wst\u0119pne, okresowe i kontrolne cechuje si\u0119 funkcjonalnym i nowoczesnym szablonem graficznym, a prosta edycja dokumentu jest mo\u017cliwa za pomoc\u0105 najpopularniejszych aplikacji biurowych. Wz\u00f3r jest kompatybilny z programem MS Office oraz z darmowymi pakietami biurowymi (Open Office lub Libre Office). Wz\u00f3r skierowania na badania nale\u017cy pobra\u0107 i uzupe\u0142ni\u0107 dane pracownika oraz pracodawcy wystawiaj\u0105cego skierowanie.<\/p>\n","protected":false},"featured_media":4409,"template":"","meta":[],"product_brand":[],"product_cat":[28],"product_tag":[78,76,77,79],"class_list":{"0":"post-4379","1":"product","2":"type-product","3":"status-publish","4":"has-post-thumbnail","6":"product_cat-wzory-organizacja-pracy","7":"product_tag-skierowanie-na-badania-do-pracy","8":"product_tag-skierowanie-na-badania-lekarskie-wzor","9":"product_tag-skierowanie-na-badania-okresowe","10":"product_tag-wzor-skierowania-na-badania","12":"first","13":"instock","14":"shipping-taxable","15":"product-type-external"},"yoast_head":"<!-- This site is optimized with the Yoast SEO plugin v27.0 - https:\/\/yoast.com\/product\/yoast-seo-wordpress\/ -->\n<title>Wz\u00f3r skierowania na badania lekarskie - Aplikuj.pl<\/title>\n<meta name=\"robots\" content=\"index, follow, max-snippet:-1, max-image-preview:large, max-video-preview:-1\" \/>\n<link rel=\"canonical\" href=\"https:\/\/www.aplikuj.pl\/dokumenty\/wzory-organizacja-pracy\/wzor-skierowania-na-badanie-lekarskie\/\" \/>\n<meta property=\"og:locale\" content=\"pl_PL\" \/>\n<meta property=\"og:type\" content=\"article\" \/>\n<meta property=\"og:title\" content=\"Wz\u00f3r skierowania na badania lekarskie - Aplikuj.pl\" \/>\n<meta property=\"og:description\" content=\"Proponowany przez nas wz\u00f3r skierowania na badania lekarskie wst\u0119pne, okresowe i kontrolne cechuje si\u0119 funkcjonalnym i nowoczesnym szablonem graficznym, a prosta edycja dokumentu jest mo\u017cliwa za pomoc\u0105 najpopularniejszych aplikacji biurowych. Wz\u00f3r jest kompatybilny z programem MS Office oraz z darmowymi pakietami biurowymi (Open Office lub Libre Office). Wz\u00f3r skierowania na badania nale\u017cy pobra\u0107 i uzupe\u0142ni\u0107 dane pracownika oraz pracodawcy wystawiaj\u0105cego skierowanie.\" \/>\n<meta property=\"og:url\" content=\"https:\/\/www.aplikuj.pl\/dokumenty\/wzory-organizacja-pracy\/wzor-skierowania-na-badanie-lekarskie\/\" \/>\n<meta property=\"og:site_name\" content=\"Aplikuj.pl\" \/>\n<meta property=\"article:modified_time\" content=\"2026-02-22T22:23:31+00:00\" \/>\n<meta property=\"og:image\" content=\"https:\/\/www.aplikuj.pl\/dokumenty\/wp-content\/uploads\/2020\/09\/aplikuj-wz\u00f3r-v111.jpg\" \/>\n\t<meta property=\"og:image:width\" content=\"794\" \/>\n\t<meta property=\"og:image:height\" content=\"1123\" \/>\n\t<meta property=\"og:image:type\" content=\"image\/jpeg\" \/>\n<meta name=\"twitter:card\" content=\"summary_large_image\" \/>\n<meta name=\"twitter:label1\" content=\"Szacowany czas czytania\" \/>\n\t<meta name=\"twitter:data1\" content=\"4 minuty\" \/>\n<script type=\"application\/ld+json\" class=\"yoast-schema-graph\">{\"@context\":\"https:\/\/schema.org\",\"@graph\":[{\"@type\":\"WebPage\",\"@id\":\"https:\/\/www.aplikuj.pl\/dokumenty\/wzory-organizacja-pracy\/wzor-skierowania-na-badanie-lekarskie\/\",\"url\":\"https:\/\/www.aplikuj.pl\/dokumenty\/wzory-organizacja-pracy\/wzor-skierowania-na-badanie-lekarskie\/\",\"name\":\"Wz\u00f3r skierowania na badania lekarskie - Aplikuj.pl\",\"isPartOf\":{\"@id\":\"https:\/\/www.aplikuj.pl\/dokumenty\/#website\"},\"primaryImageOfPage\":{\"@id\":\"https:\/\/www.aplikuj.pl\/dokumenty\/wzory-organizacja-pracy\/wzor-skierowania-na-badanie-lekarskie\/#primaryimage\"},\"image\":{\"@id\":\"https:\/\/www.aplikuj.pl\/dokumenty\/wzory-organizacja-pracy\/wzor-skierowania-na-badanie-lekarskie\/#primaryimage\"},\"thumbnailUrl\":\"https:\/\/www.aplikuj.pl\/dokumenty\/wp-content\/uploads\/2020\/09\/aplikuj-wz\u00f3r-v111.jpg\",\"datePublished\":\"2020-09-14T11:42:26+00:00\",\"dateModified\":\"2026-02-22T22:23:31+00:00\",\"breadcrumb\":{\"@id\":\"https:\/\/www.aplikuj.pl\/dokumenty\/wzory-organizacja-pracy\/wzor-skierowania-na-badanie-lekarskie\/#breadcrumb\"},\"inLanguage\":\"pl-PL\",\"potentialAction\":[{\"@type\":\"ReadAction\",\"target\":[\"https:\/\/www.aplikuj.pl\/dokumenty\/wzory-organizacja-pracy\/wzor-skierowania-na-badanie-lekarskie\/\"]}]},{\"@type\":\"ImageObject\",\"inLanguage\":\"pl-PL\",\"@id\":\"https:\/\/www.aplikuj.pl\/dokumenty\/wzory-organizacja-pracy\/wzor-skierowania-na-badanie-lekarskie\/#primaryimage\",\"url\":\"https:\/\/www.aplikuj.pl\/dokumenty\/wp-content\/uploads\/2020\/09\/aplikuj-wz\u00f3r-v111.jpg\",\"contentUrl\":\"https:\/\/www.aplikuj.pl\/dokumenty\/wp-content\/uploads\/2020\/09\/aplikuj-wz\u00f3r-v111.jpg\",\"width\":794,\"height\":1123,\"caption\":\"Garfika wz\u00f3r skierowanie na badania lekarskie\"},{\"@type\":\"BreadcrumbList\",\"@id\":\"https:\/\/www.aplikuj.pl\/dokumenty\/wzory-organizacja-pracy\/wzor-skierowania-na-badanie-lekarskie\/#breadcrumb\",\"itemListElement\":[{\"@type\":\"ListItem\",\"position\":1,\"name\":\"Dokumenty HR\",\"item\":\"https:\/\/www.aplikuj.pl\/dokumenty\/\"},{\"@type\":\"ListItem\",\"position\":2,\"name\":\"umowa-o-prace\",\"item\":\"https:\/\/www.aplikuj.pl\/dokumenty\/umowa-o-prace\/\"},{\"@type\":\"ListItem\",\"position\":3,\"name\":\"Wzory dokument\u00f3w - organizacja pracy\",\"item\":\"https:\/\/www.aplikuj.pl\/dokumenty\/wzory-organizacja-pracy\/\"},{\"@type\":\"ListItem\",\"position\":4,\"name\":\"Wz\u00f3r skierowania na badania lekarskie\"}]},{\"@type\":\"WebSite\",\"@id\":\"https:\/\/www.aplikuj.pl\/dokumenty\/#website\",\"url\":\"https:\/\/www.aplikuj.pl\/dokumenty\/\",\"name\":\"Aplikuj.pl\",\"description\":\"Profesjonalne i darmowe wzory dokument\u00f3w HR\",\"publisher\":{\"@id\":\"https:\/\/www.aplikuj.pl\/dokumenty\/#organization\"},\"potentialAction\":[{\"@type\":\"SearchAction\",\"target\":{\"@type\":\"EntryPoint\",\"urlTemplate\":\"https:\/\/www.aplikuj.pl\/dokumenty\/?s={search_term_string}\"},\"query-input\":{\"@type\":\"PropertyValueSpecification\",\"valueRequired\":true,\"valueName\":\"search_term_string\"}}],\"inLanguage\":\"pl-PL\"},{\"@type\":\"Organization\",\"@id\":\"https:\/\/www.aplikuj.pl\/dokumenty\/#organization\",\"name\":\"Aplikuj.pl\",\"url\":\"https:\/\/www.aplikuj.pl\/dokumenty\/\",\"logo\":{\"@type\":\"ImageObject\",\"inLanguage\":\"pl-PL\",\"@id\":\"https:\/\/www.aplikuj.pl\/dokumenty\/#\/schema\/logo\/image\/\",\"url\":\"\",\"contentUrl\":\"\",\"caption\":\"Aplikuj.pl\"},\"image\":{\"@id\":\"https:\/\/www.aplikuj.pl\/dokumenty\/#\/schema\/logo\/image\/\"}}]}<\/script>\n<!-- \/ Yoast SEO plugin. -->","yoast_head_json":{"title":"Wz\u00f3r skierowania na badania lekarskie - Aplikuj.pl","robots":{"index":"index","follow":"follow","max-snippet":"max-snippet:-1","max-image-preview":"max-image-preview:large","max-video-preview":"max-video-preview:-1"},"canonical":"https:\/\/www.aplikuj.pl\/dokumenty\/wzory-organizacja-pracy\/wzor-skierowania-na-badanie-lekarskie\/","og_locale":"pl_PL","og_type":"article","og_title":"Wz\u00f3r skierowania na badania lekarskie - Aplikuj.pl","og_description":"Proponowany przez nas wz\u00f3r skierowania na badania lekarskie wst\u0119pne, okresowe i kontrolne cechuje si\u0119 funkcjonalnym i nowoczesnym szablonem graficznym, a prosta edycja dokumentu jest mo\u017cliwa za pomoc\u0105 najpopularniejszych aplikacji biurowych. Wz\u00f3r jest kompatybilny z programem MS Office oraz z darmowymi pakietami biurowymi (Open Office lub Libre Office). Wz\u00f3r skierowania na badania nale\u017cy pobra\u0107 i uzupe\u0142ni\u0107 dane pracownika oraz pracodawcy wystawiaj\u0105cego skierowanie.","og_url":"https:\/\/www.aplikuj.pl\/dokumenty\/wzory-organizacja-pracy\/wzor-skierowania-na-badanie-lekarskie\/","og_site_name":"Aplikuj.pl","article_modified_time":"2026-02-22T22:23:31+00:00","og_image":[{"width":794,"height":1123,"url":"https:\/\/www.aplikuj.pl\/dokumenty\/wp-content\/uploads\/2020\/09\/aplikuj-wz\u00f3r-v111.jpg","type":"image\/jpeg"}],"twitter_card":"summary_large_image","twitter_misc":{"Szacowany czas czytania":"4 minuty"},"schema":{"@context":"https:\/\/schema.org","@graph":[{"@type":"WebPage","@id":"https:\/\/www.aplikuj.pl\/dokumenty\/wzory-organizacja-pracy\/wzor-skierowania-na-badanie-lekarskie\/","url":"https:\/\/www.aplikuj.pl\/dokumenty\/wzory-organizacja-pracy\/wzor-skierowania-na-badanie-lekarskie\/","name":"Wz\u00f3r skierowania na badania lekarskie - Aplikuj.pl","isPartOf":{"@id":"https:\/\/www.aplikuj.pl\/dokumenty\/#website"},"primaryImageOfPage":{"@id":"https:\/\/www.aplikuj.pl\/dokumenty\/wzory-organizacja-pracy\/wzor-skierowania-na-badanie-lekarskie\/#primaryimage"},"image":{"@id":"https:\/\/www.aplikuj.pl\/dokumenty\/wzory-organizacja-pracy\/wzor-skierowania-na-badanie-lekarskie\/#primaryimage"},"thumbnailUrl":"https:\/\/www.aplikuj.pl\/dokumenty\/wp-content\/uploads\/2020\/09\/aplikuj-wz\u00f3r-v111.jpg","datePublished":"2020-09-14T11:42:26+00:00","dateModified":"2026-02-22T22:23:31+00:00","breadcrumb":{"@id":"https:\/\/www.aplikuj.pl\/dokumenty\/wzory-organizacja-pracy\/wzor-skierowania-na-badanie-lekarskie\/#breadcrumb"},"inLanguage":"pl-PL","potentialAction":[{"@type":"ReadAction","target":["https:\/\/www.aplikuj.pl\/dokumenty\/wzory-organizacja-pracy\/wzor-skierowania-na-badanie-lekarskie\/"]}]},{"@type":"ImageObject","inLanguage":"pl-PL","@id":"https:\/\/www.aplikuj.pl\/dokumenty\/wzory-organizacja-pracy\/wzor-skierowania-na-badanie-lekarskie\/#primaryimage","url":"https:\/\/www.aplikuj.pl\/dokumenty\/wp-content\/uploads\/2020\/09\/aplikuj-wz\u00f3r-v111.jpg","contentUrl":"https:\/\/www.aplikuj.pl\/dokumenty\/wp-content\/uploads\/2020\/09\/aplikuj-wz\u00f3r-v111.jpg","width":794,"height":1123,"caption":"Garfika wz\u00f3r skierowanie na badania lekarskie"},{"@type":"BreadcrumbList","@id":"https:\/\/www.aplikuj.pl\/dokumenty\/wzory-organizacja-pracy\/wzor-skierowania-na-badanie-lekarskie\/#breadcrumb","itemListElement":[{"@type":"ListItem","position":1,"name":"Dokumenty HR","item":"https:\/\/www.aplikuj.pl\/dokumenty\/"},{"@type":"ListItem","position":2,"name":"umowa-o-prace","item":"https:\/\/www.aplikuj.pl\/dokumenty\/umowa-o-prace\/"},{"@type":"ListItem","position":3,"name":"Wzory dokument\u00f3w - organizacja pracy","item":"https:\/\/www.aplikuj.pl\/dokumenty\/wzory-organizacja-pracy\/"},{"@type":"ListItem","position":4,"name":"Wz\u00f3r skierowania na badania lekarskie"}]},{"@type":"WebSite","@id":"https:\/\/www.aplikuj.pl\/dokumenty\/#website","url":"https:\/\/www.aplikuj.pl\/dokumenty\/","name":"Aplikuj.pl","description":"Profesjonalne i darmowe wzory dokument\u00f3w HR","publisher":{"@id":"https:\/\/www.aplikuj.pl\/dokumenty\/#organization"},"potentialAction":[{"@type":"SearchAction","target":{"@type":"EntryPoint","urlTemplate":"https:\/\/www.aplikuj.pl\/dokumenty\/?s={search_term_string}"},"query-input":{"@type":"PropertyValueSpecification","valueRequired":true,"valueName":"search_term_string"}}],"inLanguage":"pl-PL"},{"@type":"Organization","@id":"https:\/\/www.aplikuj.pl\/dokumenty\/#organization","name":"Aplikuj.pl","url":"https:\/\/www.aplikuj.pl\/dokumenty\/","logo":{"@type":"ImageObject","inLanguage":"pl-PL","@id":"https:\/\/www.aplikuj.pl\/dokumenty\/#\/schema\/logo\/image\/","url":"","contentUrl":"","caption":"Aplikuj.pl"},"image":{"@id":"https:\/\/www.aplikuj.pl\/dokumenty\/#\/schema\/logo\/image\/"}}]}},"_links":{"self":[{"href":"https:\/\/www.aplikuj.pl\/dokumenty\/wp-json\/wp\/v2\/product\/4379","targetHints":{"allow":["GET"]}}],"collection":[{"href":"https:\/\/www.aplikuj.pl\/dokumenty\/wp-json\/wp\/v2\/product"}],"about":[{"href":"https:\/\/www.aplikuj.pl\/dokumenty\/wp-json\/wp\/v2\/types\/product"}],"version-history":[{"count":2,"href":"https:\/\/www.aplikuj.pl\/dokumenty\/wp-json\/wp\/v2\/product\/4379\/revisions"}],"predecessor-version":[{"id":5164,"href":"https:\/\/www.aplikuj.pl\/dokumenty\/wp-json\/wp\/v2\/product\/4379\/revisions\/5164"}],"wp:featuredmedia":[{"embeddable":true,"href":"https:\/\/www.aplikuj.pl\/dokumenty\/wp-json\/wp\/v2\/media\/4409"}],"wp:attachment":[{"href":"https:\/\/www.aplikuj.pl\/dokumenty\/wp-json\/wp\/v2\/media?parent=4379"}],"wp:term":[{"taxonomy":"product_brand","embeddable":true,"href":"https:\/\/www.aplikuj.pl\/dokumenty\/wp-json\/wp\/v2\/product_brand?post=4379"},{"taxonomy":"product_cat","embeddable":true,"href":"https:\/\/www.aplikuj.pl\/dokumenty\/wp-json\/wp\/v2\/product_cat?post=4379"},{"taxonomy":"product_tag","embeddable":true,"href":"https:\/\/www.aplikuj.pl\/dokumenty\/wp-json\/wp\/v2\/product_tag?post=4379"}],"curies":[{"name":"wp","href":"https:\/\/api.w.org\/{rel}","templated":true}]}}