{"id":4366,"date":"2020-09-11T14:16:50","date_gmt":"2020-09-11T12:16:50","guid":{"rendered":"https:\/\/www.aplikuj.pl\/dokumenty\/?post_type=product&#038;p=4366"},"modified":"2026-02-22T23:23:31","modified_gmt":"2026-02-22T22:23:31","slug":"wzor-wypowiedzenia-umowy-o-prace-pracownik","status":"publish","type":"product","link":"https:\/\/www.aplikuj.pl\/dokumenty\/wzory-wypowiedzenia\/wzor-wypowiedzenia-umowy-o-prace-pracownik\/","title":{"rendered":"Wz\u00f3r wypowiedzenia umowy o prac\u0119 przez pracownika"},"content":{"rendered":"<h2><span class=\"current\">Wz\u00f3r wypowiedzenia umowy o prac\u0119 przez pracownika<\/span><\/h2>\n<p>Wypowiedzenie umowy o prac\u0119 przez pracownika jest sposobem na zako\u0144czenie stosunku pracy w przypadku, gdy dana osoba nie chce ju\u017c by\u0107 zatrudniona u obecnego pracodawcy. Wypowiedzenie mo\u017cna z\u0142o\u017cy\u0107 z ka\u017cdego powodu i pracownik nie ma obowi\u0105zku ujawniania przyczyny swojej decyzji. Nale\u017cy mie\u0107 na uwadze, \u017ce wypowiedzenie powinno by\u0107 z\u0142o\u017cone pisemnie, a pracodawcy gro\u017c\u0105 kary je\u017celi nie dope\u0142ni warunk\u00f3w pisemnego wypowiedzenia. Praktycznie warto wi\u0119c przygotowa\u0107 dokument w dw\u00f3ch egzemplarzach i na obu uzyska\u0107 podpis pracodawcy potwierdzaj\u0105cy przyj\u0119cie wypowiedzenia. W ten spos\u00f3b osoba wypowiadaj\u0105ca umow\u0119 b\u0119dzie mia\u0142a pisemne potwierdzenie przyj\u0119cia wypowiedzenia.<\/p>\n<h2>Co Zawiera wz\u00f3r wypowiedzenia umowy przez pracownika?<\/h2>\n<p>W poprawnie wype\u0142nionym wypowiedzeniu musz\u0105 si\u0119 znale\u017a\u0107 informacje o dacie z\u0142o\u017cenia dokumentu, dane pracownika i pracodawcy oraz szczeg\u00f3\u0142y odno\u015bnie tego, jak\u0105 umow\u0119 si\u0119 wypowiada oraz jaki jest okres wypowiedzenia. Najlepiej skorzysta\u0107 z gotowego wzoru dokumentu i uzupe\u0142ni\u0107 go wed\u0142ug w\u0142asnych potrzeb. W\u00f3wczas mamy pewno\u015b\u0107, \u017ce nie pomin\u0119li\u015bmy \u017cadnego zapisu, kt\u00f3ry jest niezb\u0119dny, by takie pismo mia\u0142o moc prawn\u0105. Warto jednak pami\u0119ta\u0107, \u017ce po wydrukowaniu przygotowanego dokumentu nale\u017cy go jeszcze odr\u0119cznie podpisa\u0107. W przypadku, gdy w firmie prowadzona jest dokumentacja elektroniczna, mo\u017cna z\u0142o\u017cy\u0107 wypowiedzenie w formie cyfrowej, jednak i w tym przypadku musi by\u0107 opatrzona tzw. podpisem kwalifikowanym, czyli elektronicznym odpowiednikiem naszego podpisu.<\/p>\n<h2>Okres wypowiedzenia umowy o prac\u0119<\/h2>\n<p>Warto pami\u0119ta\u0107, \u017ce okres wypowiedzenia jest zale\u017cny od rodzaju umowy oraz sta\u017cu pracownika i mo\u017ce wynie\u015b\u0107 od 2 tygodni do 3 miesi\u0119cy. Decyduj\u0105c si\u0119 na z\u0142o\u017cenie wypowiedzenia umowy o prac\u0119, nale\u017cy mie\u0107 \u015bwiadomo\u015b\u0107, kiedy rozpoczyna si\u0119 \u00f3w okres wypowiedzenia. Wiele os\u00f3b nie wie, \u017ce okres wypowiedzenia nie rozpoczyna si\u0119 w momencie z\u0142o\u017cenia dokumentu. W przypadku okresu wypowiedzenia liczonego w dniach b\u0105d\u017a tygodniach rozpocznie si\u0119 on od pierwszej niedzieli po z\u0142o\u017ceniu wypowiedzenia. Osoby z d\u0142u\u017cszym sta\u017cem pracy, kt\u00f3re dotyczy co najmniej miesi\u0119czny okres wypowiedzenia, musz\u0105 wiedzie\u0107, \u017ce zacznie si\u0119 on liczy\u0107 od pierwszego dnia nast\u0119pnego miesi\u0105ca. Przyk\u0142adowo, je\u015bli z\u0142o\u017cysz wypowiedzenie 15 maja, stosowny okres wypowiedzenia zostanie rozpocz\u0119ty od 1 czerwca.<\/p>\n<h2>Wypowiedzenie umowy o prac\u0119 bez okresu wypowiedzenia<\/h2>\n<p>Wypowiedzenie umowy o prac\u0119 mo\u017ce by\u0107 z\u0142o\u017cone tak\u017ce bez okresu wypowiedzenia. W tym wypadku jednak pracownik ma ograniczone mo\u017cliwo\u015bci. Podobnie jak w przypadku zwyk\u0142ego wypowiedzenia mamy do czynienia z jednostronnym o\u015bwiadczeniem woli zako\u0144czenia wsp\u00f3\u0142pracy. W tej sytuacji musi nast\u0105pi\u0107 jeden z dw\u00f3ch warunk\u00f3w. Wypowiedzenie umowy bez okresu wypowiedzenia mo\u017ce zosta\u0107 z\u0142o\u017cone tylko w przypadku, gdy pracownik posiada orzeczenie lekarskie o zagro\u017ceniu zdrowia na danym stanowisku b\u0105d\u017a, gdy pracodawca dopu\u015bci si\u0119 ci\u0119\u017ckiego naruszenia podstawowych obowi\u0105zk\u00f3w wobec pracownika. W drugiej sytuacji mowa mi\u0119dzy innymi o niewyp\u0142acaniu wynagrodzenia w terminie zawartym w umowie b\u0105d\u017a braku zapewnienia bezpiecznych i higienicznych warunk\u00f3w pracy.<\/p>\n<p>Przepisy przewiduj\u0105 tak\u017ce mo\u017cliwo\u015b\u0107 z\u0142o\u017cenia <strong>wypowiedzenia za porozumieniem stron<\/strong>. W takim wypadku pracownik i pracodawca ustalaj\u0105 konkretne warunki oraz termin przerwania stosunku pracy. Najcz\u0119\u015bciej stosuje si\u0119 takie wypowiedzenie, gdy pracownik posiada ju\u017c znalezion\u0105 now\u0105 prac\u0119 i chce jak najszybciej zmieni\u0107 zatrudnienie. Popularn\u0105 praktyk\u0105 jest r\u00f3wnie\u017c wykorzystanie zaleg\u0142ych dni urlopu w okresie wypowiedzenia. W ten spos\u00f3b pracownik ma czas na znalezienie nowej pracy b\u0105d\u017a wdro\u017cenie si\u0119 na nowe stanowisko. Pracodawca za\u015b nie musi wyp\u0142aca\u0107 ekwiwalentu za zaleg\u0142e dni urlopowe.<\/p>\n","protected":false},"excerpt":{"rendered":"<p>Szablon tego dokumentu, czyli wz\u00f3r wypowiedzenia umowy o prac\u0119 przez pracownika, zosta\u0142 przygotowany w taki spos\u00f3b, aby zapewni\u0107 funkcjonalny i nowoczesny wygl\u0105d dokumentu bez zb\u0119dnych element\u00f3w. Gotowy formularz nale\u017cy edytowa\u0107 programem MS Word b\u0105d\u017a innymi popularnymi, darmowymi pakietami biurowymi (Open Office lub Libre Office). Edycja przygotowanego wzoru jest prosta i intuicyjna, wymaga jedynie uzupe\u0142nienia niezb\u0119dnych informacji.<\/p>\n","protected":false},"featured_media":4402,"template":"","meta":[],"product_brand":[],"product_cat":[22],"product_tag":[40,39,99,41,48],"class_list":{"0":"post-4366","1":"product","2":"type-product","3":"status-publish","4":"has-post-thumbnail","6":"product_cat-wzory-wypowiedzenia","7":"product_tag-rozwiazanie-umowy","8":"product_tag-wypowiedzenie-umowy","9":"product_tag-wypowiedzenie-umowy-przez-pracownika-przyklad","10":"product_tag-wzor-wypowiedzenia","11":"product_tag-wzor-wypowiedzenia-umowy-o-prace-przez-pracownika","13":"first","14":"instock","15":"shipping-taxable","16":"product-type-external"},"yoast_head":"<!-- This site is optimized with the Yoast SEO plugin v27.0 - https:\/\/yoast.com\/product\/yoast-seo-wordpress\/ -->\n<title>Wz\u00f3r wypowiedzenia umowy o prac\u0119 przez pracownika - Aplikuj.pl<\/title>\n<meta name=\"robots\" content=\"index, follow, max-snippet:-1, max-image-preview:large, max-video-preview:-1\" \/>\n<link rel=\"canonical\" href=\"https:\/\/www.aplikuj.pl\/dokumenty\/wzory-wypowiedzenia\/wzor-wypowiedzenia-umowy-o-prace-pracownik\/\" \/>\n<meta property=\"og:locale\" content=\"pl_PL\" \/>\n<meta property=\"og:type\" content=\"article\" \/>\n<meta property=\"og:title\" content=\"Wz\u00f3r wypowiedzenia umowy o prac\u0119 przez pracownika - Aplikuj.pl\" \/>\n<meta property=\"og:description\" content=\"Szablon tego dokumentu, czyli wz\u00f3r wypowiedzenia umowy o prac\u0119 przez pracownika, zosta\u0142 przygotowany w taki spos\u00f3b, aby zapewni\u0107 funkcjonalny i nowoczesny wygl\u0105d dokumentu bez zb\u0119dnych element\u00f3w. Gotowy formularz nale\u017cy edytowa\u0107 programem MS Word b\u0105d\u017a innymi popularnymi, darmowymi pakietami biurowymi (Open Office lub Libre Office). Edycja przygotowanego wzoru jest prosta i intuicyjna, wymaga jedynie uzupe\u0142nienia niezb\u0119dnych informacji.\" \/>\n<meta property=\"og:url\" content=\"https:\/\/www.aplikuj.pl\/dokumenty\/wzory-wypowiedzenia\/wzor-wypowiedzenia-umowy-o-prace-pracownik\/\" \/>\n<meta property=\"og:site_name\" content=\"Aplikuj.pl\" \/>\n<meta property=\"article:modified_time\" content=\"2026-02-22T22:23:31+00:00\" \/>\n<meta property=\"og:image\" content=\"https:\/\/www.aplikuj.pl\/dokumenty\/wp-content\/uploads\/2020\/09\/aplikuj-wz\u00f3r-v13.jpg\" \/>\n\t<meta property=\"og:image:width\" content=\"794\" \/>\n\t<meta property=\"og:image:height\" content=\"1123\" \/>\n\t<meta property=\"og:image:type\" content=\"image\/jpeg\" \/>\n<meta name=\"twitter:card\" content=\"summary_large_image\" \/>\n<meta name=\"twitter:label1\" content=\"Szacowany czas czytania\" \/>\n\t<meta name=\"twitter:data1\" content=\"3 minuty\" \/>\n<script type=\"application\/ld+json\" class=\"yoast-schema-graph\">{\"@context\":\"https:\/\/schema.org\",\"@graph\":[{\"@type\":\"WebPage\",\"@id\":\"https:\/\/www.aplikuj.pl\/dokumenty\/wzory-wypowiedzenia\/wzor-wypowiedzenia-umowy-o-prace-pracownik\/\",\"url\":\"https:\/\/www.aplikuj.pl\/dokumenty\/wzory-wypowiedzenia\/wzor-wypowiedzenia-umowy-o-prace-pracownik\/\",\"name\":\"Wz\u00f3r wypowiedzenia umowy o prac\u0119 przez pracownika - Aplikuj.pl\",\"isPartOf\":{\"@id\":\"https:\/\/www.aplikuj.pl\/dokumenty\/#website\"},\"primaryImageOfPage\":{\"@id\":\"https:\/\/www.aplikuj.pl\/dokumenty\/wzory-wypowiedzenia\/wzor-wypowiedzenia-umowy-o-prace-pracownik\/#primaryimage\"},\"image\":{\"@id\":\"https:\/\/www.aplikuj.pl\/dokumenty\/wzory-wypowiedzenia\/wzor-wypowiedzenia-umowy-o-prace-pracownik\/#primaryimage\"},\"thumbnailUrl\":\"https:\/\/www.aplikuj.pl\/dokumenty\/wp-content\/uploads\/2020\/09\/aplikuj-wz\u00f3r-v13.jpg\",\"datePublished\":\"2020-09-11T12:16:50+00:00\",\"dateModified\":\"2026-02-22T22:23:31+00:00\",\"breadcrumb\":{\"@id\":\"https:\/\/www.aplikuj.pl\/dokumenty\/wzory-wypowiedzenia\/wzor-wypowiedzenia-umowy-o-prace-pracownik\/#breadcrumb\"},\"inLanguage\":\"pl-PL\",\"potentialAction\":[{\"@type\":\"ReadAction\",\"target\":[\"https:\/\/www.aplikuj.pl\/dokumenty\/wzory-wypowiedzenia\/wzor-wypowiedzenia-umowy-o-prace-pracownik\/\"]}]},{\"@type\":\"ImageObject\",\"inLanguage\":\"pl-PL\",\"@id\":\"https:\/\/www.aplikuj.pl\/dokumenty\/wzory-wypowiedzenia\/wzor-wypowiedzenia-umowy-o-prace-pracownik\/#primaryimage\",\"url\":\"https:\/\/www.aplikuj.pl\/dokumenty\/wp-content\/uploads\/2020\/09\/aplikuj-wz\u00f3r-v13.jpg\",\"contentUrl\":\"https:\/\/www.aplikuj.pl\/dokumenty\/wp-content\/uploads\/2020\/09\/aplikuj-wz\u00f3r-v13.jpg\",\"width\":794,\"height\":1123,\"caption\":\"Grafika wz\u00f3r wypowiedzenia umowy przez pracownika\"},{\"@type\":\"BreadcrumbList\",\"@id\":\"https:\/\/www.aplikuj.pl\/dokumenty\/wzory-wypowiedzenia\/wzor-wypowiedzenia-umowy-o-prace-pracownik\/#breadcrumb\",\"itemListElement\":[{\"@type\":\"ListItem\",\"position\":1,\"name\":\"Dokumenty HR\",\"item\":\"https:\/\/www.aplikuj.pl\/dokumenty\/\"},{\"@type\":\"ListItem\",\"position\":2,\"name\":\"umowa-o-prace\",\"item\":\"https:\/\/www.aplikuj.pl\/dokumenty\/umowa-o-prace\/\"},{\"@type\":\"ListItem\",\"position\":3,\"name\":\"Rozwi\u0105zanie umowy\",\"item\":\"https:\/\/www.aplikuj.pl\/dokumenty\/wzory-wypowiedzenia\/\"},{\"@type\":\"ListItem\",\"position\":4,\"name\":\"Wz\u00f3r wypowiedzenia umowy o prac\u0119 przez pracownika\"}]},{\"@type\":\"WebSite\",\"@id\":\"https:\/\/www.aplikuj.pl\/dokumenty\/#website\",\"url\":\"https:\/\/www.aplikuj.pl\/dokumenty\/\",\"name\":\"Aplikuj.pl\",\"description\":\"Profesjonalne i darmowe wzory dokument\u00f3w HR\",\"publisher\":{\"@id\":\"https:\/\/www.aplikuj.pl\/dokumenty\/#organization\"},\"potentialAction\":[{\"@type\":\"SearchAction\",\"target\":{\"@type\":\"EntryPoint\",\"urlTemplate\":\"https:\/\/www.aplikuj.pl\/dokumenty\/?s={search_term_string}\"},\"query-input\":{\"@type\":\"PropertyValueSpecification\",\"valueRequired\":true,\"valueName\":\"search_term_string\"}}],\"inLanguage\":\"pl-PL\"},{\"@type\":\"Organization\",\"@id\":\"https:\/\/www.aplikuj.pl\/dokumenty\/#organization\",\"name\":\"Aplikuj.pl\",\"url\":\"https:\/\/www.aplikuj.pl\/dokumenty\/\",\"logo\":{\"@type\":\"ImageObject\",\"inLanguage\":\"pl-PL\",\"@id\":\"https:\/\/www.aplikuj.pl\/dokumenty\/#\/schema\/logo\/image\/\",\"url\":\"\",\"contentUrl\":\"\",\"caption\":\"Aplikuj.pl\"},\"image\":{\"@id\":\"https:\/\/www.aplikuj.pl\/dokumenty\/#\/schema\/logo\/image\/\"}}]}<\/script>\n<!-- \/ Yoast SEO plugin. -->","yoast_head_json":{"title":"Wz\u00f3r wypowiedzenia umowy o prac\u0119 przez pracownika - Aplikuj.pl","robots":{"index":"index","follow":"follow","max-snippet":"max-snippet:-1","max-image-preview":"max-image-preview:large","max-video-preview":"max-video-preview:-1"},"canonical":"https:\/\/www.aplikuj.pl\/dokumenty\/wzory-wypowiedzenia\/wzor-wypowiedzenia-umowy-o-prace-pracownik\/","og_locale":"pl_PL","og_type":"article","og_title":"Wz\u00f3r wypowiedzenia umowy o prac\u0119 przez pracownika - Aplikuj.pl","og_description":"Szablon tego dokumentu, czyli wz\u00f3r wypowiedzenia umowy o prac\u0119 przez pracownika, zosta\u0142 przygotowany w taki spos\u00f3b, aby zapewni\u0107 funkcjonalny i nowoczesny wygl\u0105d dokumentu bez zb\u0119dnych element\u00f3w. Gotowy formularz nale\u017cy edytowa\u0107 programem MS Word b\u0105d\u017a innymi popularnymi, darmowymi pakietami biurowymi (Open Office lub Libre Office). Edycja przygotowanego wzoru jest prosta i intuicyjna, wymaga jedynie uzupe\u0142nienia niezb\u0119dnych informacji.","og_url":"https:\/\/www.aplikuj.pl\/dokumenty\/wzory-wypowiedzenia\/wzor-wypowiedzenia-umowy-o-prace-pracownik\/","og_site_name":"Aplikuj.pl","article_modified_time":"2026-02-22T22:23:31+00:00","og_image":[{"width":794,"height":1123,"url":"https:\/\/www.aplikuj.pl\/dokumenty\/wp-content\/uploads\/2020\/09\/aplikuj-wz\u00f3r-v13.jpg","type":"image\/jpeg"}],"twitter_card":"summary_large_image","twitter_misc":{"Szacowany czas czytania":"3 minuty"},"schema":{"@context":"https:\/\/schema.org","@graph":[{"@type":"WebPage","@id":"https:\/\/www.aplikuj.pl\/dokumenty\/wzory-wypowiedzenia\/wzor-wypowiedzenia-umowy-o-prace-pracownik\/","url":"https:\/\/www.aplikuj.pl\/dokumenty\/wzory-wypowiedzenia\/wzor-wypowiedzenia-umowy-o-prace-pracownik\/","name":"Wz\u00f3r wypowiedzenia umowy o prac\u0119 przez pracownika - Aplikuj.pl","isPartOf":{"@id":"https:\/\/www.aplikuj.pl\/dokumenty\/#website"},"primaryImageOfPage":{"@id":"https:\/\/www.aplikuj.pl\/dokumenty\/wzory-wypowiedzenia\/wzor-wypowiedzenia-umowy-o-prace-pracownik\/#primaryimage"},"image":{"@id":"https:\/\/www.aplikuj.pl\/dokumenty\/wzory-wypowiedzenia\/wzor-wypowiedzenia-umowy-o-prace-pracownik\/#primaryimage"},"thumbnailUrl":"https:\/\/www.aplikuj.pl\/dokumenty\/wp-content\/uploads\/2020\/09\/aplikuj-wz\u00f3r-v13.jpg","datePublished":"2020-09-11T12:16:50+00:00","dateModified":"2026-02-22T22:23:31+00:00","breadcrumb":{"@id":"https:\/\/www.aplikuj.pl\/dokumenty\/wzory-wypowiedzenia\/wzor-wypowiedzenia-umowy-o-prace-pracownik\/#breadcrumb"},"inLanguage":"pl-PL","potentialAction":[{"@type":"ReadAction","target":["https:\/\/www.aplikuj.pl\/dokumenty\/wzory-wypowiedzenia\/wzor-wypowiedzenia-umowy-o-prace-pracownik\/"]}]},{"@type":"ImageObject","inLanguage":"pl-PL","@id":"https:\/\/www.aplikuj.pl\/dokumenty\/wzory-wypowiedzenia\/wzor-wypowiedzenia-umowy-o-prace-pracownik\/#primaryimage","url":"https:\/\/www.aplikuj.pl\/dokumenty\/wp-content\/uploads\/2020\/09\/aplikuj-wz\u00f3r-v13.jpg","contentUrl":"https:\/\/www.aplikuj.pl\/dokumenty\/wp-content\/uploads\/2020\/09\/aplikuj-wz\u00f3r-v13.jpg","width":794,"height":1123,"caption":"Grafika wz\u00f3r wypowiedzenia umowy przez pracownika"},{"@type":"BreadcrumbList","@id":"https:\/\/www.aplikuj.pl\/dokumenty\/wzory-wypowiedzenia\/wzor-wypowiedzenia-umowy-o-prace-pracownik\/#breadcrumb","itemListElement":[{"@type":"ListItem","position":1,"name":"Dokumenty HR","item":"https:\/\/www.aplikuj.pl\/dokumenty\/"},{"@type":"ListItem","position":2,"name":"umowa-o-prace","item":"https:\/\/www.aplikuj.pl\/dokumenty\/umowa-o-prace\/"},{"@type":"ListItem","position":3,"name":"Rozwi\u0105zanie umowy","item":"https:\/\/www.aplikuj.pl\/dokumenty\/wzory-wypowiedzenia\/"},{"@type":"ListItem","position":4,"name":"Wz\u00f3r wypowiedzenia umowy o prac\u0119 przez pracownika"}]},{"@type":"WebSite","@id":"https:\/\/www.aplikuj.pl\/dokumenty\/#website","url":"https:\/\/www.aplikuj.pl\/dokumenty\/","name":"Aplikuj.pl","description":"Profesjonalne i darmowe wzory dokument\u00f3w HR","publisher":{"@id":"https:\/\/www.aplikuj.pl\/dokumenty\/#organization"},"potentialAction":[{"@type":"SearchAction","target":{"@type":"EntryPoint","urlTemplate":"https:\/\/www.aplikuj.pl\/dokumenty\/?s={search_term_string}"},"query-input":{"@type":"PropertyValueSpecification","valueRequired":true,"valueName":"search_term_string"}}],"inLanguage":"pl-PL"},{"@type":"Organization","@id":"https:\/\/www.aplikuj.pl\/dokumenty\/#organization","name":"Aplikuj.pl","url":"https:\/\/www.aplikuj.pl\/dokumenty\/","logo":{"@type":"ImageObject","inLanguage":"pl-PL","@id":"https:\/\/www.aplikuj.pl\/dokumenty\/#\/schema\/logo\/image\/","url":"","contentUrl":"","caption":"Aplikuj.pl"},"image":{"@id":"https:\/\/www.aplikuj.pl\/dokumenty\/#\/schema\/logo\/image\/"}}]}},"_links":{"self":[{"href":"https:\/\/www.aplikuj.pl\/dokumenty\/wp-json\/wp\/v2\/product\/4366","targetHints":{"allow":["GET"]}}],"collection":[{"href":"https:\/\/www.aplikuj.pl\/dokumenty\/wp-json\/wp\/v2\/product"}],"about":[{"href":"https:\/\/www.aplikuj.pl\/dokumenty\/wp-json\/wp\/v2\/types\/product"}],"version-history":[{"count":2,"href":"https:\/\/www.aplikuj.pl\/dokumenty\/wp-json\/wp\/v2\/product\/4366\/revisions"}],"predecessor-version":[{"id":5158,"href":"https:\/\/www.aplikuj.pl\/dokumenty\/wp-json\/wp\/v2\/product\/4366\/revisions\/5158"}],"wp:featuredmedia":[{"embeddable":true,"href":"https:\/\/www.aplikuj.pl\/dokumenty\/wp-json\/wp\/v2\/media\/4402"}],"wp:attachment":[{"href":"https:\/\/www.aplikuj.pl\/dokumenty\/wp-json\/wp\/v2\/media?parent=4366"}],"wp:term":[{"taxonomy":"product_brand","embeddable":true,"href":"https:\/\/www.aplikuj.pl\/dokumenty\/wp-json\/wp\/v2\/product_brand?post=4366"},{"taxonomy":"product_cat","embeddable":true,"href":"https:\/\/www.aplikuj.pl\/dokumenty\/wp-json\/wp\/v2\/product_cat?post=4366"},{"taxonomy":"product_tag","embeddable":true,"href":"https:\/\/www.aplikuj.pl\/dokumenty\/wp-json\/wp\/v2\/product_tag?post=4366"}],"curies":[{"name":"wp","href":"https:\/\/api.w.org\/{rel}","templated":true}]}}